000
CXUS51 KAKQ 240710
CF6AKQ
PRELIMINARY LOCAL CLIMATOLOGICAL DATA (WS FORM: F-6)
STATION: WAKEFIELD
MONTH: APRIL
YEAR: 2024
LATITUDE: 36 58 N
LONGITUDE: 77 0 W
TEMPERATURE IN F: :PCPN: SNOW: WIND :SUNSHINE: SKY :PK WND
================================================================================
1 2 3 4 5 6A 6B 7 8 9 10 11 12 13 14 15 16 17 18
12Z AVG MX 2MIN
DY MAX MIN AVG DEP HDD CDD WTR SNW DPTH SPD SPD DIR MIN PSBL S-S WX SPD DR
================================================================================
1 80 46 63 9 2 0 0.00 0.0 0 4.5 13 220 M M 2 1 29 260
2 74 51 63 9 2 0 0.00 0.0 0 3.5 8 60 M M 6 1 M M
3 75 50 63 8 2 0 0.52 0.0 0 5.6 15 210 M M 9 1 35 170
4 58 39 49 -6 16 0 T 0.0 0 5.5 15 250 M M 5 12 32 230
5 60 38 49 -7 16 0 T 0.0 0 7.2 13 250 M M 4 28 270
6 57 34 46 -10 19 0 0.00 0.0 0 4.4 12 350 M M 5 22 300
7 65 36 51 -5 14 0 0.00 0.0 0 1.9 8 290 M M 0 M M
8 73 36 55 -1 10 0 0.00 0.0 0 3.3 9 180 M M 1 M M
9 76 57 67 10 0 2 0.00 0.0 0 6.6 14 270 M M 2 23 270
10 72 60 66 9 0 1 0.00 0.0 0 6.2 12 240 M M 6 25 230
11 72 61 67 9 0 2 T 0.0 0 6.4 10 180 M M 6 37 180
12 71 56 64 6 1 0 0.06 0.0 0 11.9 22 270 M M 3 1 38 230
13 72 46 59 1 6 0 0.00 0.0 0 9.0 16 280 M M 0 37 270
14 79 38 59 1 6 0 0.00 0.0 0 5.7 12 220 M M 0 27 210
15 89 58 74 15 0 9 0.42 0.0 0 6.6 14 270 M M 2 13 30 240
16 71 50 61 2 4 0 0.00 0.0 0 4.3 10 70 M M 0 18 90
17 81 49 65 6 0 0 0.00 0.0 0 4.6 10 240 M M 3 18 230
18 85 53 69 9 0 4 0.00 M M 4.7 9 240 M M 1 8 18 80
19 66 51 59 -1 6 0 0.01 M M 5.3 10 110 M M 8 17 99
20 73 51 62 2 3 0 0.00 M M 0.9 6 250 M M 7 1 M M
21 56 42 49 -11 16 0 0.31 M M 2.4 7 99 M M 8 1 M M
22 61 37 49 -12 16 0 0.00 M M 2.9 6 99 M M 1 1 M M
23 71 33 52 -9 13 0 0.00 M M 3.0 9 180 M M 0 20 220
================================================================================
SM 1637 1072 152 18 1.32 0.0 116.4 M 79
================================================================================
AV 71.2 46.6 5.1 FASTST M M 3 MAX(MPH)
MISC ----> 22 270 38 230
================================================================================
NOTES:
# LAST OF SEVERAL OCCURRENCES
COLUMN 17 PEAK WIND IN M.P.H.
PRELIMINARY LOCAL CLIMATOLOGICAL DATA (WS FORM: F-6) , PAGE 2
STATION: WAKEFIELD
MONTH: APRIL
YEAR: 2024
LATITUDE: 36 58 N
LONGITUDE: 77 0 W
[TEMPERATURE DATA] [PRECIPITATION DATA] SYMBOLS USED IN COLUMN 16
AVERAGE MONTHLY: 58.9 TOTAL FOR MONTH: 1.32 1 = FOG OR MIST
DPTR FM NORMAL: 1.2 DPTR FM NORMAL: -1.43 2 = FOG REDUCING VISIBILITY
HIGHEST: 89 ON 15 GRTST 24HR 0.52 ON 3- 3 TO 1/4 MILE OR LESS
LOWEST: 33 ON 23 3 = THUNDER
SNOW, ICE PELLETS, HAIL 4 = ICE PELLETS
TOTAL MONTH: 0.0 INCH 5 = HAIL
GRTST 24HR 0.0 6 = FREEZING RAIN OR DRIZZLE
GRTST DEPTH: 0 7 = DUSTSTORM OR SANDSTORM:
VSBY 1/2 MILE OR LESS
8 = SMOKE OR HAZE
[NO. OF DAYS WITH] [WEATHER - DAYS WITH] 9 = BLOWING SNOW
X = TORNADO
MAX 32 OR BELOW: 0 0.01 INCH OR MORE: 5
MAX 90 OR ABOVE: 0 0.10 INCH OR MORE: 3
MIN 32 OR BELOW: 0 0.50 INCH OR MORE: 1
MIN 0 OR BELOW: 0 1.00 INCH OR MORE: 0
[HDD (BASE 65) ]
TOTAL THIS MO. 152 CLEAR (SCALE 0-3) 13
DPTR FM NORMAL -42 PTCLDY (SCALE 4-7) 8
TOTAL FM JUL 1 3099 CLOUDY (SCALE 8-10) 2
DPTR FM NORMAL -347
[CDD (BASE 65) ]
TOTAL THIS MO. 18
DPTR FM NORMAL -12 [PRESSURE DATA]
TOTAL FM JAN 1 26 HIGHEST SLP M ON M
DPTR FM NORMAL -13 LOWEST SLP M ON M
[REMARKS]