000
CXUS54 KFWD 280730
CF6GDJ
PRELIMINARY LOCAL CLIMATOLOGICAL DATA (WS FORM: F-6)
STATION: GRANBURY
MONTH: MARCH
YEAR: 2024
LATITUDE: 32 26 N
LONGITUDE: 97 48 W
TEMPERATURE IN F: :PCPN: SNOW: WIND :SUNSHINE: SKY :PK WND
================================================================================
1 2 3 4 5 6A 6B 7 8 9 10 11 12 13 14 15 16 17 18
12Z AVG MX 2MIN
DY MAX MIN AVG DEP HDD CDD WTR SNW DPTH SPD SPD DIR MIN PSBL S-S WX SPD DR
================================================================================
1 74 33 54 3 11 0 0.00 M M 6.1 13 150 M M 0 17 170
2 84 46 65 13 0 0 0.00 M M 9.4 18 230 M M 0 25 230
3 81 58 70 18 0 5 0.00 M M 10.8 18 190 M M 2 22 190
4 83 62 73 21 0 8 0.00 M M 8.3 15 190 M M 3 25 230
5 77 49 63 11 2 0 0.00 M M 5.4 12 320 M M 0 M M
6 77 47 62 9 3 0 0.50 M M 5.8 18 310 M M 3 3 40 310
7 65 58 62 9 3 0 1.80 M M 6.1 12 130 M M 8 3 27 150
8 73 42 58 5 7 0 0.19 M M 10.1 22 210 M M 8 3 38 210
9 57 40 49 -5 16 0 0.00 M M 12.8 22 330 M M 4 29 330
10 63 32 48 -6 17 0 0.00 M M 2.7 8 150 M M 0 M M
11 70 42 56 2 9 0 0.00 M M 5.3 10 160 M M 3 20 200
12 77 52 65 11 0 0 0.00 M M 9.4 17 190 M M 3 23 190
13 83 60 72 17 0 7 0.00 M M 10.4 16 190 M M 3 22 170
14 81 66 74 19 0 9 0.00 M M 8.0 18 170 M M 8 26 170
15 67 51 59 4 6 0 0.51 M M 7.2 23 60 M M 7 3 32 60
16 60 52 56 1 9 0 0.61 M M 3.7 8 90 M M 9 M M
17 64 48 56 0 9 0 0.03 M M 7.2 15 40 M M 8 22 30
18 59 40 50 -6 15 0 0.00 M M 6.1 14 50 M M 1 20 30
19 67 36 52 -4 13 0 0.00 M M 4.7 9 200 M M 0 16 210
20 72 48 60 4 5 0 0.00 M M 6.9 14 140 M M 1 17 200
21 65 54 60 3 5 0 0.41 M M 5.9 13 160 M M 7 3 23 160
22 69 51 60 3 5 0 0.00 M M 7.2 15 350 M M 7 21 300
23 68 46 57 0 8 0 0.00 M M 5.9 12 130 M M 0 M M
24 70 58 64 6 1 0 0.19 M M 15.0 25 170 M M 6 36 170
25 72 44 58 0 7 0 0.19 M M 10.5 23 240 M M 4 3 31 250
26 58 35 47 -11 18 0 0.00 M M 6.2 13 350 M M 0 20 10
27 65 37 51 -7 14 0 0.00 M M 4.6 12 120 M M 1 17 130
================================================================================
SM 1901 1287 183 29 4.43 M 201.8 M 96
================================================================================
AV 70.4 47.7 7.5 FASTST M M 4 MAX(MPH)
MISC ----> 25 170 40 310
================================================================================
NOTES:
# LAST OF SEVERAL OCCURRENCES
COLUMN 17 PEAK WIND IN M.P.H.
PRELIMINARY LOCAL CLIMATOLOGICAL DATA (WS FORM: F-6) , PAGE 2
STATION: GRANBURY
MONTH: MARCH
YEAR: 2024
LATITUDE: 32 26 N
LONGITUDE: 97 48 W
[TEMPERATURE DATA] [PRECIPITATION DATA] SYMBOLS USED IN COLUMN 16
AVERAGE MONTHLY: 59.0 TOTAL FOR MONTH: 4.43 1 = FOG OR MIST
DPTR FM NORMAL: 4.2 DPTR FM NORMAL: 4.43 2 = FOG REDUCING VISIBILITY
HIGHEST: 84 ON 2 GRTST 24HR 1.80 ON 7- 7 TO 1/4 MILE OR LESS
LOWEST: 32 ON 10 3 = THUNDER
SNOW, ICE PELLETS, HAIL 4 = ICE PELLETS
TOTAL MONTH: M 5 = HAIL
GRTST 24HR M ON M 6 = FREEZING RAIN OR DRIZZLE
GRTST DEPTH: M ON M 7 = DUSTSTORM OR SANDSTORM:
VSBY 1/2 MILE OR LESS
8 = SMOKE OR HAZE
[NO. OF DAYS WITH] [WEATHER - DAYS WITH] 9 = BLOWING SNOW
X = TORNADO
MAX 32 OR BELOW: 0 0.01 INCH OR MORE: 9
MAX 90 OR ABOVE: 0 0.10 INCH OR MORE: 8
MIN 32 OR BELOW: 1 0.50 INCH OR MORE: 4
MIN 0 OR BELOW: 0 1.00 INCH OR MORE: 1
[HDD (BASE 65) ]
TOTAL THIS MO. 183 CLEAR (SCALE 0-3) 13
DPTR FM NORMAL -105 PTCLDY (SCALE 4-7) 11
TOTAL FM JUL 1 2034 CLOUDY (SCALE 8-10) 3
DPTR FM NORMAL -489
[CDD (BASE 65) ]
TOTAL THIS MO. 29
DPTR FM NORMAL 19 [PRESSURE DATA]
TOTAL FM JAN 1 47 HIGHEST SLP M ON M
DPTR FM NORMAL 33 LOWEST SLP M ON M
[REMARKS]