000
CXUS52 KTBW 281000
CF6GIF
PRELIMINARY LOCAL CLIMATOLOGICAL DATA (WS FORM: F-6)
STATION: WINTER HAVEN
MONTH: MARCH
YEAR: 2024
LATITUDE: 28 4 N
LONGITUDE: 81 45 W
TEMPERATURE IN F: :PCPN: SNOW: WIND :SUNSHINE: SKY :PK WND
================================================================================
1 2 3 4 5 6A 6B 7 8 9 10 11 12 13 14 15 16 17 18
12Z AVG MX 2MIN
DY MAX MIN AVG DEP HDD CDD WTR SNW DPTH SPD SPD DIR MIN PSBL S-S WX SPD DR
================================================================================
1 82 63 73 6 0 8 0.00 0.0 0 7.6 18 160 M M 6 12 25 140
2 80 64 72 5 0 7 0.00 0.0 0 5.6 14 200 M M 2 12 19 190
3 81 63 72 5 0 7 0.41 0.0 0 5.3 21 20 M M 5 13 25 10
4 80 63 72 4 0 7 T 0.0 0 7.9 15 100 M M 3 1 20 100
5 81 65 73 5 0 8 0.48 0.0 0 8.1 29 140 M M 5 13 47 160
6 80 66 73 5 0 8 0.37 0.0 0 7.7 22 180 M M 2 1 31 180
7 80 64 72 4 0 7 0.00 0.0 0 3.9 9 210 M M 2 14 60
8 87 67 77 9 0 12 0.00 0.0 0 6.2 12 170 M M 8 1 17 180
9 88 71 80 12 0 15 0.00 0.0 0 11.2 22 210 M M 3 1 30 240
10 79 61 70 2 0 5 0.24 0.0 0 10.7 20 270 M M 3 1 36 290
11 76 53 65 -3 0 0 0.00 0.0 0 9.4 17 360 M M 0 23 30
12 80 55 68 0 0 3 0.00 0.0 0 5.2 13 150 M M 1 17 150
13 81 59 70 1 0 5 0.00 0.0 0 2.9 10 330 M M 1 14 280
14 87 63 75 6 0 10 0.00 0.0 0 3.9 12 110 M M 0 15 110
15 87 66 77 8 0 12 0.00 0.0 0 4.3 10 170 M M 1 15 150
16 85 66 76 7 0 11 0.00 0.0 0 5.6 14 280 M M 3 1 19 290
17 85 66 76 7 0 11 0.00 0.0 0 6.0 17 280 M M 4 12 23 280
18 84 67 76 7 0 11 T 0.0 0 10.5 22 280 M M 5 1 30 290
19 70 52 61 -9 4 0 0.00 0.0 0 10.2 23 350 M M 1 30 350
20 76 48 62 -8 3 0 0.00 0.0 0 4.4 13 300 M M 0 18 280
21 82 53 68 -2 0 3 0.00 0.0 0 7.9 15 140 M M 2 23 100
22 73 64 69 -1 0 4 0.60 0.0 0 11.4 22 170 M M 8 1 35 140
23 81 61 71 1 0 6 0.01 0.0 0 9.4 23 300 M M 4 8 33 300
24 80 60 70 0 0 5 0.00 0.0 0 13.5 23 60 M M 4 32 60
25 82 59 71 1 0 6 0.00 0.0 0 12.5 22 90 M M 5 8 30 100
26 85 65 75 5 0 10 0.00 0.0 0 9.8 26 140 M M 4 36 130
27 85 68 77 6 0 12 0.03 0.0 0 8.2 25 340 M M 4 38 340
================================================================================
SM 2197 1672 7 193 2.14 0.0 209.3 M 86
================================================================================
AV 81.4 61.9 7.8 FASTST M M 3 MAX(MPH)
MISC ----> 29 140 47 160
================================================================================
NOTES:
# LAST OF SEVERAL OCCURRENCES
COLUMN 17 PEAK WIND IN M.P.H.
PRELIMINARY LOCAL CLIMATOLOGICAL DATA (WS FORM: F-6) , PAGE 2
STATION: WINTER HAVEN
MONTH: MARCH
YEAR: 2024
LATITUDE: 28 4 N
LONGITUDE: 81 45 W
[TEMPERATURE DATA] [PRECIPITATION DATA] SYMBOLS USED IN COLUMN 16
AVERAGE MONTHLY: 71.6 TOTAL FOR MONTH: 2.14 1 = FOG OR MIST
DPTR FM NORMAL: 2.8 DPTR FM NORMAL: -0.44 2 = FOG REDUCING VISIBILITY
HIGHEST: 88 ON 9 GRTST 24HR 0.60 ON 22-22 TO 1/4 MILE OR LESS
LOWEST: 48 ON 20 3 = THUNDER
SNOW, ICE PELLETS, HAIL 4 = ICE PELLETS
TOTAL MONTH: 0.0 INCH 5 = HAIL
GRTST 24HR 0.0 6 = FREEZING RAIN OR DRIZZLE
GRTST DEPTH: 0 7 = DUSTSTORM OR SANDSTORM:
VSBY 1/2 MILE OR LESS
8 = SMOKE OR HAZE
[NO. OF DAYS WITH] [WEATHER - DAYS WITH] 9 = BLOWING SNOW
X = TORNADO
MAX 32 OR BELOW: 0 0.01 INCH OR MORE: 7
MAX 90 OR ABOVE: 0 0.10 INCH OR MORE: 5
MIN 32 OR BELOW: 0 0.50 INCH OR MORE: 1
MIN 0 OR BELOW: 0 1.00 INCH OR MORE: 0
[HDD (BASE 65) ]
TOTAL THIS MO. 7 CLEAR (SCALE 0-3) 14
DPTR FM NORMAL -31 PTCLDY (SCALE 4-7) 13
TOTAL FM JUL 1 369 CLOUDY (SCALE 8-10) 0
DPTR FM NORMAL -45
[CDD (BASE 65) ]
TOTAL THIS MO. 193
DPTR FM NORMAL 53 [PRESSURE DATA]
TOTAL FM JAN 1 288 HIGHEST SLP M ON M
DPTR FM NORMAL -2 LOWEST SLP 29.69 ON 23
[REMARKS]