000
CXUS52 KJAX 190800
CF6JAX
PRELIMINARY LOCAL CLIMATOLOGICAL DATA (WS FORM: F-6)
STATION: JACKSONVILLE
MONTH: APRIL
YEAR: 2024
LATITUDE: 30 30 N
LONGITUDE: 81 42 W
TEMPERATURE IN F: :PCPN: SNOW: WIND :SUNSHINE: SKY :PK WND
================================================================================
1 2 3 4 5 6A 6B 7 8 9 10 11 12 13 14 15 16 17 18
12Z AVG MX 2MIN
DY MAX MIN AVG DEP HDD CDD WTR SNW DPTH SPD SPD DIR MIN PSBL S-S WX SPD DR
================================================================================
1 81 56 69 4 0 4 0.00 0.0 0 4.6 16 250 M M 7 1 23 240
2 82 59 71 6 0 6 0.00 0.0 0 7.0 18 220 M M 8 25 220
3 75 58 67 1 0 2 1.30 0.0 0 10.6 18 290 M M 8 13 28 250
4 71 52 62 -4 3 0 0.00 0.0 0 11.4 29 270 M M 2 39 270
5 76 47 62 -4 3 0 0.00 0.0 0 9.2 23 250 M M 0 31 250
6 67 47 57 -9 8 0 0.00 0.0 0 6.2 15 60 M M 3 23 80
7 71 44 58 -8 7 0 0.00 0.0 0 4.6 14 70 M M 5 24 120
8 77 50 64 -2 1 0 0.00 0.0 0 6.9 16 100 M M 7 22 100
9 80 55 68 1 0 3 0.00 0.0 0 8.1 18 130 M M 8 26 160
10 83 63 73 6 0 8 0.00 0.0 0 12.9 24 130 M M 8 35 140
11 85 64 75 8 0 10 0.59 0.0 0 18.1 31 180 M M 6 13 48 230
12 80 53 67 0 0 2 0.00 0.0 0 12.1 31 280 M M 1 46 300
13 80 47 64 -4 1 0 0.00 0.0 0 5.8 17 270 M M 1 25 280
14 85 51 68 0 0 3 0.00 0.0 0 4.1 14 120 M M 2 18 110
15 87 59 73 5 0 8 0.00 0.0 0 3.8 12 130 M M 3 15 270
16 86 55 71 3 0 6 0.00 0.0 0 5.0 15 110 M M 5 20 100
17 87 57 72 4 0 7 0.00 0.0 0 5.8 15 150 M M 6 1 20 130
18 88 66 77 8 0 12 0.00 0.0 0 4.6 13 130 M M 8 16 130
================================================================================
SM 1441 983 23 71 1.89 0.0 140.8 M 88
================================================================================
AV 80.1 54.6 7.8 FASTST M M 5 MAX(MPH)
MISC ----> # 31 180 48 230
================================================================================
NOTES:
# LAST OF SEVERAL OCCURRENCES
COLUMN 17 PEAK WIND IN M.P.H.
PRELIMINARY LOCAL CLIMATOLOGICAL DATA (WS FORM: F-6) , PAGE 2
STATION: JACKSONVILLE
MONTH: APRIL
YEAR: 2024
LATITUDE: 30 30 N
LONGITUDE: 81 42 W
[TEMPERATURE DATA] [PRECIPITATION DATA] SYMBOLS USED IN COLUMN 16
AVERAGE MONTHLY: 67.3 TOTAL FOR MONTH: 1.89 1 = FOG OR MIST
DPTR FM NORMAL: 0.5 DPTR FM NORMAL: 0.04 2 = FOG REDUCING VISIBILITY
HIGHEST: 88 ON 18 GRTST 24HR 1.30 ON 3- 3 TO 1/4 MILE OR LESS
LOWEST: 44 ON 7 3 = THUNDER
SNOW, ICE PELLETS, HAIL 4 = ICE PELLETS
TOTAL MONTH: 0.0 INCH 5 = HAIL
GRTST 24HR 0.0 6 = FREEZING RAIN OR DRIZZLE
GRTST DEPTH: 0 7 = DUSTSTORM OR SANDSTORM:
VSBY 1/2 MILE OR LESS
8 = SMOKE OR HAZE
[NO. OF DAYS WITH] [WEATHER - DAYS WITH] 9 = BLOWING SNOW
X = TORNADO
MAX 32 OR BELOW: 0 0.01 INCH OR MORE: 2
MAX 90 OR ABOVE: 0 0.10 INCH OR MORE: 2
MIN 32 OR BELOW: 0 0.50 INCH OR MORE: 2
MIN 0 OR BELOW: 0 1.00 INCH OR MORE: 1
[HDD (BASE 65) ]
TOTAL THIS MO. 23 CLEAR (SCALE 0-3) 6
DPTR FM NORMAL -11 PTCLDY (SCALE 4-7) 12
TOTAL FM JUL 1 1043 CLOUDY (SCALE 8-10) 0
DPTR FM NORMAL -172
[CDD (BASE 65) ]
TOTAL THIS MO. 71
DPTR FM NORMAL 4 [PRESSURE DATA]
TOTAL FM JAN 1 194 HIGHEST SLP M ON M
DPTR FM NORMAL 24 LOWEST SLP 29.56 ON 3
[REMARKS]