000
CXUS54 KJAN 171410
CF6MEI
PRELIMINARY LOCAL CLIMATOLOGICAL DATA (WS FORM: F-6)
STATION: MERIDIAN
MONTH: APRIL
YEAR: 2024
LATITUDE: 32 19 N
LONGITUDE: 88 45 W
TEMPERATURE IN F: :PCPN: SNOW: WIND :SUNSHINE: SKY :PK WND
================================================================================
1 2 3 4 5 6A 6B 7 8 9 10 11 12 13 14 15 16 17 18
12Z AVG MX 2MIN
DY MAX MIN AVG DEP HDD CDD WTR SNW DPTH SPD SPD DIR MIN PSBL S-S WX SPD DR
================================================================================
1 M M M M M M M M M M M M M M M M M
2 84 61 73 11 0 8 0.64 0.0 0 10.9 28 200 M M 7 13 47 210
3 69 44 57 -5 8 0 0.00 0.0 0 10.6 26 300 M M 2 42 280
4 73 38 56 -7 9 0 0.00 0.0 0 6.7 24 260 M M 0 33 250
5 74 38 56 -7 9 0 0.00 0.0 0 3.3 16 340 M M 0 23 330
6 74 45 60 -3 5 0 0.00 0.0 0 3.1 10 70 M M 0 14 30
7 81 45 63 0 2 0 0.00 0.0 M 6.9 18 210 M M 3 24 190
8 73 59 66 2 0 1 0.35 0.0 0 5.4 15 180 M M 8 13 21 200
9 69 61 65 1 0 0 0.07 0.0 M 7.5 20 310 M M 9 13 25 130
10 70 63 67 3 0 2 0.94 0.0 0 10.6 28 110 M M 9 13 40 110
11 70 50 60 -4 5 0 0.26 0.0 M 9.8 24 320 M M 6 1 38 300
12 77 45 61 -3 4 0 0.00 0.0 0 6.3 22 330 M M 0 33 300
13 85 44 65 0 0 0 0.00 0.0 0 2.3 12 290 M M 0 8 15 280
14 83 51 67 2 0 2 0.00 0.0 0 6.0 20 190 M M 0 8 27 200
15 83 56 70 5 0 5 0.00 0.0 0 5.9 15 190 M M 2 12 21 200
16 85 65 75 10 0 10 0.00 0.0 M 10.8 21 160 M M 3 27 170
================================================================================
SM 1150 765 42 28 2.26 0.0 106.1 M 49
================================================================================
AV 76.7 51.0 7.1 FASTST M M 3 MAX(MPH)
MISC ----> # 28 200 47 210
================================================================================
NOTES:
# LAST OF SEVERAL OCCURRENCES
COLUMN 17 PEAK WIND IN M.P.H.
PRELIMINARY LOCAL CLIMATOLOGICAL DATA (WS FORM: F-6) , PAGE 2
STATION: MERIDIAN
MONTH: APRIL
YEAR: 2024
LATITUDE: 32 19 N
LONGITUDE: 88 45 W
[TEMPERATURE DATA] [PRECIPITATION DATA] SYMBOLS USED IN COLUMN 16
AVERAGE MONTHLY: 63.8 TOTAL FOR MONTH: 2.26 1 = FOG OR MIST
DPTR FM NORMAL: 0.2 DPTR FM NORMAL: -0.74 2 = FOG REDUCING VISIBILITY
HIGHEST: 85 ON 16,13 GRTST 24HR 1.20 ON 10-11 TO 1/4 MILE OR LESS
LOWEST: 38 ON 5, 4 3 = THUNDER
SNOW, ICE PELLETS, HAIL 4 = ICE PELLETS
TOTAL MONTH: 0.0 INCH 5 = HAIL
GRTST 24HR 0.0 6 = FREEZING RAIN OR DRIZZLE
GRTST DEPTH: 0 7 = DUSTSTORM OR SANDSTORM:
VSBY 1/2 MILE OR LESS
8 = SMOKE OR HAZE
[NO. OF DAYS WITH] [WEATHER - DAYS WITH] 9 = BLOWING SNOW
X = TORNADO
MAX 32 OR BELOW: 0 0.01 INCH OR MORE: 5
MAX 90 OR ABOVE: 0 0.10 INCH OR MORE: 4
MIN 32 OR BELOW: 0 0.50 INCH OR MORE: 2
MIN 0 OR BELOW: 0 1.00 INCH OR MORE: 0
[HDD (BASE 65) ]
TOTAL THIS MO. 42 CLEAR (SCALE 0-3) 10
DPTR FM NORMAL -20 PTCLDY (SCALE 4-7) 3
TOTAL FM JUL 1 1937 CLOUDY (SCALE 8-10) 2
DPTR FM NORMAL -146
[CDD (BASE 65) ]
TOTAL THIS MO. 28
DPTR FM NORMAL -12 [PRESSURE DATA]
TOTAL FM JAN 1 49 HIGHEST SLP M ON M
DPTR FM NORMAL -44 LOWEST SLP 29.46 ON 10
[REMARKS]