000
CXUS53 KFSD 280810
CF6SPW
PRELIMINARY LOCAL CLIMATOLOGICAL DATA (WS FORM: F-6)
STATION: SPENCER
MONTH: MARCH
YEAR: 2024
LATITUDE: 43 10 N
LONGITUDE: 95 9 W
TEMPERATURE IN F: :PCPN: SNOW: WIND :SUNSHINE: SKY :PK WND
================================================================================
1 2 3 4 5 6A 6B 7 8 9 10 11 12 13 14 15 16 17 18
12Z AVG MX 2MIN
DY MAX MIN AVG DEP HDD CDD WTR SNW DPTH SPD SPD DIR MIN PSBL S-S WX SPD DR
================================================================================
1 60 34 47 21 18 0 0.00 0.0 0 18.3 29 190 M M 0 43 200
2 69 27 48 21 17 0 0.00 0.0 0 14.2 26 150 M M 0 35 150
3 68 25 47 20 18 0 0.00 0.0 0 18.2 31 230 M M 1 48 200
4 47 23 35 7 30 0 0.00 0.0 0 10.4 18 10 M M 6 23 10
5 54 13 34 6 31 0 0.00 0.0 0 5.5 16 260 M M 0 23 230
6 61 15 38 10 27 0 0.00 0.0 0 12.1 28 170 M M 5 34 170
7 49 25 37 8 28 0 0.00 0.0 0 14.8 26 20 M M 8 35 20
8 44 18 31 2 34 0 0.00 0.0 0 16.5 26 350 M M 4 36 350
9 47 12 30 0 35 0 0.00 0.0 0 9.4 22 340 M M 0 29 340
10 62 13 38 8 27 0 0.00 0.0 0 10.7 22 170 M M 0 29 170
11 79 37 58 27 7 0 0.00 0.0 0 12.1 25 220 M M 0 34 220
12 72 30 51 20 14 0 0.00 0.0 0 7.7 22 230 M M 0 31 230
13 72 27 50 18 15 0 0.18 0.0 0 8.9 23 210 M M 3 3 30 200
14 56 36 46 14 19 0 0.07 0.0 0 11.4 22 20 M M 6 29 40
15 56 32 44 11 21 0 0.00 0.0 0 12.0 16 270 M M 1 22 290
16 53 29 41 8 24 0 0.00 0.0 0 17.7 33 300 M M 3 44 300
17 34 22 28 -6 37 0 T T 0 20.5 31 330 M M 8 43 320
18 42 19 31 -3 34 0 0.00 0.0 0 13.9 25 350 M M 5 33 350
19 64 31 48 14 17 0 0.00 0.0 0 15.9 29 330 M M 1 46 310
20 38 18 28 -7 37 0 0.00 0.0 0 13.6 24 360 M M 3 32 360
21 42 26 34 -2 31 0 T 0.0 0 12.9 21 80 M M 8 25 90
22 34 17 26 -10 39 0 T 0.1 T 13.2 22 60 M M 8 29 60
23 34 11 23 -13 42 0 T 0.1 0 9.5 20 100 M M 6 25 100
24 41 28 35 -2 30 0 1.10 0.0 0 16.6 25 140 M M 10 16 36 110
25 47 34 41 4 24 0 0.80 0.0 0 14.1 26 360 M M 10 136 37 360
26 34 22 28 -10 37 0 0.07 M M 22.6 35 330 M M 10 169 46 320
27 36 14 25 -13 40 0 0.00 M M 12.1 21 280 M M 1 27 280
================================================================================
SM 1395 638 733 0 2.22 0.2 364.8 M 107
================================================================================
AV 51.7 23.6 13.5 FASTST M M 4 MAX(MPH)
MISC ----> 35 330 48 200
================================================================================
NOTES:
# LAST OF SEVERAL OCCURRENCES
COLUMN 17 PEAK WIND IN M.P.H.
PRELIMINARY LOCAL CLIMATOLOGICAL DATA (WS FORM: F-6) , PAGE 2
STATION: SPENCER
MONTH: MARCH
YEAR: 2024
LATITUDE: 43 10 N
LONGITUDE: 95 9 W
[TEMPERATURE DATA] [PRECIPITATION DATA] SYMBOLS USED IN COLUMN 16
AVERAGE MONTHLY: 37.6 TOTAL FOR MONTH: 2.22 1 = FOG OR MIST
DPTR FM NORMAL: 5.5 DPTR FM NORMAL: 0.83 2 = FOG REDUCING VISIBILITY
HIGHEST: 79 ON 11 GRTST 24HR 1.54 ON 24-25 TO 1/4 MILE OR LESS
LOWEST: 11 ON 23 3 = THUNDER
SNOW, ICE PELLETS, HAIL 4 = ICE PELLETS
TOTAL MONTH: 0.2 INCH 5 = HAIL
GRTST 24HR 0.1 ON 22-22 6 = FREEZING RAIN OR DRIZZLE
GRTST DEPTH: T 7 = DUSTSTORM OR SANDSTORM:
VSBY 1/2 MILE OR LESS
8 = SMOKE OR HAZE
[NO. OF DAYS WITH] [WEATHER - DAYS WITH] 9 = BLOWING SNOW
X = TORNADO
MAX 32 OR BELOW: 0 0.01 INCH OR MORE: 5
MAX 90 OR ABOVE: 0 0.10 INCH OR MORE: 3
MIN 32 OR BELOW: 23 0.50 INCH OR MORE: 2
MIN 0 OR BELOW: 0 1.00 INCH OR MORE: 1
[HDD (BASE 65) ]
TOTAL THIS MO. 733 CLEAR (SCALE 0-3) 13
DPTR FM NORMAL -153 PTCLDY (SCALE 4-7) 9
TOTAL FM JUL 1 5228 CLOUDY (SCALE 8-10) 5
DPTR FM NORMAL -1498
[CDD (BASE 65) ]
TOTAL THIS MO. 0
DPTR FM NORMAL 0 [PRESSURE DATA]
TOTAL FM JAN 1 0 HIGHEST SLP M ON M
DPTR FM NORMAL 0 LOWEST SLP 29.41 ON 25
[REMARKS]