000
CXUS54 KMEG 021102
CLAJBR
CLIMATE REPORT
NATIONAL WEATHER SERVICE MEMPHIS TN
502 AM CST TUE JAN 02 2024
...................................
...THE JONESBORO CLIMATE SUMMARY FOR THE YEAR OF 2023...
CLIMATE NORMAL PERIOD 1991 TO 2020
CLIMATE RECORD PERIOD 1897 TO 2024
WEATHER OBSERVED NORMAL DEPART LAST YEAR`S
VALUE DATE(S) VALUE FROM VALUE DATE(S)
NORMAL
................................................................
TEMPERATURE (F)
RECORD
HIGH 116 07/12/1901
LOW -18 01/12/1918
HIGHEST 102 08/26 102 07/08
LOWEST 22 01/31 -3 12/23
12/18
12/28
AVG. MAXIMUM 72.9 70.8 2.1 67.8
AVG. MINIMUM 53.2 51.1 2.1 47.6
MEAN 63.1 60.9 2.2 57.7
DAYS MAX >= 90 62 66.2 -4.2 46
DAYS MAX <= 32 2 7.7 -5.7 9
DAYS MIN <= 32 39 65.4 -26.4 78
DAYS MIN <= 0 0 0.0 0.0 2
PRECIPITATION (INCHES)
RECORD
MAXIMUM 75.95 2009
MINIMUM 27.86 1943
TOTALS 47.41 48.51 -1.10 34.28
DAILY AVG. 0.14 0.13 0.01 0.13
DAYS >= .01 96 111.6 -15.6 68
DAYS >= .10 61 70.6 -9.6 48
DAYS >= .50 29 32.3 -3.3 23
DAYS >= 1.00 15 14.8 0.2 13
SNOWFALL (INCHES)
RECORDS
TOTAL 20.3 1929
SNOW DEPTH 15 01/19/1918
01/20/1918
01/21/1918
TOTALS MM MM MM MM
SINCE 7/1 MM MM MM MM
SNOWDEPTH AVG. MM MM
DAYS >= TRACE MM MM MM MM
DAYS >= 1.0 MM MM MM MM
GREATEST
SNOW DEPTH MM MM MM
DEGREE DAYS
HEATING TOTAL 2614 3451 -837 3317
SINCE 7/1 1115 1353 -238 MM
COOLING TOTAL 2125 1994 131 1429
SINCE 1/1 2125 1994 131 MM
FREEZE DATES
RECORD
EARLIEST 10/07/1952
LATEST 05/06/1927
EARLIEST 10/31
LATEST 03/19
................................................................
WIND (MPH)
AVERAGE WIND SPEED 7.5
RESULTANT WIND SPEED/DIRECTION 0/230
HIGHEST WIND SPEED/DIRECTION 48/230 DATE 06/25
HIGHEST GUST SPEED/DIRECTION 59/280 DATE 06/25
SKY COVER
AVERAGE SKY COVER 0.27
AVERAGE RH (PERCENT) 67
WEATHER CONDITIONS. NUMBER OF DAYS WITH
THUNDERSTORM 63 MIXED PRECIP 1
HEAVY RAIN 44 RAIN 54
LIGHT RAIN 125 FREEZING RAIN 2
LT FREEZING RAIN 4 HAIL 0
HEAVY SNOW 0 SNOW 0
LIGHT SNOW 4 SLEET 3
FOG 126 FOG W/VIS <= 1/4 MILE 12
HAZE 65
- INDICATES NEGATIVE NUMBERS.
R INDICATES RECORD WAS SET OR TIED.
MM INDICATES DATA IS MISSING.
T INDICATES TRACE AMOUNT.
$$