000
CXUS52 KMLB 011823
CLALEE
CLIMATE REPORT
NATIONAL WEATHER SERVICE MELBOURNE FL
123 PM EST MON JAN 01 2024
...................................
...THE LEESBURG CLIMATE SUMMARY FOR THE YEAR OF 2023...
CLIMATE NORMAL PERIOD 1991 TO 2020
CLIMATE RECORD PERIOD 1958 TO 2023
WEATHER OBSERVED NORMAL DEPART LAST YEAR`S
VALUE DATE(S) VALUE FROM VALUE
NORMAL
..............................................................
TEMPERATURE (F)
YEARLY RECORDS
WARMEST 74.8 2020
COOLEST 69.3 1981
DAILY RECORD
HIGH 101 08/13/1991
LOW 16 01/22/1985
01/21/1985
12/13/1962
2023 DATA
HIGHEST 98 07/05 98
08/12
08/13
LOWEST 35 01/15 29
AVG. MAXIMUM 84.0 82.4 1.6 83.0
AVG. MINIMUM 64.3 63.1 1.2 64.0
MEAN 74.2 72.8 1.4 73.5
DAYS MAX >= 90 112 108.3 3.7 113
DAYS MAX <= 32 0 0.0 0.0 0
DAYS MIN <= 32 0 2.3 -2.3 3
DAYS MIN <= 0 0 0.0 0.0 0
PRECIPITATION (INCHES)
YEARLY RECORDS
MAXIMUM 67.58 1959
MINIMUM 29.54 2000
DAILY RECORD
MAXIMUM 6.48 09/10/2017
2023 DATA
TOTALS 40.96 43.78 -2.82 56.35
DAYS >= .01 114 114
DAYS >= .10 69 78
DAYS >= .50 26 31
DAYS >= 1.00 10 22
GREATEST
24 HR. TOTAL 3.68 12/16 TO 12/17
SNOWFALL (INCHES)
TOTALS 0.0 MM MM 0.0
SINCE 7/1 0.0 MM MM MM
DAYS >= TRACE 0 0
DEGREE DAYS
HEATING TOTAL 358 629 -271 558
SINCE 7/1 177 216 -39 MM
COOLING TOTAL 3800 3482 318 3765
SINCE 1/1 3800 3482 318 MM
..............................................................
WIND (MPH)
AVERAGE WIND SPEED 6.5
HIGHEST WIND SPEED/DIRECTION 31/010 DATE 06/07
HIGHEST GUST SPEED/DIRECTION 58/210 DATE 06/07
SKY COVER
POSSIBLE SUNSHINE (PERCENT) MM
AVERAGE SKY COVER 0.26
NUMBER OF DAYS FAIR 251
NUMBER OF DAYS PC 95
NUMBER OF DAYS CLOUDY 19
AVERAGE RH (PERCENT) 72
WEATHER CONDITIONS. NUMBER OF DAYS WITH
THUNDERSTORM 91 MIXED PRECIP 0
HEAVY RAIN 64 RAIN 66
LIGHT RAIN 139 LT FREEZING RAIN 0
HAIL 0 LIGHT SNOW 0
SLEET 0 FOG 169
FOG W/VIS <= 1/4 MILE 31 HAZE 22
- INDICATES NEGATIVE NUMBERS.
R INDICATES RECORD WAS SET OR TIED.
MM INDICATES DATA IS MISSING.
T INDICATES TRACE AMOUNT.
$$