000
CXUS51 KPHI 020620
CLM55N
CLIMATE REPORT
NATIONAL WEATHER SERVICE MOUNT HOLLY NJ
120 AM EST SAT MAR 02 2024
...................................
...THE ATLANTIC CITY MARINA NJ CLIMATE SUMMARY FOR THE MONTH OF FEBRUARY 2024...
CLIMATE NORMAL PERIOD: 1991 TO 2020
CLIMATE RECORD PERIOD: 1873 TO 2024
WEATHER OBSERVED NORMAL DEPART LAST YEAR`S
VALUE DATE(S) VALUE FROM VALUE
NORMAL
..............................................................
TEMPERATURE (F)
RECORD
HIGH 77 02/25/1930
LOW -9 02/09/1934
HIGHEST 56 02/10 MM MM 61
02/28
LOWEST 26 02/25 MM MM 16
AVG. MAXIMUM 44.2 43.1 1.1 48.8
AVG. MINIMUM 35.4 31.3 4.1 37.2
MEAN 39.8 37.2 2.6 43.0
DAYS MAX >= 90 0 0.0 0.0 0
DAYS MAX <= 32 0 2.4 -2.4 0
DAYS MIN <= 32 10 15.0 -5.0 8
DAYS MIN <= 0 0 0.0 0.0 0
PRECIPITATION (INCHES)
RECORD
MAXIMUM 7.61 2010
MINIMUM 0.56 2002
TOTALS 2.07 3.27 -1.20 1.38
DAILY AVG. 0.07 0.11 -0.04 0.05
DAYS >= .01 9 9.5 -0.5 10
DAYS >= .10 5 5.6 -0.6 5
DAYS >= .50 1 2.1 -1.1 0
DAYS >= 1.00 1 0.8 0.2 0
GREATEST
24 HR. TOTAL 1.09 02/12 TO 02/13 0.58
DEGREE DAYS
HEATING TOTAL 723 778 -55 610
SINCE 7/1 2783 3190 -407 MM
COOLING TOTAL 0 0 0 0
SINCE 1/1 0 0 0 MM
..............................................................
WIND (MPH)
AVERAGE WIND SPEED 8.0
HIGHEST WIND SPEED/DIRECTION 26/070 DATE 02/13
- INDICATES NEGATIVE NUMBERS.
R INDICATES RECORD WAS SET OR TIED.
MM INDICATES DATA IS MISSING.
T INDICATES TRACE AMOUNT.
$$