000
CXUS53 KDLH 010956
CLMASX
CLIMATE REPORT
NATIONAL WEATHER SERVICE DULUTH MN
356 AM CST FRI MAR 01 2024
...................................
...THE ASHLAND CLIMATE SUMMARY FOR THE MONTH OF FEBRUARY 2024...
CLIMATE NORMAL PERIOD: 1991 TO 2020
CLIMATE RECORD PERIOD: 1893 TO 2024
WEATHER OBSERVED NORMAL DEPART LAST YEAR`S
VALUE DATE(S) VALUE FROM VALUE DATE(S)
NORMAL
................................................................
TEMPERATURE (F)
RECORD
HIGH 62 02/29/2000
02/22/1930
LOW -40 02/17/1979
HIGHEST 57 02/26 MM MM 49 02/08
LOWEST -5 02/29 MM MM -17 02/03
AVG. MAXIMUM 40.0 26.6 13.4 29.3
AVG. MINIMUM 17.1 7.7 9.4 8.6
MEAN 28.5 17.2 11.3 19.0
DAYS MAX >= 90 0 0.0 0.0 0
DAYS MAX <= 32 6 20.7 -14.7 16
DAYS MIN <= 32 28 27.5 0.5 27
DAYS MIN <= 0 1 9.2 -8.2 8
PRECIPITATION (INCHES)
RECORD
MAXIMUM 2.95 1922
MINIMUM T 2011
TOTALS 0.19 0.70 -0.51 2.72
DAILY AVG. 0.01 NAN NAN 0.10
DAYS >= .01 6 6.2 -0.2 10
DAYS >= .10 0 1.7 -1.7 6
DAYS >= .50 0 0.2 -0.2 3
DAYS >= 1.00 0 0.0 0.0 1
GREATEST
24 HR. TOTAL 0.13 02/08 TO 02/09
DEGREE DAYS
HEATING TOTAL 1049 1340 -291 1282
SINCE 7/1 5092 6377 -1285 MM
COOLING TOTAL 0 0 0 0
SINCE 1/1 0 0 0 MM
................................................................
WIND (MPH)
AVERAGE WIND SPEED 7.7
HIGHEST WIND SPEED/DIRECTION 26/250 DATE 02/17
26/210 02/24
26/210 02/26
HIGHEST GUST SPEED/DIRECTION 41/240 DATE 02/17
SKY COVER
POSSIBLE SUNSHINE (PERCENT) MM
AVERAGE SKY COVER 0.48
NUMBER OF DAYS FAIR 10
NUMBER OF DAYS PC 14
NUMBER OF DAYS CLOUDY 5
AVERAGE RH (PERCENT) 67
WEATHER CONDITIONS. NUMBER OF DAYS WITH
THUNDERSTORM 0 MIXED PRECIP 0
HEAVY RAIN 0 RAIN 0
LIGHT RAIN 1 FREEZING RAIN 0
LT FREEZING RAIN 0 HAIL 0
HEAVY SNOW 0 SNOW 1
LIGHT SNOW 10 SLEET 0
FOG 10 FOG W/VIS <= 1/4 MILE 2
HAZE 5
- INDICATES NEGATIVE NUMBERS.
R INDICATES RECORD WAS SET OR TIED.
MM INDICATES DATA IS MISSING.
T INDICATES TRACE AMOUNT.
$$
NOTE: PRECIPITATION DATA FOR THIS MONTH HAS BEEN SUBSTITUTED
WITH ASXW3 COOP STATION DATA DUE TO SUSPECTED UNDERESTIMATES
FROM THE ASOS RAIN GAUGE IN BELOW-FREEZING TEMPERATURES.
PRECIPITATION TOTALS FOR THESE DATES REFLECT VALUES FROM 8 AM
UNTIL 8 AM.