000
CXUS52 KTAE 011520
CLMCTY
CLIMATE REPORT
NATIONAL WEATHER SERVICE TALLAHASSEE FL
1120 AM EDT MON APR 01 2024
...................................
...THE CROSS CITY CLIMATE SUMMARY FOR THE MONTH OF MARCH 2024...
CLIMATE NORMAL PERIOD 1991 TO 2020
CLIMATE RECORD PERIOD 1948 TO 2024
WEATHER OBSERVED NORMAL DEPART LAST YEAR`S
VALUE DATE(S) VALUE FROM VALUE DATE(S)
NORMAL
................................................................
TEMPERATURE (F)
HIGHEST 84 03/08 86 03/06
03/14
03/15
LOWEST 36 03/20 30 03/21
AVG. MAXIMUM 77.0 78.0
AVG. MINIMUM 53.6 52.3
MEAN 65.3 3.1 65.1
DAYS MAX >= 90 0 0
DAYS MAX <= 32 0 0
DAYS MIN <= 32 0 2
DAYS MIN <= 0 0 0
PRECIPITATION (INCHES)
TOTALS 4.45 3.23
SNOWFALL (INCHES)
RECORDS
TOTAL MM MM
24 HR TOTAL MM
SNOW DEPTH MM MM
TOTALS 0.0 MM MM MM
LIQUID EQUIV 0.00 MM MM MM
SINCE 7/1 0.0 MM MM MM
LIQUID 7/1 0.00 MM MM MM
SNOWDEPTH AVG. 0 MM
DAYS >= TRACE 0 MM MM MM
DAYS >= 1.0 0 MM MM MM
GREATEST
SNOW DEPTH 0 MM MM
24 HR TOTAL 0.0 MM
STORM TOTAL 0.0 MM
(MM/DD(HH)) MM
DEGREE DAYS
HEATING TOTAL 65 140 -75 87
SINCE 7/1 1073 1213 -140 MM
COOLING TOTAL 83 54 29 100
SINCE 1/1 115 91 24 MM
................................................................
WIND (MPH)
AVERAGE WIND SPEED 5.8
HIGHEST WIND SPEED/DIRECTION 17/010 DATE 03/19
HIGHEST GUST SPEED/DIRECTION MM DATE MM
SKY COVER
POSSIBLE SUNSHINE (PERCENT) MM
AVERAGE SKY COVER 0.39
NUMBER OF DAYS FAIR 15
NUMBER OF DAYS PC 12
NUMBER OF DAYS CLOUDY 4
AVERAGE RH (PERCENT) 77
WEATHER CONDITIONS. NUMBER OF DAYS WITH
THUNDERSTORM 3 MIXED PRECIP 0
HEAVY RAIN 3 RAIN 7
LIGHT RAIN 11 FREEZING RAIN 0
LT FREEZING RAIN 0 HAIL 0
HEAVY SNOW 0 SNOW 0
LIGHT SNOW 0 SLEET 0
FOG 17 FOG W/VIS <= 1/4 MILE 5
HAZE 6
- INDICATES NEGATIVE NUMBERS.
R INDICATES RECORD WAS SET OR TIED.
MM INDICATES DATA IS MISSING.
T INDICATES TRACE AMOUNT.
$$