000
CXUS53 KMKX 041923 CCB
CLMMKE
CLIMATE REPORT
NATIONAL WEATHER SERVICE MILWAUKEE/SULLIVAN WI
1022 AM CST FRI MAR 01 2024
...................................
...THE MILWAUKEE WI CLIMATE SUMMARY FOR THE MONTH OF FEBRUARY 2024...
CLIMATE NORMAL PERIOD 1991 TO 2020
CLIMATE RECORD PERIOD 1871 TO 2024
WEATHER OBSERVED NORMAL DEPART LAST YEAR`S
VALUE DATE(S) VALUE FROM VALUE DATE(S)
NORMAL
................................................................
TEMPERATURE (F)
RECORD
HIGH 74 02/27/2024
LOW -26 02/03/1996
HIGHEST 74R 02/27 49 25 55 02/12
LOWEST 11 02/17 -4 15 -1 02/03
AVG. MAXIMUM 45.6 34.2 11.4 39.9
AVG. MINIMUM 27.7 20.0 7.7 23.5
MEAN 36.7 27.1 9.6 31.7
DAYS MAX >= 90 0 0.0 0.0 0
DAYS MAX <= 32 3 13.1 -10.1 5
DAYS MIN <= 32 22 25.2 -3.2 23
DAYS MIN <= 0 0 1.7 -1.7 1
PRECIPITATION (INCHES)
RECORD
MAXIMUM 5.39 1881
MINIMUM 0.05 1969
TOTALS 0.79 1.69 -0.90 4.30
DAILY AVG. 0.03 0.06 -0.03 0.15
DAYS >= .01 5 10.0 -5.0 9
DAYS >= .10 1 4.1 -3.1 4
DAYS >= .50 1 1.0 0.0 3
DAYS >= 1.00 0 0.2 -0.2 1
GREATEST
24 HR. TOTAL 0.55 02/15 TO 02/15 2.06 02/27 TO 02/27
SNOWFALL (INCHES)
RECORDS
TOTAL 42.0 1974
TOTALS 2.9 11.8 -8.9 7.8
SINCE 7/1 23.9 39.9 -16.0 21.6
SNOWDEPTH AVG. 0 2
DAYS >= 1.0 1 3.2 -2.2 2
GREATEST
SNOW DEPTH 1 02/15 6 02/01
02/16 02/02
02/24 02/03
02/28
24 HR TOTAL 1.6 02/15 TO 02/15 5.1 02/16 TO 02/16
DEGREE DAYS
HEATING TOTAL 814 1061 -247 926
SINCE 7/1 3777 4725 -948 4149
COOLING TOTAL 0 0 0 0
SINCE 1/1 0 0 0 0
................................................................
WIND (MPH)
AVERAGE WIND SPEED 9.4
HIGHEST WIND SPEED/DIRECTION 30/200 DATE 02/08
30/300 02/28
HIGHEST GUST SPEED/DIRECTION 45/250 DATE 02/17
SKY COVER
AVERAGE SKY COVER 0.57
NUMBER OF DAYS FAIR 7
NUMBER OF DAYS PC 13
NUMBER OF DAYS CLOUDY 9
AVERAGE RH (PERCENT) 65
WEATHER CONDITIONS. NUMBER OF DAYS WITH
THUNDERSTORM 2 MIXED PRECIP 0
HEAVY RAIN 0 RAIN 0
LIGHT RAIN 2 FREEZING RAIN 0
LT FREEZING RAIN 0 HAIL 0
HEAVY SNOW 0 SNOW 2
LIGHT SNOW 5 SLEET 0
FOG 10 FOG W/VIS <= 1/4 MILE 4
HAZE 5
- INDICATES NEGATIVE NUMBERS.
R INDICATES RECORD WAS SET OR TIED.
MM INDICATES DATA IS MISSING.
T INDICATES TRACE AMOUNT.
74 DEGREES ON 2/27/24 ESTABLISHES A NEW ALL-TIME FEBRUARY MONTHLY
HIGH TEMPERATURE RECORD.
$$
2%