000
CXUS51 KBTV 011506
CLMMSS
CLIMATE REPORT
NATIONAL WEATHER SERVICE BURLINGTON VT
1106 AM EDT MON APR 01 2024
...................................
...THE MASSENA NY CLIMATE SUMMARY FOR THE MONTH OF MARCH 2024...
CLIMATE NORMAL PERIOD: 1991 TO 2020
CLIMATE RECORD PERIOD: 1948 TO 2024
WEATHER OBSERVED NORMAL DEPART LAST YEAR`S
VALUE DATE(S) VALUE FROM VALUE DATE(S)
NORMAL
................................................................
TEMPERATURE (F)
RECORD
HIGH 85
LOW -26
HIGHEST 68 03/05 MM MM 50 03/29
LOWEST 1 03/24 MM MM 2 03/03
AVG. MAXIMUM 45.2 38.2 7.0 37.1
AVG. MINIMUM 25.4 18.7 6.7 22.4
MEAN 35.3 28.5 6.8 29.7
DAYS MAX >= 90 0 0.0 0.0 0
DAYS MAX <= 32 3 9.5 -6.5 7
DAYS MIN <= 32 25 27.1 -2.1 31
DAYS MIN <= 0 0 2.9 -2.9 0
PRECIPITATION (INCHES)
RECORD
MAXIMUM 4.64 1992
MINIMUM 0.47 2013
TOTALS 1.61 2.04 -0.43 1.46
DAILY AVG. 0.05 0.07 -0.02 0.05
DAYS >= .01 12 11.9 0.1 11
DAYS >= .10 6 6.0 0.0 6
DAYS >= .50 0 0.8 -0.8 0
DAYS >= 1.00 0 0.1 -0.1 0
GREATEST
24 HR. TOTAL 0.45 03/16 TO 03/17 0.38 03/23 TO 03/23
STORM TOTAL 0.38 0.38
(MM/DD(HH)) MM
DEGREE DAYS
HEATING TOTAL 914 1133 -219 1087
SINCE 7/1 5824 6941 -1117 MM
COOLING TOTAL 0 0 0 0
SINCE 1/1 0 0 0 MM
................................................................
WIND (MPH)
AVERAGE WIND SPEED 8.6
HIGHEST WIND SPEED/DIRECTION 25/270 DATE 03/11
25/260 03/21
HIGHEST GUST SPEED/DIRECTION 41/280 DATE 03/11
SKY COVER
POSSIBLE SUNSHINE (PERCENT) MM
AVERAGE SKY COVER 0.57
NUMBER OF DAYS FAIR 10
NUMBER OF DAYS PC 9
NUMBER OF DAYS CLOUDY 12
AVERAGE RH (PERCENT) 69
WEATHER CONDITIONS. NUMBER OF DAYS WITH
THUNDERSTORM 0 MIXED PRECIP 0
HEAVY RAIN 1 RAIN 5
LIGHT RAIN 10 FREEZING RAIN 0
LT FREEZING RAIN 0 HAIL 0
HEAVY SNOW 2 SNOW 3
LIGHT SNOW 7 SLEET 0
FOG 14 FOG W/VIS <= 1/4 MILE 4
HAZE 4
- INDICATES NEGATIVE NUMBERS.
R INDICATES RECORD WAS SET OR TIED.
MM INDICATES DATA IS MISSING.
T INDICATES TRACE AMOUNT.
$$