000
CXUS51 KRNK 011015
CLSROA
CLIMATE REPORT
NATIONAL WEATHER SERVICE BLACKSBURG, VA
515 AM EST FRI MAR 01 2024
...................................
...THE ROANOKE VA CLIMATE SUMMARY FOR THE SEASON, FROM
12/1/2023 TO 2/29/2024...
CLIMATE NORMAL PERIOD: 1991 TO 2020
CLIMATE RECORD PERIOD: 1912 TO 2024
WEATHER OBSERVED NORMAL DEPART LAST YEAR`S
VALUE DATE(S) VALUE FROM VALUE
NORMAL
..............................................................
TEMPERATURE (F)
RECORD
HIGH 84 02/22/2018
LOW -12 12/30/1917
HIGHEST 76 01/26 78
LOWEST 13 01/17 3
AVG. MAXIMUM 53.1 49.3 3.8 53.9
AVG. MINIMUM 33.4 30.4 3.0 35.2
MEAN 43.3 39.9 3.4 44.5
DAYS MAX >= 90 0 0.0 0.0 0
DAYS MAX <= 32 2 5.9 -3.9 1
DAYS MIN <= 32 44 55.5 -11.5 37
DAYS MIN <= 0 0 0.2 -0.2 0
PRECIPITATION (INCHES)
RECORD
MAXIMUM 18.34 1997
MINIMUM 3.32 1980
TOTALS 10.99 9.14 1.85 9.67
DAYS >= .01 30 28.2 1.8 34
DAYS >= .10 19 16.9 2.1 22
DAYS >= .50 9 6.6 2.4 7
DAYS >= 1.00 2 2.2 -0.2 2
GREATEST
24 HR. TOTAL 1.96 1.84
SNOWFALL (INCHES)
TOTALS 4.1 12.3 -8.2 T
DAYS >= TRACE 7 5.5 1.5 5
DAYS >= 1.0 1 3.0 -2.0 0
GREATEST
24 HR TOTAL 3.8 T
DEGREE DAYS
HEATING TOTAL 1962 2265 -303 1842
COOLING TOTAL 1 0 1 5
..............................................................
WIND (MPH)
AVERAGE WIND SPEED 6.1
RESULTANT WIND SPEED/DIRECTION 3/290
HIGHEST WIND SPEED/DIRECTION 38/290 DATE 02/28
HIGHEST GUST SPEED/DIRECTION 61/280 DATE 02/28
SKY COVER
AVERAGE SKY COVER 0.45
AVERAGE RH (PERCENT) 60
WEATHER CONDITIONS. NUMBER OF DAYS WITH
THUNDERSTORM 1 MIXED PRECIP 0
HEAVY RAIN 6 RAIN 12
LIGHT RAIN 38 FREEZING RAIN 0
LT FREEZING RAIN 0 HAIL 0
HEAVY SNOW 0 SNOW 0
LIGHT SNOW 6 SLEET 2
FOG 28 FOG W/VIS <= 1/4 MILE 9
HAZE 0
- INDICATES NEGATIVE NUMBERS.
R INDICATES RECORD WAS SET OR TIED.
MM INDICATES DATA IS MISSING.
T INDICATES TRACE AMOUNT.
$$