000
CXUS55 KRIW 271010
CF6COD
PRELIMINARY LOCAL CLIMATOLOGICAL DATA (WS FORM: F-6)
STATION: CODY WY
MONTH: MARCH
YEAR: 2024
LATITUDE: 44 31 N
LONGITUDE: 109 1 W
TEMPERATURE IN F: :PCPN: SNOW: WIND :SUNSHINE: SKY :PK WND
================================================================================
1 2 3 4 5 6A 6B 7 8 9 10 11 12 13 14 15 16 17 18
12Z AVG MX 2MIN
DY MAX MIN AVG DEP HDD CDD WTR SNW DPTH SPD SPD DIR MIN PSBL S-S WX SPD DR
================================================================================
1 46 32 39 6 26 0 0.03 M M 9.4 16 270 M M 3 1 33 260
2 45 30 38 5 27 0 T M M 10.6 16 140 M M 5 1 33 280
3 35 24 30 -4 35 0 0.00 M M 11.4 25 260 M M 0 46 260
4 34 22 28 -6 37 0 T M M 12.3 21 260 M M 3 38 250
5 37 18 28 -6 37 0 T M M 10.3 20 250 M M 4 1 37 260
6 34 14 24 -11 41 0 0.14 M M 4.3 10 340 M M 6 1 M M
7 30 16 23 -12 42 0 T M M 7.7 14 30 M M 4 M M
8 41 12 27 -8 38 0 0.00 M M 7.5 14 210 M M 0 M M
9 53 19 36 0 29 0 0.00 M M 10.4 17 160 M M 0 M M
10 58 32 45 9 20 0 0.00 M M 10.2 20 190 M M 0 24 220
11 52 37 45 9 20 0 0.00 M M 6.2 16 290 M M 1 30 290
12 52 34 43 6 22 0 T M M 10.4 17 240 M M 4 28 240
13 40 28 34 -3 31 0 T M M 10.5 23 360 M M 8 31 360
14 41 28 35 -2 30 0 T M M 9.4 16 360 M M 9 24 350
15 51 26 39 2 26 0 0.00 M M 6.4 14 30 M M 1 M M
16 54 36 45 7 20 0 0.00 M M 4.7 13 10 M M 9 M M
17 50 30 40 2 25 0 0.00 M M 5.9 15 10 M M 3 21 30
18 61 28 45 7 20 0 0.00 M M 6.2 20 200 M M 0 24 200
19 63 37 50 11 15 0 0.00 M M 5.6 10 230 M M 0 M M
20 63 25 44 5 21 0 0.00 M M 7.5 16 260 M M 1 32 260
21 47 24 36 -3 29 0 T M M 7.8 18 30 M M 5 24 30
22 39 24 32 -7 33 0 0.00 M M 9.8 15 20 M M 7 1 M M
23 50 24 37 -3 28 0 T M M 11.3 17 20 M M 8 12 M M
24 24 15 20 -20 45 0 0.10 M M 12.9 22 360 M M 10 1 28 350
25 35 12 24 -16 41 0 T M M 3.0 10 20 M M 8 1 M M
26 35 12 24 -16 41 0 0.00 M M M M M M M 3 M M
================================================================================
SM 1170 639 779 0 0.27 M 211.7 M 102
================================================================================
AV 45.0 24.6 8.5 FASTST M M 4 MAX(MPH)
MISC ----> 25 260 46 260
================================================================================
NOTES:
# LAST OF SEVERAL OCCURRENCES
COLUMN 17 PEAK WIND IN M.P.H.
PRELIMINARY LOCAL CLIMATOLOGICAL DATA (WS FORM: F-6) , PAGE 2
STATION: CODY WY
MONTH: MARCH
YEAR: 2024
LATITUDE: 44 31 N
LONGITUDE: 109 1 W
[TEMPERATURE DATA] [PRECIPITATION DATA] SYMBOLS USED IN COLUMN 16
AVERAGE MONTHLY: 34.8 TOTAL FOR MONTH: 0.27 1 = FOG OR MIST
DPTR FM NORMAL: -2.1 DPTR FM NORMAL: -0.18 2 = FOG REDUCING VISIBILITY
HIGHEST: 63 ON 20,19 GRTST 24HR 0.14 ON 6- 6 TO 1/4 MILE OR LESS
LOWEST: 12 ON 26,25 3 = THUNDER
SNOW, ICE PELLETS, HAIL 4 = ICE PELLETS
TOTAL MONTH: M 5 = HAIL
GRTST 24HR M ON M 6 = FREEZING RAIN OR DRIZZLE
GRTST DEPTH: M ON M 7 = DUSTSTORM OR SANDSTORM:
VSBY 1/2 MILE OR LESS
8 = SMOKE OR HAZE
[NO. OF DAYS WITH] [WEATHER - DAYS WITH] 9 = BLOWING SNOW
X = TORNADO
MAX 32 OR BELOW: 2 0.01 INCH OR MORE: 3
MAX 90 OR ABOVE: 0 0.10 INCH OR MORE: 1
MIN 32 OR BELOW: 22 0.50 INCH OR MORE: 0
MIN 0 OR BELOW: 0 1.00 INCH OR MORE: 0
[HDD (BASE 65) ]
TOTAL THIS MO. 779 CLEAR (SCALE 0-3) 11
DPTR FM NORMAL 47 PTCLDY (SCALE 4-7) 11
TOTAL FM JUL 1 5597 CLOUDY (SCALE 8-10) 4
DPTR FM NORMAL 115
[CDD (BASE 65) ]
TOTAL THIS MO. 0
DPTR FM NORMAL 0 [PRESSURE DATA]
TOTAL FM JAN 1 0 HIGHEST SLP M ON M
DPTR FM NORMAL 0 LOWEST SLP M ON M
[REMARKS]