000
CXUS56 KOTX 180910
CF6DEW
PRELIMINARY LOCAL CLIMATOLOGICAL DATA (WS FORM: F-6)
STATION: DEER_PARK WA AIRPORT
MONTH: APRIL
YEAR: 2024
LATITUDE: 47 58 N
LONGITUDE: 117 25 W
TEMPERATURE IN F: :PCPN: SNOW: WIND :SUNSHINE: SKY :PK WND
================================================================================
1 2 3 4 5 6A 6B 7 8 9 10 11 12 13 14 15 16 17 18
12Z AVG MX 2MIN
DY MAX MIN AVG DEP HDD CDD WTR SNW DPTH SPD SPD DIR MIN PSBL S-S WX SPD DR
================================================================================
1 64 28 46 4 19 0 0.00 M M 5.2 14 240 M M 0 8 20 220
2 71 31 51 9 14 0 0.00 M M 7.1 20 190 M M 0 26 220
3 57 40 49 7 16 0 0.00 M M 9.5 23 200 M M 4 29 210
4 56 38 47 5 18 0 0.12 M M 5.8 15 50 M M 8 1 19 50
5 40 34 37 -5 28 0 0.12 M M 5.5 15 160 M M 10 1 19 160
6 47 38 43 1 22 0 0.01 M M 5.6 14 200 M M 10 1 18 190
7 51 29 40 -3 25 0 0.00 M M 5.2 13 170 M M 7 17 180
8 52 24 38 -5 27 0 0.00 M M 7.5 21 200 M M 6 1 27 200
9 61 31 46 3 19 0 T M M 11.4 26 230 M M 6 34 250
10 59 24 42 -1 23 0 0.00 M M 3.3 12 250 M M 1 17 240
11 62 28 45 2 20 0 0.00 M M 1.6 12 170 M M 1 15 190
12 64 39 52 8 13 0 0.00 M M 1.2 9 190 M M 3 12 190
13 71 37 54 10 11 0 0.00 M M 2.1 12 190 M M 3 14 190
14 76 39 58 14 7 0 0.00 M M 5.8 16 230 M M 0 21 240
15 64 42 53 9 12 0 0.00 M M 12.2 25 210 M M 1 35 210
16 52 24 38 -7 27 0 0.00 M M 7.0 22 300 M M 4 29 300
17 54 19 37 -8 28 0 0.00 M M 4.0 16 310 M M 4 25 260
================================================================================
SM 1001 545 329 0 0.25 M 100.0 M 68
================================================================================
AV 58.9 32.1 5.9 FASTST M M 4 MAX(MPH)
MISC ----> 26 230 35 210
================================================================================
NOTES:
# LAST OF SEVERAL OCCURRENCES
COLUMN 17 PEAK WIND IN M.P.H.
PRELIMINARY LOCAL CLIMATOLOGICAL DATA (WS FORM: F-6) , PAGE 2
STATION: DEER_PARK WA AIRPORT
MONTH: APRIL
YEAR: 2024
LATITUDE: 47 58 N
LONGITUDE: 117 25 W
[TEMPERATURE DATA] [PRECIPITATION DATA] SYMBOLS USED IN COLUMN 16
AVERAGE MONTHLY: 45.5 TOTAL FOR MONTH: 0.25 1 = FOG OR MIST
DPTR FM NORMAL: 2.4 DPTR FM NORMAL: -0.93 2 = FOG REDUCING VISIBILITY
HIGHEST: 76 ON 14 GRTST 24HR 0.24 ON 4- 5 TO 1/4 MILE OR LESS
LOWEST: 19 ON 17 3 = THUNDER
SNOW, ICE PELLETS, HAIL 4 = ICE PELLETS
TOTAL MONTH: M 5 = HAIL
GRTST 24HR M ON M 6 = FREEZING RAIN OR DRIZZLE
GRTST DEPTH: M ON M 7 = DUSTSTORM OR SANDSTORM:
VSBY 1/2 MILE OR LESS
8 = SMOKE OR HAZE
[NO. OF DAYS WITH] [WEATHER - DAYS WITH] 9 = BLOWING SNOW
X = TORNADO
MAX 32 OR BELOW: 0 0.01 INCH OR MORE: 3
MAX 90 OR ABOVE: 0 0.10 INCH OR MORE: 2
MIN 32 OR BELOW: 9 0.50 INCH OR MORE: 0
MIN 0 OR BELOW: 0 1.00 INCH OR MORE: 0
[HDD (BASE 65) ]
TOTAL THIS MO. 329 CLEAR (SCALE 0-3) 7
DPTR FM NORMAL -44 PTCLDY (SCALE 4-7) 7
TOTAL FM JUL 1 5859 CLOUDY (SCALE 8-10) 3
DPTR FM NORMAL -612
[CDD (BASE 65) ]
TOTAL THIS MO. 0
DPTR FM NORMAL 0 [PRESSURE DATA]
TOTAL FM JAN 1 0 HIGHEST SLP M ON M
DPTR FM NORMAL 0 LOWEST SLP 29.54 ON 5
[REMARKS]