000
CXUS54 KEWX 281011
CF6DLF
PRELIMINARY LOCAL CLIMATOLOGICAL DATA (WS FORM: F-6)
STATION: LAUGHLIN AFB
MONTH: MARCH
YEAR: 2024
LATITUDE: 29 22 N
LONGITUDE: 100 47 W
TEMPERATURE IN F: :PCPN: SNOW: WIND :SUNSHINE: SKY :PK WND
================================================================================
1 2 3 4 5 6A 6B 7 8 9 10 11 12 13 14 15 16 17 18
12Z AVG MX 2MIN
DY MAX MIN AVG DEP HDD CDD WTR SNW DPTH SPD SPD DIR MIN PSBL S-S WX SPD DR
================================================================================
1 81 36 59 M 6 0 0.00 M M 3.8 9 170 M M 0 M M
2 86 50 68 M 0 3 0.00 M M 8.8 16 150 M M 0 M M
3 82 60 71 M 0 6 0.00 M M 8.1 13 100 M M 3 M M
4 77 59 68 M 0 3 T M M 6.1 13 120 M M 5 1 M M
5 89 53 71 M 0 6 0.00 M M 5.9 13 310 M M 2 128 18 310
6 90 53 72 M 0 7 0.00 M M 11.5 22 140 M M 2 8 31 150
7 84 70 77 M 0 12 0.00 M M 11.8 20 110 M M 4 18 140
8 83 54 69 M 0 4 0.00 M M 15.3 26 340 M M 2 38 300
9 67 49 58 M 7 0 0.00 M M 14.7 23 350 M M 3 25 350
10 67 49 58 M 7 0 0.00 M M 5.5 12 160 M M 5 M M
11 80 45 63 M 2 0 0.00 M M 8.7 17 150 M M 0 21 140
12 82 62 72 M 0 7 0.00 M M 10.2 15 130 M M 5 M M
13 93 61 77 M 0 12 0.00 M M 6.4 12 110 M M 3 M M
14 89 66 78 M 0 13 T M M 8.9 16 100 M M 2 M M
15 91 64 78 M 0 13 0.65 M M 10.0 23 200 M M 8 35 35 210
16 66 60 63 M 2 0 T M M 7.8 13 280 M M 10 1 M M
17 M M M M M M 0.00 M M M M M M M M M M
18 62 55 59 M 6 0 0.03 M M 4.2 12 50 M M 10 M M
19 66 52 59 M 6 0 0.00 M M 10.1 21 140 M M 6 23 140
20 69 53 61 M 4 0 0.00 M M 9.7 14 150 M M 9 M M
21 82 57 70 M 0 5 0.00 M M 6.7 18 340 M M 7 22 340
22 93 49 71 M 0 6 0.00 M M 12.7 25 340 M M 0 31 340
23 82 52 67 M 0 2 0.00 M M 13.6 22 160 M M 0 35 150
24 82 62 72 M 0 7 0.00 M M 16.4 24 160 M M 5 30 130
25 82 54 68 M 0 3 T M M 15.1 29 280 M M 2 46 280
26 78 47 63 M 2 0 0.00 M M 6.3 16 290 M M 2 24 290
27 81 53 67 M 0 2 T M M 10.5 20 320 M M 3 31 300
================================================================================
SM 2084 1425 42 111 0.68 M 248.9 M 98
================================================================================
AV 80.2 54.8 9.6 FASTST M M 4 MAX(MPH)
MISC ----> 29 280 46 280
================================================================================
NOTES:
# LAST OF SEVERAL OCCURRENCES
COLUMN 17 PEAK WIND IN M.P.H.
PRELIMINARY LOCAL CLIMATOLOGICAL DATA (WS FORM: F-6) , PAGE 2
STATION: LAUGHLIN AFB
MONTH: MARCH
YEAR: 2024
LATITUDE: 29 22 N
LONGITUDE: 100 47 W
[TEMPERATURE DATA] [PRECIPITATION DATA] SYMBOLS USED IN COLUMN 16
AVERAGE MONTHLY: 67.5 TOTAL FOR MONTH: 0.68 1 = FOG OR MIST
DPTR FM NORMAL: 0.0 DPTR FM NORMAL: 0.68 2 = FOG REDUCING VISIBILITY
HIGHEST: 93 ON 22,13 GRTST 24HR 0.65 ON 15-15 TO 1/4 MILE OR LESS
LOWEST: 36 ON 1 3 = THUNDER
SNOW, ICE PELLETS, HAIL 4 = ICE PELLETS
TOTAL MONTH: M 5 = HAIL
GRTST 24HR M ON M 6 = FREEZING RAIN OR DRIZZLE
GRTST DEPTH: M ON M 7 = DUSTSTORM OR SANDSTORM:
VSBY 1/2 MILE OR LESS
8 = SMOKE OR HAZE
[NO. OF DAYS WITH] [WEATHER - DAYS WITH] 9 = BLOWING SNOW
X = TORNADO
MAX 32 OR BELOW: 0 0.01 INCH OR MORE: 2
MAX 90 OR ABOVE: 4 0.10 INCH OR MORE: 1
MIN 32 OR BELOW: 0 0.50 INCH OR MORE: 1
MIN 0 OR BELOW: 0 1.00 INCH OR MORE: 0
[HDD (BASE 65) ]
TOTAL THIS MO. 42 CLEAR (SCALE 0-3) 14
DPTR FM NORMAL M PTCLDY (SCALE 4-7) 9
TOTAL FM JUL 1 1099 CLOUDY (SCALE 8-10) 4
DPTR FM NORMAL M
[CDD (BASE 65) ]
TOTAL THIS MO. 111
DPTR FM NORMAL M [PRESSURE DATA]
TOTAL FM JAN 1 170 HIGHEST SLP M ON M
DPTR FM NORMAL M LOWEST SLP M ON M
[REMARKS]