000
CXUS54 KMEG 230900
CF6MKL
PRELIMINARY LOCAL CLIMATOLOGICAL DATA (WS FORM: F-6)
STATION: JACKSON
MONTH: APRIL
YEAR: 2024
LATITUDE: 35 35 N
LONGITUDE: 88 55 W
TEMPERATURE IN F: :PCPN: SNOW: WIND :SUNSHINE: SKY :PK WND
================================================================================
1 2 3 4 5 6A 6B 7 8 9 10 11 12 13 14 15 16 17 18
12Z AVG MX 2MIN
DY MAX MIN AVG DEP HDD CDD WTR SNW DPTH SPD SPD DIR MIN PSBL S-S WX SPD DR
================================================================================
1 77 68 73 17 0 8 0.00 M M 8.7 18 200 M M 7 18 31 190
2 78 51 65 9 0 0 0.49 M M 15.5 30 250 M M 8 13 42 250
3 57 43 50 -6 15 0 T M M 12.7 31 300 M M 6 40 300
4 62 42 52 -5 13 0 0.00 M M 12.2 23 290 M M 2 32 280
5 61 33 47 -10 18 0 0.00 M M 4.9 14 360 M M 0 19 350
6 67 33 50 -7 15 0 0.00 M M 3.8 14 90 M M 0 20 90
7 81 49 65 7 0 0 0.15 M M 11.4 25 200 M M 5 3 37 200
8 80 63 72 14 0 7 0.16 M M 8.6 31 190 M M 5 13 43 180
9 65 61 63 5 2 0 0.41 M M 8.2 18 200 M M 10 13 28 110
10 69 61 65 6 0 0 0.18 M M 4.2 21 100 M M 9 1 31 80
11 71 55 63 4 2 0 0.64 M M 13.2 26 340 M M 7 13 36 340
12 70 48 59 0 6 0 0.00 M M 12.3 28 300 M M 0 37 300
13 81 41 61 1 4 0 0.00 M M 5.6 17 200 M M 0 26 270
14 83 62 73 13 0 8 0.00 M M 11.8 23 210 M M 0 39 230
15 86 60 73 13 0 8 T M M 7.0 17 220 M M 1 25 240
16 83 66 75 15 0 10 0.02 M M 8.9 23 200 M M 2 3 34 190
17 83 65 74 13 0 9 0.02 M M 9.8 18 230 M M 4 25 200
18 83 69 76 15 0 11 0.00 M M 9.5 22 200 M M 8 31 200
19 71 57 64 3 1 0 0.54 M M 9.9 21 30 M M 10 13 26 30
20 66 47 57 -5 8 0 0.14 M M 10.9 21 10 M M 8 13 28 40
21 61 37 49 -13 16 0 0.00 M M 10.6 21 350 M M 3 30 10
22 68 33 51 -11 14 0 0.00 M M 3.5 12 250 M M 0 17 270
================================================================================
SM 1603 1144 114 61 2.75 M 203.2 M 95
================================================================================
AV 72.9 52.0 9.2 FASTST M M 4 MAX(MPH)
MISC ----> # 31 300 43 180
================================================================================
NOTES:
# LAST OF SEVERAL OCCURRENCES
COLUMN 17 PEAK WIND IN M.P.H.
PRELIMINARY LOCAL CLIMATOLOGICAL DATA (WS FORM: F-6) , PAGE 2
STATION: JACKSON
MONTH: APRIL
YEAR: 2024
LATITUDE: 35 35 N
LONGITUDE: 88 55 W
[TEMPERATURE DATA] [PRECIPITATION DATA] SYMBOLS USED IN COLUMN 16
AVERAGE MONTHLY: 62.4 TOTAL FOR MONTH: 2.75 1 = FOG OR MIST
DPTR FM NORMAL: 3.4 DPTR FM NORMAL: -0.88 2 = FOG REDUCING VISIBILITY
HIGHEST: 86 ON 15 GRTST 24HR 0.80 ON 10-11 TO 1/4 MILE OR LESS
LOWEST: 33 ON 22, 6 3 = THUNDER
SNOW, ICE PELLETS, HAIL 4 = ICE PELLETS
TOTAL MONTH: M 5 = HAIL
GRTST 24HR M ON M 6 = FREEZING RAIN OR DRIZZLE
GRTST DEPTH: M ON M 7 = DUSTSTORM OR SANDSTORM:
VSBY 1/2 MILE OR LESS
8 = SMOKE OR HAZE
[NO. OF DAYS WITH] [WEATHER - DAYS WITH] 9 = BLOWING SNOW
X = TORNADO
MAX 32 OR BELOW: 0 0.01 INCH OR MORE: 10
MAX 90 OR ABOVE: 0 0.10 INCH OR MORE: 8
MIN 32 OR BELOW: 0 0.50 INCH OR MORE: 2
MIN 0 OR BELOW: 0 1.00 INCH OR MORE: 0
[HDD (BASE 65) ]
TOTAL THIS MO. 114 CLEAR (SCALE 0-3) 10
DPTR FM NORMAL -48 PTCLDY (SCALE 4-7) 9
TOTAL FM JUL 1 2980 CLOUDY (SCALE 8-10) 3
DPTR FM NORMAL -464
[CDD (BASE 65) ]
TOTAL THIS MO. 61
DPTR FM NORMAL 28 [PRESSURE DATA]
TOTAL FM JAN 1 89 HIGHEST SLP M ON M
DPTR FM NORMAL 45 LOWEST SLP 29.42 ON 11
[REMARKS]