000
CXUS53 KFSD 190810
CF6SPW
PRELIMINARY LOCAL CLIMATOLOGICAL DATA (WS FORM: F-6)
STATION: SPENCER
MONTH: APRIL
YEAR: 2024
LATITUDE: 43 10 N
LONGITUDE: 95 9 W
TEMPERATURE IN F: :PCPN: SNOW: WIND :SUNSHINE: SKY :PK WND
================================================================================
1 2 3 4 5 6A 6B 7 8 9 10 11 12 13 14 15 16 17 18
12Z AVG MX 2MIN
DY MAX MIN AVG DEP HDD CDD WTR SNW DPTH SPD SPD DIR MIN PSBL S-S WX SPD DR
================================================================================
1 42 36 39 -2 26 0 0.11 0.0 0 16.0 29 40 M M 10 1 36 40
2 54 35 45 4 20 0 0.03 T 0 19.1 38 340 M M 9 13 50 340
3 53 34 44 3 21 0 0.03 T 0 24.2 40 340 M M 3 1 52 330
4 57 27 42 0 23 0 0.00 0.0 0 12.7 26 20 M M 0 36 350
5 59 23 41 -1 24 0 0.00 0.0 0 10.0 21 130 M M 0 31 140
6 63 37 50 7 15 0 0.04 0.0 0 27.1 44 110 M M 1 59 120
7 59 43 51 8 14 0 0.06 0.0 0 17.8 36 110 M M 8 3 48 120
8 55 41 48 4 17 0 T 0.0 0 14.7 28 290 M M 8 36 280
9 66 34 50 6 15 0 0.00 0.0 0 11.5 26 240 M M 2 39 250
10 74 34 54 10 11 0 0.03 0.0 0 9.4 40 280 M M 5 53 280
11 58 41 50 5 15 0 T 0.0 0 16.7 31 340 M M 8 43 320
12 65 35 50 5 15 0 0.00 0.0 0 10.2 24 340 M M 0 33 330
13 89 36 63 17 2 0 0.00 0.0 0 13.9 29 200 M M 0 38 190
14 78 42 60 14 5 0 0.00 0.0 0 10.6 26 330 M M 0 34 330
15 81 39 60 13 5 0 0.00 0.0 0 17.5 31 120 M M 0 41 110
16 72 51 62 15 3 0 0.98 0.0 0 17.2 36 110 M M 7 13 50 100
17 63 49 56 8 9 0 0.08 0.0 0 16.2 31 310 M M 7 43 310
18 55 32 44 -4 21 0 0.68 M M 13.0 29 280 M M 6 1 36 300
================================================================================
SM 1143 669 261 0 2.04 T 277.8 M 74
================================================================================
AV 63.5 37.2 15.4 FASTST M M 4 MAX(MPH)
MISC ----> 44 110 59 120
================================================================================
NOTES:
# LAST OF SEVERAL OCCURRENCES
COLUMN 17 PEAK WIND IN M.P.H.
PRELIMINARY LOCAL CLIMATOLOGICAL DATA (WS FORM: F-6) , PAGE 2
STATION: SPENCER
MONTH: APRIL
YEAR: 2024
LATITUDE: 43 10 N
LONGITUDE: 95 9 W
[TEMPERATURE DATA] [PRECIPITATION DATA] SYMBOLS USED IN COLUMN 16
AVERAGE MONTHLY: 50.3 TOTAL FOR MONTH: 2.04 1 = FOG OR MIST
DPTR FM NORMAL: 6.1 DPTR FM NORMAL: 0.13 2 = FOG REDUCING VISIBILITY
HIGHEST: 89 ON 13 GRTST 24HR 0.98 ON 16-16 TO 1/4 MILE OR LESS
LOWEST: 23 ON 5 3 = THUNDER
SNOW, ICE PELLETS, HAIL 4 = ICE PELLETS
TOTAL MONTH: T 5 = HAIL
GRTST 24HR T ON 2- 2 6 = FREEZING RAIN OR DRIZZLE
GRTST DEPTH: 0 7 = DUSTSTORM OR SANDSTORM:
VSBY 1/2 MILE OR LESS
8 = SMOKE OR HAZE
[NO. OF DAYS WITH] [WEATHER - DAYS WITH] 9 = BLOWING SNOW
X = TORNADO
MAX 32 OR BELOW: 0 0.01 INCH OR MORE: 9
MAX 90 OR ABOVE: 0 0.10 INCH OR MORE: 3
MIN 32 OR BELOW: 3 0.50 INCH OR MORE: 2
MIN 0 OR BELOW: 0 1.00 INCH OR MORE: 0
[HDD (BASE 65) ]
TOTAL THIS MO. 261 CLEAR (SCALE 0-3) 9
DPTR FM NORMAL -113 PTCLDY (SCALE 4-7) 5
TOTAL FM JUL 1 5587 CLOUDY (SCALE 8-10) 4
DPTR FM NORMAL -1616
[CDD (BASE 65) ]
TOTAL THIS MO. 0
DPTR FM NORMAL 0 [PRESSURE DATA]
TOTAL FM JAN 1 0 HIGHEST SLP M ON M
DPTR FM NORMAL 0 LOWEST SLP 29.25 ON 16
[REMARKS]