000
CXUS53 KARX 280900
CF6TOB
PRELIMINARY LOCAL CLIMATOLOGICAL DATA (WS FORM: F-6)
STATION: DODGE_CENTER MN
MONTH: MARCH
YEAR: 2024
LATITUDE: 44 1 N
LONGITUDE: 92 50 W
TEMPERATURE IN F: :PCPN: SNOW: WIND :SUNSHINE: SKY :PK WND
================================================================================
1 2 3 4 5 6A 6B 7 8 9 10 11 12 13 14 15 16 17 18
12Z AVG MX 2MIN
DY MAX MIN AVG DEP HDD CDD WTR SNW DPTH SPD SPD DIR MIN PSBL S-S WX SPD DR
================================================================================
1 55 30 43 M 22 0 0.00 0.0 0 20.5 31 170 M M 0 38 170
2 64 30 47 M 18 0 0.00 0.0 0 15.2 24 170 M M 0 29 170
3 72 30 51 M 14 0 0.00 0.0 0 22.0 38 190 M M 2 45 190
4 39 27 33 M 32 0 M M 0 4.7 12 340 M M 6 M M
5 48 21 35 M 30 0 0.00 0.0 0 5.7 14 70 M M 0 M M
6 54 25 40 M 25 0 0.00 0.0 0 11.6 17 140 M M 3 25 130
7 54 28 41 M 24 0 0.00 0.0 0 9.2 20 140 M M 5 24 140
8 41 23 32 M 33 0 M M M 14.1 17 350 M M 2 24 350
9 37 19 28 M 37 0 M M M 12.4 20 330 M M 1 25 320
10 50 14 32 M 33 0 0.00 0.0 0 4.4 12 160 M M 0 18 210
11 72 36 54 M 11 0 0.00 0.0 0 12.7 21 180 M M 0 28 180
12 66 39 53 M 12 0 0.00 0.0 0 8.8 18 200 M M 0 21 340
13 68 36 52 M 13 0 0.00 0.0 0 7.2 16 70 M M 2 18 90
14 55 37 46 M 19 0 M 0.0 0 9.4 17 10 M M 4 24 10
15 52 25 39 M 26 0 0.00 0.0 0 8.2 18 280 M M 1 25 280
16 48 28 38 M 27 0 M M 0 20.1 27 290 M M 6 36 300
17 30 19 25 M 40 0 M M 0 16.6 22 310 M M 7 30 310
18 36 19 28 M 37 0 M M 0 13.5 18 220 M M 5 22 240
19 54 28 41 M 24 0 0.00 0.0 0 17.3 25 290 M M 0 37 290
20 30 18 24 M 41 0 0.00 0.0 0 11.7 23 330 M M 1 28 330
21 34 23 29 M 36 0 M M 0 3.6 13 160 M M 9 16 150
22 28 21 25 M 40 0 M M M 8.1 16 330 M M 8 1 20 340
23 32 12 22 M 43 0 M M M 6.7 10 310 M M 4 M M
24 34 27 31 M 34 0 M M M 16.6 22 120 M M 10 1 31 110
25 37 34 36 M 29 0 0.05 M M 11.3 18 100 M M 10 12 18 70
26 34 19 27 M 38 0 0.04 M M 17.7 24 300 M M 10 33 280
27 30 18 24 M 41 0 M M M 15.0 20 260 M M 6 27 260
================================================================================
SM 1254 686 779 0 0.09 0.0 324.3 M 102
================================================================================
AV 46.4 25.4 12.0 FASTST M M 4 MAX(MPH)
MISC ----> 38 190 45 190
================================================================================
NOTES:
# LAST OF SEVERAL OCCURRENCES
COLUMN 17 PEAK WIND IN M.P.H.
PRELIMINARY LOCAL CLIMATOLOGICAL DATA (WS FORM: F-6) , PAGE 2
STATION: DODGE_CENTER MN
MONTH: MARCH
YEAR: 2024
LATITUDE: 44 1 N
LONGITUDE: 92 50 W
[TEMPERATURE DATA] [PRECIPITATION DATA] SYMBOLS USED IN COLUMN 16
AVERAGE MONTHLY: 35.9 TOTAL FOR MONTH: 0.09 1 = FOG OR MIST
DPTR FM NORMAL: 0.0 DPTR FM NORMAL: 0.09 2 = FOG REDUCING VISIBILITY
HIGHEST: 72 ON 11, 3 GRTST 24HR 0.05 ON 25-25 TO 1/4 MILE OR LESS
LOWEST: 12 ON 23 3 = THUNDER
SNOW, ICE PELLETS, HAIL 4 = ICE PELLETS
TOTAL MONTH: 0.0 INCH 5 = HAIL
GRTST 24HR 0.0 6 = FREEZING RAIN OR DRIZZLE
GRTST DEPTH: 0 7 = DUSTSTORM OR SANDSTORM:
VSBY 1/2 MILE OR LESS
8 = SMOKE OR HAZE
[NO. OF DAYS WITH] [WEATHER - DAYS WITH] 9 = BLOWING SNOW
X = TORNADO
MAX 32 OR BELOW: 5 0.01 INCH OR MORE: 2
MAX 90 OR ABOVE: 0 0.10 INCH OR MORE: 0
MIN 32 OR BELOW: 22 0.50 INCH OR MORE: 0
MIN 0 OR BELOW: 0 1.00 INCH OR MORE: 0
[HDD (BASE 65) ]
TOTAL THIS MO. 779 CLEAR (SCALE 0-3) 14
DPTR FM NORMAL M PTCLDY (SCALE 4-7) 9
TOTAL FM JUL 1 5673 CLOUDY (SCALE 8-10) 4
DPTR FM NORMAL M
[CDD (BASE 65) ]
TOTAL THIS MO. 0
DPTR FM NORMAL M [PRESSURE DATA]
TOTAL FM JAN 1 0 HIGHEST SLP M ON M
DPTR FM NORMAL M LOWEST SLP M ON M
[REMARKS]