000
CXUS53 KGJT 011851
CLAEEO
CLIMATE REPORT
NATIONAL WEATHER SERVICE GRAND JUNCTION CO
1151 AM MST MON JAN 01 2024
...................................
...THE MEEKER CO CLIMATE SUMMARY FOR THE YEAR OF 2023...
CLIMATE NORMAL PERIOD 1991 TO 2020
CLIMATE RECORD PERIOD 9999 TO 9999
WEATHER OBSERVED NORMAL DEPART LAST YEAR`S
VALUE DATE(S) VALUE FROM VALUE DATE(S)
NORMAL
................................................................
TEMPERATURE (F)
RECORD
HIGH MM MM
LOW MM MM
HIGHEST 96 07/17 MM MM 95 09/04
LOWEST -31 01/31 MM MM -16 01/02
12/17
AVG. MAXIMUM 57.5 60.4 -2.9 58.5
AVG. MINIMUM 25.9 29.2 -3.3 26.4
MEAN 41.7 44.8 -3.1 42.5
DAYS MAX >= 90 15 21.4 -6.4 26
DAYS MAX <= 32 63 38.2 24.8 52
DAYS MIN <= 32 213 202.4 10.6 219
DAYS MIN <= 0 38 24.9 13.1 44
PRECIPITATION (INCHES)
RECORD
MAXIMUM MM MM
MINIMUM MM MM
TOTALS 16.26 15.26 1.00 16.25
DAILY AVG. 0.04 0.04 -0.00 0.05
DAYS >= .01 111 110.6 0.4 100
DAYS >= .10 57 49.1 7.9 52
DAYS >= .50 3 5.0 -2.0 5
DAYS >= 1.00 0 0.2 -0.2 1
GREATEST
24 HR. TOTAL 0.77 MM 1.10
STORM TOTAL 0.73 1.01
(MM/DD(HH)) MM
SNOWFALL (INCHES)
RECORDS
TOTAL MM MM
24 HR TOTAL MM
SNOW DEPTH MM MM
TOTALS MM MM MM MM
LIQUID EQUIV MM MM MM MM
SINCE 7/1 MM MM MM MM
LIQUID 7/1 MM MM MM MM
SNOWDEPTH AVG. MM MM
DAYS >= TRACE MM MM MM MM
DAYS >= 1.0 MM MM MM MM
GREATEST
SNOW DEPTH MM MM MM
24 HR TOTAL MM MM
STORM TOTAL MM MM
(MM/DD(HH)) MM
DEGREE DAYS
HEATING TOTAL 8540 7579 961 8373
SINCE 7/1 3177 3099 78 3352
COOLING TOTAL 187 245 -58 293
SINCE 1/1 187 244 -57 293
FREEZE DATES
RECORD
EARLIEST MM
LATEST MM
EARLIEST 09/23
LATEST 05/13
................................................................
WIND (MPH)
AVERAGE WIND SPEED 5.1
RESULTANT WIND SPEED/DIRECTION 1/190
HIGHEST WIND SPEED/DIRECTION 45/210 DATE 04/18
HIGHEST GUST SPEED/DIRECTION 69/240 DATE 04/18
SKY COVER
POSSIBLE SUNSHINE (PERCENT) MM
AVERAGE SKY COVER 0.32
NUMBER OF DAYS FAIR 223
NUMBER OF DAYS PC 85
NUMBER OF DAYS CLOUDY 57
AVERAGE RH (PERCENT) 62
WEATHER CONDITIONS. NUMBER OF DAYS WITH
THUNDERSTORM 70 MIXED PRECIP 0
HEAVY RAIN 21 RAIN 31
LIGHT RAIN 101 FREEZING RAIN 1
LT FREEZING RAIN 0 HAIL 0
HEAVY SNOW 21 SNOW 35
LIGHT SNOW 87 SLEET 0
FOG 105 FOG W/VIS <= 1/4 MILE 33
HAZE 53
- INDICATES NEGATIVE NUMBERS.
R INDICATES RECORD WAS SET OR TIED.
MM INDICATES DATA IS MISSING.
T INDICATES TRACE AMOUNT.
$$