000
CXUS51 KCTP 011544
CLAJST
CLIMATE REPORT
NATIONAL WEATHER SERVICE STATE COLLEGE PA
1044 AM EST MON JAN 01 2024
...................................
...THE JOHNSTOWN CLIMATE SUMMARY FOR THE YEAR OF 2023...
CLIMATE NORMAL PERIOD 1991 TO 2020
CLIMATE RECORD PERIOD 1892 TO 2023
WEATHER OBSERVED NORMAL DEPART LAST YEAR`S
VALUE DATE(S) VALUE FROM VALUE
NORMAL
..............................................................
TEMPERATURE (F)
RECORD
HIGH 104 09/03/1953
07/09/1936
LOW -20 01/30/1977
HIGHEST 86 07/28 MM MM
LOWEST 2 02/04 MM MM
AVG. MAXIMUM 59.2 57.2 2.0
AVG. MINIMUM 42.8 40.6 2.2
MEAN 51.0 48.9 2.1
DAYS MAX >= 90 0 0.4 -0.4
DAYS MAX <= 32 23 51.7 -28.7
DAYS MIN <= 32 104 126.7 -22.7
DAYS MIN <= 0 0 3.3 -3.3
PRECIPITATION (INCHES)
RECORD
MAXIMUM 61.51 2018
MINIMUM 28.63 2013
TOTALS 43.74 41.26 2.48
DAILY AVG. 0.12 0.11 0.01
DAYS >= .01 173 170.5 2.5
DAYS >= .10 93 91.9 1.1
DAYS >= .50 31 25.7 5.3
DAYS >= 1.00 5 7.0 -2.0
GREATEST
24 HR. TOTAL 1.68 01/03 TO 01/03
STORM TOTAL 1.68
(MM/DD(HH)) 01/03(0) TO 01/03(23)
DEGREE DAYS
HEATING TOTAL 5431 6324 -893
SINCE 7/1 2074 2418 -344
COOLING TOTAL 450 479 -29
SINCE 1/1 450 480 -30
FREEZE DATES
RECORD
EARLIEST 08/31/1894
LATEST 05/27/1915
EARLIEST 10/31
LATEST 05/03
..............................................................
WIND (MPH)
AVERAGE WIND SPEED 8.7
HIGHEST WIND SPEED/DIRECTION 40/300 DATE 02/21
HIGHEST GUST SPEED/DIRECTION 55/280 DATE 02/21
SKY COVER
POSSIBLE SUNSHINE (PERCENT) MM
AVERAGE SKY COVER 0.51
NUMBER OF DAYS FAIR 136
NUMBER OF DAYS PC 114
NUMBER OF DAYS CLOUDY 115
AVERAGE RH (PERCENT) 71
WEATHER CONDITIONS. NUMBER OF DAYS WITH
THUNDERSTORM 38 MIXED PRECIP 0
HEAVY RAIN 54 RAIN 79
LIGHT RAIN 166 FREEZING RAIN 3
LT FREEZING RAIN 10 HAIL 0
HEAVY SNOW 4 SLEET 0
FOG 216 FOG W/VIS <= 1/4 MILE 67
HAZE 29
- INDICATES NEGATIVE NUMBERS.
R INDICATES RECORD WAS SET OR TIED.
MM INDICATES DATA IS MISSING.
T INDICATES TRACE AMOUNT.
$$