000
CXUS53 KLOT 011819
CLMUGN
CLIMATE REPORT
NATIONAL WEATHER SERVICE CHICAGO IL
119 PM CDT MON APR 01 2024
...................................
...THE WAUKEGAN IL CLIMATE SUMMARY FOR THE MONTH OF MARCH 2024...
CLIMATE NORMAL PERIOD: 1991 TO 2020
CLIMATE RECORD PERIOD: 2000 TO 2024
WEATHER OBSERVED NORMAL DEPART LAST YEAR`S
VALUE DATE(S) VALUE FROM VALUE DATE(S)
NORMAL
................................................................
TEMPERATURE (F)
RECORD
HIGH 84 03/21/2012
03/20/2012
03/20/2012
LOW -7 03/04/2002
HIGHEST 72 03/12 70 03/31
LOWEST 22 03/21 12 03/18
AVG. MAXIMUM 49.1 44.3 4.8 43.8
AVG. MINIMUM 32.6 26.9 5.7 28.7
MEAN 40.8 35.6 5.2 36.3
DAYS MAX >= 90 0 0.0 0.0 0
DAYS MAX <= 32 0 4.7 -4.7 2
DAYS MIN <= 32 17 21.9 -4.9 23
DAYS MIN <= 0 0 0.3 -0.3 0
PRECIPITATION (INCHES)
RECORD
MAXIMUM 4.57 2004
MINIMUM 0.49 2018
TOTALS 3.98 2.22 1.76 3.48
DAILY AVG. 0.13 0.07 0.06 0.11
DAYS >= .01 12 10.5 1.5 14
DAYS >= .10 8 5.2 2.8 7
DAYS >= .50 3 1.6 1.4 3
DAYS >= 1.00 0 0.3 -0.3 0
GREATEST
24 HR. TOTAL 1.05 03/04 TO 03/05 0.96
DEGREE DAYS
HEATING TOTAL 739 912 -173 885
SINCE 7/1 4688 5738 -1050 MM
COOLING TOTAL 0 1 -1 0
SINCE 1/1 0 1 -1 MM
................................................................
WIND (MPH)
AVERAGE WIND SPEED 10.5
HIGHEST WIND SPEED/DIRECTION 36/220 DATE 03/26
HIGHEST GUST SPEED/DIRECTION 52/240 DATE 03/26
AVERAGE RH (PERCENT) 66
WEATHER CONDITIONS. NUMBER OF DAYS WITH
THUNDERSTORM 5 MIXED PRECIP 0
HEAVY RAIN 1 RAIN 7
LIGHT RAIN 11 FREEZING RAIN 0
LT FREEZING RAIN 0 HAIL 0
HEAVY SNOW 1 SNOW 1
LIGHT SNOW 1 SLEET 0
FOG 11 FOG W/VIS <= 1/4 MILE 3
HAZE 1
- INDICATES NEGATIVE NUMBERS.
R INDICATES RECORD WAS SET OR TIED.
MM INDICATES DATA IS MISSING.
T INDICATES TRACE AMOUNT.
$$