000
CXUS53 KJAX 011524
CLSCRG
CLIMATE REPORT
NATIONAL WEATHER SERVICE JACKSONVILLE FL
1024 AM EST FRI MAR 01 2024
...................................
...THE CRAIG EXEC ARPT CLIMATE SUMMARY FOR THE SEASON, FROM
12/1/2023 TO 2/29/2024...
CLIMATE NORMAL PERIOD: 1991 TO 2020
CLIMATE RECORD PERIOD: 1974 TO 2024
WEATHER OBSERVED NORMAL DEPART LAST YEAR`S
VALUE DATE(S) VALUE FROM VALUE DATE(S)
NORMAL
................................................................
TEMPERATURE (F)
RECORD
HIGH 89 02/23/2023
LOW 9 01/21/1985
HIGHEST 83 02/28 84 -1 89 02/23
02/24
LOWEST 31 01/17 27 4 26 12/24
12/26
AVG. MAXIMUM 67.1 67.0 0.1 73.0
AVG. MINIMUM 48.5 46.7 1.8 50.3
MEAN 57.8 56.8 1.0 61.6
DAYS MAX >= 90 0 0.0 0.0 0
DAYS MIN <= 32 2 6.5 -4.5 5
PRECIPITATION (INCHES)
RECORD
MAXIMUM 11.88 2019
MINIMUM 2.39 2012
TOTALS 13.20 8.21 4.99 3.39
DAILY AVG. 0.14 NAN NAN 0.04
DAYS >= .01 29 25.6 3.4 MM
DAYS >= .10 17 13.7 3.3 MM
DAYS >= .50 8 4.6 3.4 MM
DAYS >= 1.00 3 2.0 1.0 MM
GREATEST
24 HR. TOTAL 4.21
SNOWFALL (INCHES)
RECORDS
TOTAL T 2010
TOTALS 0.0 MM MM 0.0
DEGREE DAYS
HEATING TOTAL 707 808 -101 504
SINCE 7/1 805 953 -148 MM
COOLING TOTAL 75 69 6 211
SINCE 1/1 49 40 9 MM
................................................................
WIND (MPH)
AVERAGE WIND SPEED 7.4
HIGHEST WIND SPEED/DIRECTION 37/310 DATE 12/10
HIGHEST GUST SPEED/DIRECTION 52/310 DATE 12/10
SKY COVER
AVERAGE SKY COVER 0.31
AVERAGE RH (PERCENT) 74
WEATHER CONDITIONS. NUMBER OF DAYS WITH
THUNDERSTORM 6 MIXED PRECIP 0
HEAVY RAIN 14 RAIN 20
LIGHT RAIN 35 FREEZING RAIN 0
LT FREEZING RAIN 0 HAIL 0
HEAVY SNOW 0 SNOW 0
LIGHT SNOW 0 SLEET 0
FOG 43 FOG W/VIS <= 1/4 MILE 5
HAZE 2
- INDICATES NEGATIVE NUMBERS.
R INDICATES RECORD WAS SET OR TIED.
MM INDICATES DATA IS MISSING.
T INDICATES TRACE AMOUNT.
$$