000
CXUS54 KFWD 010832
CF60F2
PRELIMINARY LOCAL CLIMATOLOGICAL DATA (WS FORM: F-6)
STATION: BOWIE
MONTH: FEBRUARY
YEAR: 2024
LATITUDE: 33 36 N
LONGITUDE: 97 47 W
TEMPERATURE IN F: :PCPN: SNOW: WIND :SUNSHINE: SKY :PK WND
================================================================================
1 2 3 4 5 6A 6B 7 8 9 10 11 12 13 14 15 16 17 18
12Z AVG MX 2MIN
DY MAX MIN AVG DEP HDD CDD WTR SNW DPTH SPD SPD DIR MIN PSBL S-S WX SPD DR
================================================================================
1 73 47 60 17 5 0 0.00 M M 6.5 13 160 M M 0 20 160
2 63 51 57 14 8 0 0.58 M M 10.4 22 190 M M 7 1 36 260
3 65 46 56 13 9 0 0.00 M M 7.3 16 130 M M 5 1 22 70
4 60 48 54 11 11 0 0.01 M M 11.7 21 340 M M 9 28 340
5 59 42 51 8 14 0 0.00 M M 11.7 17 330 M M 4 23 320
6 64 34 49 6 16 0 0.00 M M 2.2 7 170 M M 0 1 M M
7 64 46 55 11 10 0 0.00 M M 9.3 16 170 M M 1 24 160
8 70 49 60 16 5 0 0.00 M M 8.7 15 250 M M 0 22 280
9 68 45 57 13 8 0 0.00 M M 4.1 12 270 M M 0 22 240
10 60 46 53 9 12 0 0.01 M M 3.0 7 150 M M 6 M M
11 48 33 41 -3 24 0 0.49 M M 12.2 17 330 M M 10 1 24 360
12 52 33 43 -1 22 0 0.00 M M 11.1 16 330 M M 4 25 310
13 64 28 46 1 19 0 0.00 M M 3.6 10 230 M M 0 M M
14 67 39 53 8 12 0 0.00 M M 8.8 22 190 M M 0 28 190
15 69 41 55 10 10 0 0.00 M M 3.5 9 310 M M 0 12 M M
16 59 34 47 2 18 0 0.00 M M 11.4 23 350 M M 0 1 29 360
17 39 28 34 -12 31 0 0.00 M M 11.8 16 360 M M 4 26 20
18 54 25 40 -6 25 0 0.00 M M 3.5 9 260 M M 0 9 270
19 69 32 51 5 14 0 0.00 M M 5.7 12 210 M M 0 20 170
20 80 37 59 13 6 0 0.00 M M 5.0 14 170 M M 0 24 190
21 84 51 68 22 0 3 0.00 M M 9.7 22 190 M M 0 31 190
22 73 52 63 16 2 0 0.00 M M 10.7 17 320 M M 0 23 310
23 69 42 56 9 9 0 0.00 M M 7.7 14 320 M M 0 22 340
24 76 39 58 11 7 0 0.00 M M 5.0 12 220 M M 0 18 250
25 82 50 66 18 0 1 0.00 M M 7.1 16 230 M M 0 23 230
26 92 53 73 25 0 8 0.00 M M 8.4 15 250 M M 0 23 250
27 85 50 68 20 0 3 0.00 M M 8.5 21 360 M M 0 31 360
28 50 33 42 -6 23 0 0.00 M M 10.9 26 360 M M 0 32 360
29 42 34 38 -10 27 0 0.09 M M 3.3 12 150 M M 7 20 150
================================================================================
SM 1900 1188 347 15 1.18 M 223.0 M 57
================================================================================
AV 65.5 41.0 7.7 FASTST M M 2 MAX(MPH)
MISC ----> 26 360 36 260
================================================================================
NOTES:
# LAST OF SEVERAL OCCURRENCES
COLUMN 17 PEAK WIND IN M.P.H.
PRELIMINARY LOCAL CLIMATOLOGICAL DATA (WS FORM: F-6) , PAGE 2
STATION: BOWIE
MONTH: FEBRUARY
YEAR: 2024
LATITUDE: 33 36 N
LONGITUDE: 97 47 W
[TEMPERATURE DATA] [PRECIPITATION DATA] SYMBOLS USED IN COLUMN 16
AVERAGE MONTHLY: 53.2 TOTAL FOR MONTH: 1.18 1 = FOG OR MIST
DPTR FM NORMAL: 8.1 DPTR FM NORMAL: -1.26 2 = FOG REDUCING VISIBILITY
HIGHEST: 92 ON 26 GRTST 24HR 0.58 ON 2- 2 TO 1/4 MILE OR LESS
LOWEST: 25 ON 18 3 = THUNDER
SNOW, ICE PELLETS, HAIL 4 = ICE PELLETS
TOTAL MONTH: M 5 = HAIL
GRTST 24HR M ON M 6 = FREEZING RAIN OR DRIZZLE
GRTST DEPTH: M ON M 7 = DUSTSTORM OR SANDSTORM:
VSBY 1/2 MILE OR LESS
8 = SMOKE OR HAZE
[NO. OF DAYS WITH] [WEATHER - DAYS WITH] 9 = BLOWING SNOW
X = TORNADO
MAX 32 OR BELOW: 0 0.01 INCH OR MORE: 5
MAX 90 OR ABOVE: 1 0.10 INCH OR MORE: 2
MIN 32 OR BELOW: 4 0.50 INCH OR MORE: 1
MIN 0 OR BELOW: 0 1.00 INCH OR MORE: 0
[HDD (BASE 65) ]
TOTAL THIS MO. 347 CLEAR (SCALE 0-3) 20
DPTR FM NORMAL -210 PTCLDY (SCALE 4-7) 7
TOTAL FM JUL 1 2103 CLOUDY (SCALE 8-10) 2
DPTR FM NORMAL -440
[CDD (BASE 65) ]
TOTAL THIS MO. 15
DPTR FM NORMAL 13 [PRESSURE DATA]
TOTAL FM JAN 1 15 HIGHEST SLP M ON M
DPTR FM NORMAL 13 LOWEST SLP M ON M
[REMARKS]
#FINAL-02-24#