000
CXUS54 KHGX 030046
CF611R
PRELIMINARY LOCAL CLIMATOLOGICAL DATA (WS FORM: F-6)
STATION: BRENHAM
MONTH: MARCH
YEAR: 2024
LATITUDE: 30 13 N
LONGITUDE: 96 22 W
TEMPERATURE IN F: :PCPN: SNOW: WIND :SUNSHINE: SKY :PK WND
================================================================================
1 2 3 4 5 6A 6B 7 8 9 10 11 12 13 14 15 16 17 18
12Z AVG MX 2MIN
DY MAX MIN AVG DEP HDD CDD WTR SNW DPTH SPD SPD DIR MIN PSBL S-S WX SPD DR
================================================================================
1 69 47 58 M 7 0 M 0.0 0 2.1 6 340 M M 6 M M
2 76 48 62 M 3 0 0.00 0.0 0 4.6 10 130 M M 6 12 17 130
3 82 63 73 M 0 8 0.00 0.0 0 6.2 14 190 M M 7 1 18 190
4 85 69 77 M 0 12 0.00 0.0 0 5.4 9 180 M M 7 1 M M
5 88 67 78 M 0 13 0.00 0.0 0 2.4 8 230 M M 3 18 M M
6 81 67 74 M 0 9 0.00 0.0 0 5.2 9 120 M M 5 18 16 150
7 78 64 71 M 0 6 T 0.0 0 6.8 14 160 M M 8 1 21 160
8 81 59 70 M 0 5 T 0.0 0 7.8 24 340 M M 7 18 33 340
9 61 48 55 M 10 0 0.00 0.0 0 16.0 25 340 M M 5 31 330
10 68 42 55 M 10 0 0.00 0.0 0 1.8 7 40 M M 0 M M
11 73 54 64 M 1 0 0.00 0.0 0 2.9 9 170 M M 6 M M
12 79 54 67 M 0 2 0.00 0.0 0 5.7 13 190 M M 7 18 150
13 83 66 75 M 0 10 0.00 0.0 0 8.7 15 170 M M 9 1 21 180
14 84 73 79 M 0 14 T 0.0 0 11.1 17 180 M M 9 24 160
15 85 65 75 M 0 10 0.04 0.0 0 6.6 14 10 M M 7 13 22 10
16 70 64 67 M 0 2 0.02 0.0 0 3.4 9 90 M M 9 1 M M
17 71 61 66 M 0 1 0.28 0.0 0 7.1 15 280 M M 7 13 29 280
18 67 52 60 M 5 0 0.00 0.0 0 7.5 13 50 M M 3 20 40
19 67 41 54 M 11 0 0.00 0.0 0 3.1 7 160 M M 4 M M
20 68 50 59 M 6 0 0.00 0.0 0 2.9 9 150 M M 9 M M
21 65 57 61 M 4 0 2.36 0.0 0 3.7 10 100 M M 10 3 39 0
22 70 52 61 M 4 0 0.01 0.0 0 6.5 16 340 M M 5 1 24 330
23 75 52 64 M 1 0 M 0.0 0 1.8 6 30 M M 0 1 M M
24 74 58 66 M 0 1 M 0.0 0 10.7 20 160 M M 6 27 160
25 76 56 66 M 0 1 0.12 0.0 0 7.7 15 170 M M 6 23 160
26 66 47 57 M 8 0 M 0.0 0 6.0 14 350 M M 0 20 340
27 69 46 58 M 7 0 M 0.0 0 0.7 5 350 M M 4 20 0
28 76 46 61 M 4 0 0.00 0.0 0 2.9 10 170 M M 1 20 160
29 77 55 66 M 0 1 0.00 0.0 0 7.9 17 170 M M 1 25 170
30 78 58 68 M 0 3 0.00 0.0 0 5.8 13 210 M M 5 20 180
31 82 63 73 M 0 8 0.00 0.0 0 8.2 17 170 M M 9 1 23 180
================================================================================
SM 2324 1744 81 106 2.83 0.0 179.2 M 171
================================================================================
AV 75.0 56.3 5.8 FASTST M M 6 MAX(MPH)
MISC ----> 25 340 39 0
================================================================================
NOTES:
# LAST OF SEVERAL OCCURRENCES
COLUMN 17 PEAK WIND IN M.P.H.
PRELIMINARY LOCAL CLIMATOLOGICAL DATA (WS FORM: F-6) , PAGE 2
STATION: BRENHAM
MONTH: MARCH
YEAR: 2024
LATITUDE: 30 13 N
LONGITUDE: 96 22 W
[TEMPERATURE DATA] [PRECIPITATION DATA] SYMBOLS USED IN COLUMN 16
AVERAGE MONTHLY: 65.6 TOTAL FOR MONTH: 2.83 1 = FOG OR MIST
DPTR FM NORMAL: 13.2 DPTR FM NORMAL: -0.04 2 = FOG REDUCING VISIBILITY
HIGHEST: 88 ON 5 GRTST 24HR 2.36 ON 21-21 TO 1/4 MILE OR LESS
LOWEST: 41 ON 19 3 = THUNDER
SNOW, ICE PELLETS, HAIL 4 = ICE PELLETS
TOTAL MONTH: 0.0 INCH 5 = HAIL
GRTST 24HR 0.0 6 = FREEZING RAIN OR DRIZZLE
GRTST DEPTH: 0 7 = DUSTSTORM OR SANDSTORM:
VSBY 1/2 MILE OR LESS
8 = SMOKE OR HAZE
[NO. OF DAYS WITH] [WEATHER - DAYS WITH] 9 = BLOWING SNOW
X = TORNADO
MAX 32 OR BELOW: 0 0.01 INCH OR MORE: 6
MAX 90 OR ABOVE: 0 0.10 INCH OR MORE: 3
MIN 32 OR BELOW: 0 0.50 INCH OR MORE: 1
MIN 0 OR BELOW: 0 1.00 INCH OR MORE: 1
[HDD (BASE 65) ]
TOTAL THIS MO. 81 CLEAR (SCALE 0-3) 7
DPTR FM NORMAL M PTCLDY (SCALE 4-7) 17
TOTAL FM JUL 1 1204 CLOUDY (SCALE 8-10) 7
DPTR FM NORMAL M
[CDD (BASE 65) ]
TOTAL THIS MO. 106
DPTR FM NORMAL M [PRESSURE DATA]
TOTAL FM JAN 1 155 HIGHEST SLP M ON M
DPTR FM NORMAL M LOWEST SLP M ON M
[REMARKS]
#FINAL-03-24#