000
CXUS54 KHGX 011510
CF611R
PRELIMINARY LOCAL CLIMATOLOGICAL DATA (WS FORM: F-6)
STATION: BRENHAM
MONTH: DECEMBER
YEAR: 2021
LATITUDE: 30 13 N
LONGITUDE: 96 22 W
TEMPERATURE IN F: :PCPN: SNOW: WIND :SUNSHINE: SKY :PK WND
================================================================================
1 2 3 4 5 6A 6B 7 8 9 10 11 12 13 14 15 16 17 18
12Z AVG MX 2MIN
DY MAX MIN AVG DEP HDD CDD WTR SNW DPTH SPD SPD DIR MIN PSBL S-S WX SPD DR
================================================================================
1 78 46 62 M 3 0 0.00 0.0 0 1.7 9 200 M M 3 12 M M
2 79 53 66 M 0 1 0.00 0.0 0 1.9 8 210 M M 6 12 M M
3 80 64 72 M 0 7 0.00 0.0 0 5.0 14 200 M M 6 12 16 190
4 82 68 75 M 0 10 0.00 0.0 0 4.8 13 190 M M 7 1 18 190
5 82 68 75 M 0 10 0.00 0.0 0 8.8 16 200 M M 9 23 200
6 76 50 63 M 2 0 0.57 0.0 0 9.3 20 350 M M 5 32 220
7 69 46 58 M 7 0 0.00 0.0 0 5.0 8 190 M M 7 M M
8 75 62 69 M 0 4 0.00 0.0 0 4.5 13 160 M M 7 1 18 160
9 83 64 74 M 0 9 0.00 0.0 0 7.0 14 220 M M 9 1 20 220
10 84 74 79 M 0 14 0.00 0.0 0 13.2 27 200 M M 9 39 200
11 77 44 61 M 4 0 0.47 0.0 0 12.8 28 350 M M 5 38 350
12 62 36 49 M 16 0 0.00 0.0 0 1.8 7 90 M M 0 M M
13 65 45 55 M 10 0 0.15 0.0 0 0.1 4 240 M M 8 18 M M
14 81 65 73 M 0 8 0.02 0.0 0 6.7 13 170 M M 8 1 18 190
15 83 73 78 M 0 13 0.00 0.0 0 10.9 21 180 M M 9 25 M
16 83 72 78 M 0 13 0.00 0.0 0 7.4 13 170 M M 9 16 180
17 81 69 75 M 0 10 0.00 0.0 0 8.5 15 180 M M 8 22 180
18 73 51 62 M 3 0 0.31 0.0 0 11.7 23 350 M M 10 3 47 360
19 56 42 49 M 16 0 0.03 0.0 0 8.8 16 330 M M 5 24 10
20 59 42 51 M 14 0 0.05 0.0 0 1.9 7 70 M M 6 M M
21 64 37 51 M 14 0 0.00 0.0 0 0.5 5 280 M M 0 1 M M
22 73 46 60 M 5 0 0.00 0.0 0 4.7 12 180 M M 1 18 180
23 77 55 66 M 0 1 0.00 0.0 0 7.7 16 210 M M 5 22 190
24 79 62 71 M 0 6 0.00 0.0 0 11.3 20 180 M M 2 28 210
25 77 65 71 M 0 6 0.00 0.0 0 6.6 15 200 M M 4 1 22 200
26 81 65 73 M 0 8 0.00 0.0 0 9.7 20 180 M M 8 1 27 200
27 81 67 74 M 0 9 0.00 0.0 0 9.9 18 200 M M 8 25 200
28 82 68 75 M 0 10 0.00 0.0 0 8.5 17 220 M M 8 23 200
29 83 65 74 M 0 9 0.00 0.0 0 4.0 10 190 M M 6 1 M M
30 80 57 69 M 0 4 0.00 0.0 0 1.2 9 150 M M 4 12 M M
31 83 69 76 M 0 11 0.00 0.0 0 10.0 16 180 M M 9 1 24 170
================================================================================
SM 2368 1790 94 163 1.60 0.0 205.9 M 191
================================================================================
AV 76.4 57.7 6.6 FASTST M M 6 MAX(MPH)
MISC ----> 28 350 47 360
================================================================================
NOTES:
# LAST OF SEVERAL OCCURRENCES
COLUMN 17 PEAK WIND IN M.P.H.
PRELIMINARY LOCAL CLIMATOLOGICAL DATA (WS FORM: F-6) , PAGE 2
STATION: BRENHAM
MONTH: DECEMBER
YEAR: 2021
LATITUDE: 30 13 N
LONGITUDE: 96 22 W
[TEMPERATURE DATA] [PRECIPITATION DATA] SYMBOLS USED IN COLUMN 16
AVERAGE MONTHLY: 67.1 TOTAL FOR MONTH: 1.60 1 = FOG OR MIST
DPTR FM NORMAL: 14.7 DPTR FM NORMAL: -2.07 2 = FOG REDUCING VISIBILITY
HIGHEST: 84 ON 10 GRTST 24HR 0.57 ON 6- 6 TO 1/4 MILE OR LESS
LOWEST: 36 ON 12 3 = THUNDER
SNOW, ICE PELLETS, HAIL 4 = ICE PELLETS
TOTAL MONTH: 0.0 INCH 5 = HAIL
GRTST 24HR 0.0 6 = FREEZING RAIN OR DRIZZLE
GRTST DEPTH: 0 7 = DUSTSTORM OR SANDSTORM:
VSBY 1/2 MILE OR LESS
8 = SMOKE OR HAZE
[NO. OF DAYS WITH] [WEATHER - DAYS WITH] 9 = BLOWING SNOW
X = TORNADO
MAX 32 OR BELOW: 0 0.01 INCH OR MORE: 7
MAX 90 OR ABOVE: 0 0.10 INCH OR MORE: 4
MIN 32 OR BELOW: 0 0.50 INCH OR MORE: 1
MIN 0 OR BELOW: 0 1.00 INCH OR MORE: 0
[HDD (BASE 65) ]
TOTAL THIS MO. 94 CLEAR (SCALE 0-3) 5
DPTR FM NORMAL M PTCLDY (SCALE 4-7) 15
TOTAL FM JUL 1 280 CLOUDY (SCALE 8-10) 11
DPTR FM NORMAL M
[CDD (BASE 65) ]
TOTAL THIS MO. 163
DPTR FM NORMAL M [PRESSURE DATA]
TOTAL FM JAN 1 3286 HIGHEST SLP M ON M
DPTR FM NORMAL M LOWEST SLP M ON M
[REMARKS]
#FINAL-12-21#