000
CXUS54 KHGX 010719
CF611R
PRELIMINARY LOCAL CLIMATOLOGICAL DATA (WS FORM: F-6)
STATION: BRENHAM
MONTH: MARCH
YEAR: 2020
LATITUDE: 30 13 N
LONGITUDE: 96 22 W
TEMPERATURE IN F: :PCPN: SNOW: WIND :SUNSHINE: SKY :PK WND
================================================================================
1 2 3 4 5 6A 6B 7 8 9 10 11 12 13 14 15 16 17 18
12Z AVG MX 2MIN
DY MAX MIN AVG DEP HDD CDD WTR SNW DPTH SPD SPD DIR MIN PSBL S-S WX SPD DR
================================================================================
1 74 59 67 M 0 2 0.00 0.0 0 8.5 15 190 M M 9 25 180
2 79 67 73 M 0 8 0.00 0.0 0 8.6 14 180 M M 7 1 21 190
3 78 68 73 M 0 8 0.00 0.0 0 3.6 9 150 M M 8 12 M M
4 72 55 64 M 1 0 0.30 0.0 0 8.5 16 350 M M 10 1 28 50
5 73 50 62 M 3 0 0.00 0.0 0 9.8 15 340 M M 4 22 340
6 70 46 58 M 7 0 0.00 0.0 0 4.9 13 10 M M 0 21 80
7 62 41 52 M 13 0 0.00 0.0 0 3.7 9 120 M M 2 M M
8 75 46 61 M 4 0 0.00 0.0 0 9.5 17 140 M M 4 1 22 140
9 70 63 67 M 0 2 0.08 0.0 0 7.3 12 170 M M 9 21 150
10 81 61 71 M 0 6 0.00 0.0 0 3.6 8 170 M M 6 12 M M
11 82 63 73 M 0 8 0.00 0.0 0 7.8 12 210 M M 5 17 190
12 84 69 77 M 0 12 0.00 0.0 0 10.6 16 190 M M 6 23 180
13 83 68 76 M 0 11 0.00 0.0 0 8.1 13 160 M M 9 21 160
14 83 70 77 M 0 12 0.00 0.0 0 6.8 12 150 M M 7 21 160
15 79 66 73 M 0 8 0.02 0.0 0 3.8 9 360 M M 8 18 M M
16 74 63 69 M 0 4 0.00 0.0 0 2.5 6 130 M M 8 1 M M
17 84 69 77 M 0 12 0.00 0.0 0 7.4 15 170 M M 8 1 24 170
18 82 71 77 M 0 12 0.00 0.0 0 9.3 15 160 M M 8 21 160
19 82 72 77 M 0 12 0.02 0.0 0 9.4 16 170 M M 8 22 170
20 74 52 63 M 2 0 1.00 0.0 0 8.2 17 340 M M 10 13 24 10
21 58 50 54 M 11 0 1.16 0.0 0 6.5 10 10 M M 10 3 18 360
22 71 58 65 M 0 0 0.09 0.0 0 3.2 7 100 M M 10 1 M M
23 84 71 78 M 0 13 0.00 0.0 0 7.5 16 180 M M 7 1 23 180
24 86 69 78 M 0 13 0.00 0.0 0 5.8 15 220 M M 5 1 22 220
25 87 69 78 M 0 13 0.00 0.0 0 5.4 10 180 M M 6 18 M M
26 87 67 77 M 0 12 0.00 0.0 0 9.3 20 180 M M 5 18 25 180
27 89 68 79 M 0 14 0.00 0.0 0 9.6 22 180 M M 5 1 29 180
28 76 54 65 M 0 0 0.09 0.0 0 5.4 13 170 M M 6 1 21 170
29 78 49 64 M 1 0 0.04 0.0 0 2.4 7 350 M M 4 18 M M
30 78 63 71 M 0 6 0.00 0.0 0 4.3 10 130 M M 9 M M
31 72 53 63 M 2 0 0.00 0.0 0 8.3 18 360 M M 6 1 30 350
================================================================================
SM 2407 1890 44 188 2.80 0.0 209.6 M 209
================================================================================
AV 77.7 61.0 6.8 FASTST M M 7 MAX(MPH)
MISC ----> # 22 180 # 30 350
================================================================================
NOTES:
# LAST OF SEVERAL OCCURRENCES
COLUMN 17 PEAK WIND IN M.P.H.
PRELIMINARY LOCAL CLIMATOLOGICAL DATA (WS FORM: F-6) , PAGE 2
STATION: BRENHAM
MONTH: MARCH
YEAR: 2020
LATITUDE: 30 13 N
LONGITUDE: 96 22 W
[TEMPERATURE DATA] [PRECIPITATION DATA] SYMBOLS USED IN COLUMN 16
AVERAGE MONTHLY: 69.3 TOTAL FOR MONTH: 2.80 1 = FOG OR MIST
DPTR FM NORMAL: 16.9 DPTR FM NORMAL: -0.07 2 = FOG REDUCING VISIBILITY
HIGHEST: 89 ON 27 GRTST 24HR 1.16 ON 21-21 TO 1/4 MILE OR LESS
LOWEST: 41 ON 7 3 = THUNDER
SNOW, ICE PELLETS, HAIL 4 = ICE PELLETS
TOTAL MONTH: 0.0 INCH 5 = HAIL
GRTST 24HR 0.0 6 = FREEZING RAIN OR DRIZZLE
GRTST DEPTH: 0 7 = DUSTSTORM OR SANDSTORM:
VSBY 1/2 MILE OR LESS
8 = SMOKE OR HAZE
[NO. OF DAYS WITH] [WEATHER - DAYS WITH] 9 = BLOWING SNOW
X = TORNADO
MAX 32 OR BELOW: 0 0.01 INCH OR MORE: 9
MAX 90 OR ABOVE: 0 0.10 INCH OR MORE: 3
MIN 32 OR BELOW: 0 0.50 INCH OR MORE: 2
MIN 0 OR BELOW: 0 1.00 INCH OR MORE: 2
[HDD (BASE 65) ]
TOTAL THIS MO. 44 CLEAR (SCALE 0-3) 2
DPTR FM NORMAL M PTCLDY (SCALE 4-7) 20
TOTAL FM JUL 1 1262 CLOUDY (SCALE 8-10) 9
DPTR FM NORMAL M
[CDD (BASE 65) ]
TOTAL THIS MO. 188
DPTR FM NORMAL M [PRESSURE DATA]
TOTAL FM JAN 1 228 HIGHEST SLP M ON M
DPTR FM NORMAL M LOWEST SLP M ON M
[REMARKS]
#FINAL-03-20#