000
CXUS51 KBTV 010700
CF61V4
PRELIMINARY LOCAL CLIMATOLOGICAL DATA (WS FORM: F-6)
STATION: SAINT JOHNSBURY VT ASOS
MONTH: MARCH
YEAR: 2022
LATITUDE: 44 25 N
LONGITUDE: 72 1 W
TEMPERATURE IN F: :PCPN: SNOW: WIND :SUNSHINE: SKY :PK WND
================================================================================
1 2 3 4 5 6A 6B 7 8 9 10 11 12 13 14 15 16 17 18
12Z AVG MX 2MIN
DY MAX MIN AVG DEP HDD CDD WTR SNW DPTH SPD SPD DIR MIN PSBL S-S WX SPD DR
================================================================================
1 26 -5 11 -13 54 0 0.16 M M M M M M M 0 M M
2 31 16 24 0 41 0 0.02 M M M M M M M 0 M M
3 25 7 16 -8 49 0 0.07 M M M M M M M 0 M M
4 27 -8 10 -14 55 0 0.00 M M M M M M M 0 M M
5 36 7 22 -3 43 0 0.00 M M M M M M M 0 M M
6 56 29 43 18 22 0 0.14 M M M M M M M 0 M M
7 50 35 43 17 22 0 0.24 M M M M M M M 0 M M
8 35 20 28 2 37 0 0.00 M M M M M M M 0 M M
9 35 17 26 0 39 0 0.00 M M M M M M M 0 M M
10 46 24 35 8 30 0 0.00 M M M M M M M 0 M M
11 45 23 34 7 31 0 0.00 M M M M M M M 0 M M
12 39 18 29 1 36 0 0.54 M M M M M M M 0 M M
13 28 14 21 -7 44 0 0.01 M M M M M M M 0 M M
14 42 13 28 0 37 0 0.01 M M M M M M M 0 M M
15 47 32 40 11 25 0 0.05 M M M M M M M 0 M M
16 53 32 43 14 22 0 0.01 M M M M M M M 0 M M
17 62 31 47 17 18 0 0.00 M M M M M M M 0 M M
18 63 37 50 20 15 0 0.00 M M M M M M M 0 M M
19 49 38 44 14 21 0 0.25 M M M M M M M 0 M M
20 49 37 43 12 22 0 0.00 M M M M M M M 0 M M
21 46 32 39 8 26 0 0.01 M M M M M M M 0 M M
22 37 25 31 -1 34 0 0.00 M M M M M M M 0 M M
23 48 20 34 2 31 0 0.00 M M M M M M M 0 M M
24 43 32 38 6 27 0 0.25 M M M M M M M 0 M M
25 51 35 43 10 22 0 0.27 M M M M M M M 0 M M
26 45 34 40 7 25 0 0.00 M M M M M M M 0 M M
27 42 21 32 -2 33 0 0.00 M M M M M M M 0 M M
28 21 12 17 -17 48 0 0.01 M M M M M M M 0 M M
29 28 14 21 -13 44 0 0.00 M M M M M M M 0 M M
30 43 19 31 -4 34 0 0.03 M M M M M M M 0 M M
31 52 33 43 8 22 0 0.48 M M M M M M M 0 M M
================================================================================
SM 1300 694 1009 0 2.55 M M M 0
================================================================================
AV 41.9 22.4 M FASTST M M 0 MAX(MPH)
MISC ----> M M M M
================================================================================
NOTES:
# LAST OF SEVERAL OCCURRENCES
COLUMN 17 PEAK WIND IN M.P.H.
PRELIMINARY LOCAL CLIMATOLOGICAL DATA (WS FORM: F-6) , PAGE 2
STATION: SAINT JOHNSBURY VT ASOS
MONTH: MARCH
YEAR: 2022
LATITUDE: 44 25 N
LONGITUDE: 72 1 W
[TEMPERATURE DATA] [PRECIPITATION DATA] SYMBOLS USED IN COLUMN 16
AVERAGE MONTHLY: 32.2 TOTAL FOR MONTH: 2.55 1 = FOG OR MIST
DPTR FM NORMAL: 3.0 DPTR FM NORMAL: 0.13 2 = FOG REDUCING VISIBILITY
HIGHEST: 63 ON 18 GRTST 24HR 0.54 ON 12-12 TO 1/4 MILE OR LESS
LOWEST: -8 ON 4 3 = THUNDER
SNOW, ICE PELLETS, HAIL 4 = ICE PELLETS
TOTAL MONTH: M 5 = HAIL
GRTST 24HR M ON M 6 = FREEZING RAIN OR DRIZZLE
GRTST DEPTH: M ON M 7 = DUSTSTORM OR SANDSTORM:
VSBY 1/2 MILE OR LESS
8 = SMOKE OR HAZE
[NO. OF DAYS WITH] [WEATHER - DAYS WITH] 9 = BLOWING SNOW
X = TORNADO
MAX 32 OR BELOW: 7 0.01 INCH OR MORE: 17
MAX 90 OR ABOVE: 0 0.10 INCH OR MORE: 8
MIN 32 OR BELOW: 24 0.50 INCH OR MORE: 1
MIN 0 OR BELOW: 2 1.00 INCH OR MORE: 0
[HDD (BASE 65) ]
TOTAL THIS MO. 1009 CLEAR (SCALE 0-3) 31
DPTR FM NORMAL -101 PTCLDY (SCALE 4-7) 0
TOTAL FM JUL 1 6458 CLOUDY (SCALE 8-10) 0
DPTR FM NORMAL -433
[CDD (BASE 65) ]
TOTAL THIS MO. 0
DPTR FM NORMAL 0 [PRESSURE DATA]
TOTAL FM JAN 1 0 HIGHEST SLP M ON M
DPTR FM NORMAL 0 LOWEST SLP M ON M
[REMARKS]
#FINAL-03-22#