000
CXUS51 KBTV 010800
CF61V4
PRELIMINARY LOCAL CLIMATOLOGICAL DATA (WS FORM: F-6)
STATION: SAINT JOHNSBURY VT ASOS
MONTH: FEBRUARY
YEAR: 2022
LATITUDE: 44 25 N
LONGITUDE: 72 1 W
TEMPERATURE IN F: :PCPN: SNOW: WIND :SUNSHINE: SKY :PK WND
================================================================================
1 2 3 4 5 6A 6B 7 8 9 10 11 12 13 14 15 16 17 18
12Z AVG MX 2MIN
DY MAX MIN AVG DEP HDD CDD WTR SNW DPTH SPD SPD DIR MIN PSBL S-S WX SPD DR
================================================================================
1 30 -4 13 -4 52 0 0.00 M M M M M M M 0 M M
2 42 29 36 19 29 0 0.00 M M M M M M M 0 M M
3 42 21 32 15 33 0 0.46 M M M M M M M 0 M M
4 21 11 16 -1 49 0 0.72 M M M M M M M 0 M M
5 15 -8 4 -13 61 0 0.01 M M M M M M M 0 M M
6 20 -14 3 -14 62 0 0.00 M M M M M M M 0 M M
7 32 10 21 3 44 0 0.02 M M M M M M M 0 M M
8 38 29 34 16 31 0 0.00 M M M M M M M 0 M M
9 39 20 30 12 35 0 0.00 M M M M M M M 0 M M
10 38 26 32 14 33 0 0.08 M M M M M M M 0 M M
11 45 29 37 19 28 0 0.00 M M M M M M M 0 M M
12 49 18 34 16 31 0 0.00 M M M M M M M 0 M M
13 23 9 16 -3 49 0 0.00 M M M M M M M 0 M M
14 12 0 6 -13 59 0 0.00 M M M M M M M 0 M M
15 20 -6 7 -12 58 0 0.00 M M M M M M M 0 M M
16 38 -6 16 -3 49 0 0.00 M M M M M M M 0 M M
17 51 38 45 25 20 0 0.23 M M M M M M M 0 M M
18 51 11 31 11 34 0 0.22 M M M M M M M 0 M M
19 26 7 17 -3 48 0 0.05 M M M M M M M 0 M M
20 28 2 15 -5 50 0 0.00 M M M M M M M 0 M M
21 43 28 36 15 29 0 0.00 M M M M M M M 0 M M
22 43 26 35 14 30 0 0.30 M M M M M M M 0 M M
23 58 12 35 14 30 0 0.01 M M M M M M M 0 M M
24 24 8 16 -6 49 0 0.00 M M M M M M M 0 M M
25 18 10 14 -8 51 0 0.44 M M M M M M M 0 M M
26 25 4 15 -7 50 0 0.00 M M M M M M M 0 M M
27 32 11 22 -1 43 0 0.03 M M M M M M M 0 M M
28 16 -3 7 -16 58 0 0.00 M M M M M M M 0 M M
================================================================================
SM 919 318 1195 0 2.57 M M M 0
================================================================================
AV 32.8 11.4 M FASTST M M 0 MAX(MPH)
MISC ----> M M M M
================================================================================
NOTES:
# LAST OF SEVERAL OCCURRENCES
COLUMN 17 PEAK WIND IN M.P.H.
PRELIMINARY LOCAL CLIMATOLOGICAL DATA (WS FORM: F-6) , PAGE 2
STATION: SAINT JOHNSBURY VT ASOS
MONTH: FEBRUARY
YEAR: 2022
LATITUDE: 44 25 N
LONGITUDE: 72 1 W
[TEMPERATURE DATA] [PRECIPITATION DATA] SYMBOLS USED IN COLUMN 16
AVERAGE MONTHLY: 22.1 TOTAL FOR MONTH: 2.57 1 = FOG OR MIST
DPTR FM NORMAL: 2.7 DPTR FM NORMAL: 0.41 2 = FOG REDUCING VISIBILITY
HIGHEST: 58 ON 23 GRTST 24HR 0.72 ON 4- 4 TO 1/4 MILE OR LESS
LOWEST: -14 ON 6 3 = THUNDER
SNOW, ICE PELLETS, HAIL 4 = ICE PELLETS
TOTAL MONTH: M 5 = HAIL
GRTST 24HR M ON M 6 = FREEZING RAIN OR DRIZZLE
GRTST DEPTH: M ON M 7 = DUSTSTORM OR SANDSTORM:
VSBY 1/2 MILE OR LESS
8 = SMOKE OR HAZE
[NO. OF DAYS WITH] [WEATHER - DAYS WITH] 9 = BLOWING SNOW
X = TORNADO
MAX 32 OR BELOW: 15 0.01 INCH OR MORE: 12
MAX 90 OR ABOVE: 0 0.10 INCH OR MORE: 6
MIN 32 OR BELOW: 27 0.50 INCH OR MORE: 1
MIN 0 OR BELOW: 7 1.00 INCH OR MORE: 0
[HDD (BASE 65) ]
TOTAL THIS MO. 1195 CLEAR (SCALE 0-3) 28
DPTR FM NORMAL -83 PTCLDY (SCALE 4-7) 0
TOTAL FM JUL 1 5449 CLOUDY (SCALE 8-10) 0
DPTR FM NORMAL -331
[CDD (BASE 65) ]
TOTAL THIS MO. 0
DPTR FM NORMAL 0 [PRESSURE DATA]
TOTAL FM JAN 1 0 HIGHEST SLP M ON M
DPTR FM NORMAL 0 LOWEST SLP M ON M
[REMARKS]
#FINAL-02-22#