000
CXUS55 KBOU 010900
CF620V
PRELIMINARY LOCAL CLIMATOLOGICAL DATA (WS FORM: F-6)
STATION: KREMMLING
MONTH: OCTOBER
YEAR: 2023
LATITUDE: 40 3 N
LONGITUDE: 106 22 W
TEMPERATURE IN F: :PCPN: SNOW: WIND :SUNSHINE: SKY :PK WND
================================================================================
1 2 3 4 5 6A 6B 7 8 9 10 11 12 13 14 15 16 17 18
12Z AVG MX 2MIN
DY MAX MIN AVG DEP HDD CDD WTR SNW DPTH SPD SPD DIR MIN PSBL S-S WX SPD DR
================================================================================
1 77 37 57 M 8 0 M M M 6.5 22 210 M M 3 32 210
2 70 34 52 M 13 0 M M M 5.5 24 270 M M 5 31 250
3 55 34 45 M 20 0 M M M 5.9 22 250 M M 8 26 250
4 59 34 47 M 18 0 M M M 3.6 14 320 M M 6 23 320
5 64 34 49 M 16 0 M M M 2.9 10 340 M M 5 17 250
6 68 25 47 M 18 0 M M M 2.0 9 320 M M 0 17 360
7 72 25 49 M 16 0 M M M 1.9 12 320 M M 0 16 320
8 70 25 48 M 17 0 M M M 1.7 9 350 M M 0 16 350
9 70 23 47 M 18 0 M M M 1.3 9 340 M M 1 17 340
10 70 21 46 M 19 0 M M M 2.4 17 240 M M 2 25 10
11 59 30 45 M 20 0 M M M 3.6 17 260 M M 5 27 260
12 37 34 36 M 29 0 M M M 5.1 12 250 M M 10 17 260
13 48 28 38 M 27 0 M M M 1.8 6 40 M M 5 M M
14 55 23 39 M 26 0 M M M 1.5 15 280 M M 6 12 20 280
15 61 23 42 M 23 0 M M M 1.4 8 340 M M 1 M M
16 68 23 46 M 19 0 M M M 0.5 8 350 M M 0 M M
17 73 23 48 M 17 0 M M M 2.6 15 230 M M 0 25 220
18 68 32 50 M 15 0 M M M 4.1 13 290 M M 0 20 290
19 70 23 47 M 18 0 M M M 0.9 7 340 M M 0 M M
20 73 21 47 M 18 0 M M M 0.8 5 110 M M 0 M M
21 73 21 47 M 18 0 M M M 1.3 8 240 M M 0 16 130
22 70 25 48 M 17 0 M M M 2.5 14 240 M M 1 18 290
23 68 23 46 M 19 0 M M M 2.9 16 260 M M 0 22 260
24 68 21 45 M 20 0 M M M 3.1 20 260 M M 1 30 260
25 64 21 43 M 22 0 M M M 3.8 14 250 M M 0 22 230
26 59 23 41 M 24 0 M M M 9.0 25 240 M M 4 35 260
27 54 21 38 M 27 0 M M M 5.0 20 250 M M 4 32 260
28 37 27 32 M 33 0 M M M 4.0 12 340 M M 10 18 340
29 30 10 20 M 45 0 M M M 7.6 15 330 M M 5 23 330
30 32 1 17 M 48 0 M M M 1.3 6 120 M M 0 M M
31 37 7 22 M 43 0 M M M 1.2 7 110 M M 0 M M
================================================================================
SM 1879 752 691 0 M M 97.7 M 82
================================================================================
AV 60.6 24.3 3.2 FASTST M M 3 MAX(MPH)
MISC ----> 25 240 35 260
================================================================================
NOTES:
# LAST OF SEVERAL OCCURRENCES
COLUMN 17 PEAK WIND IN M.P.H.
PRELIMINARY LOCAL CLIMATOLOGICAL DATA (WS FORM: F-6) , PAGE 2
STATION: KREMMLING
MONTH: OCTOBER
YEAR: 2023
LATITUDE: 40 3 N
LONGITUDE: 106 22 W
[TEMPERATURE DATA] [PRECIPITATION DATA] SYMBOLS USED IN COLUMN 16
AVERAGE MONTHLY: 42.4 TOTAL FOR MONTH: M 1 = FOG OR MIST
DPTR FM NORMAL: 0.0 DPTR FM NORMAL: M 2 = FOG REDUCING VISIBILITY
HIGHEST: 77 ON 1 GRTST 24HR M ON M TO 1/4 MILE OR LESS
LOWEST: 1 ON 30 3 = THUNDER
SNOW, ICE PELLETS, HAIL 4 = ICE PELLETS
TOTAL MONTH: M 5 = HAIL
GRTST 24HR M ON M 6 = FREEZING RAIN OR DRIZZLE
GRTST DEPTH: M ON M 7 = DUSTSTORM OR SANDSTORM:
VSBY 1/2 MILE OR LESS
8 = SMOKE OR HAZE
[NO. OF DAYS WITH] [WEATHER - DAYS WITH] 9 = BLOWING SNOW
X = TORNADO
MAX 32 OR BELOW: 2 0.01 INCH OR MORE: 0
MAX 90 OR ABOVE: 0 0.10 INCH OR MORE: 0
MIN 32 OR BELOW: 25 0.50 INCH OR MORE: 0
MIN 0 OR BELOW: 0 1.00 INCH OR MORE: 0
[HDD (BASE 65) ]
TOTAL THIS MO. 691 CLEAR (SCALE 0-3) 18
DPTR FM NORMAL M PTCLDY (SCALE 4-7) 11
TOTAL FM JUL 1 1146 CLOUDY (SCALE 8-10) 2
DPTR FM NORMAL M
[CDD (BASE 65) ]
TOTAL THIS MO. 0
DPTR FM NORMAL M [PRESSURE DATA]
TOTAL FM JAN 1 50 HIGHEST SLP M ON M
DPTR FM NORMAL M LOWEST SLP M ON M
[REMARKS]
#FINAL-10-23#