000
CXUS54 KFWD 010730
CF6ACT
PRELIMINARY LOCAL CLIMATOLOGICAL DATA (WS FORM: F-6)
STATION: WACO
MONTH: MAY
YEAR: 2023
LATITUDE: 31 37 N
LONGITUDE: 97 13 W
TEMPERATURE IN F: :PCPN: SNOW: WIND :SUNSHINE: SKY :PK WND
================================================================================
1 2 3 4 5 6A 6B 7 8 9 10 11 12 13 14 15 16 17 18
12Z AVG MX 2MIN
DY MAX MIN AVG DEP HDD CDD WTR SNW DPTH SPD SPD DIR MIN PSBL S-S WX SPD DR
================================================================================
1 77 50 64 -6 1 0 0.00 0.0 0 7.9 16 60 M M 0 20 90
2 81 53 67 -3 0 2 0.00 0.0 0 4.4 12 120 M M 4 15 120
3 82 60 71 1 0 6 0.00 0.0 0 4.7 15 150 M M 2 1 20 130
4 80 63 72 1 0 7 1.19 0.0 0 11.1 24 300 M M 4 13 36 300
5 90 65 78 7 0 13 T 0.0 0 14.1 41 180 M M 5 138 58 180
6 85 62 74 3 0 9 T 0.0 0 11.1 29 170 M M 4 18 40 190
7 84 65 75 3 0 10 T 0.0 0 10.9 22 180 M M 5 13 30 170
8 88 66 77 5 0 12 T 0.0 0 12.1 26 150 M M 2 18 33 140
9 80 67 74 2 0 9 T 0.0 0 9.0 17 150 M M 5 1 22 130
10 72 64 68 -4 0 3 1.73 0.0 0 3.5 9 70 M M 7 123 14 70
11 87 67 77 4 0 12 T 0.0 0 12.0 21 150 M M 6 18 28 170
12 86 74 80 7 0 15 T 0.0 0 12.7 22 150 M M 7 18 28 150
13 77 64 71 -2 0 6 0.28 0.0 0 4.7 33 260 M M 5 13 49 250
14 79 66 73 -1 0 8 0.12 0.0 0 4.1 9 30 M M 6 1 12 180
15 86 61 74 0 0 9 0.26 0.0 0 3.9 20 180 M M 3 123 26 170
16 79 64 72 -2 0 7 0.00 0.0 0 4.7 12 330 M M 5 1 16 340
17 84 58 71 -4 0 6 0.00 0.0 0 3.1 10 40 M M 0 1 16 30
18 87 61 74 -1 0 9 0.00 0.0 0 5.4 14 140 M M 0 1 21 110
19 90 66 78 3 0 13 0.68 0.0 0 10.7 28 230 M M 2 13 42 10
20 80 62 71 -5 0 6 0.10 0.0 0 9.2 18 10 M M 4 18 29 350
21 76 60 68 -8 0 3 0.00 0.0 0 3.3 10 10 M M 1 1 13 360
22 83 58 71 -5 0 6 0.00 0.0 0 3.5 9 110 M M 1 1 13 170
23 86 65 76 0 0 11 0.04 0.0 0 6.9 18 280 M M 2 13 28 270
24 81 63 72 -5 0 7 0.86 0.0 0 5.6 37 120 M M 3 13 46 120
25 82 64 73 -4 0 8 0.00 0.0 0 5.2 12 60 M M 2 1 22 100
26 87 61 74 -3 0 9 0.00 0.0 0 4.8 14 90 M M 1 1 20 90
27 85 60 73 -5 0 8 0.00 0.0 0 4.8 13 130 M M 2 18 16 180
28 85 67 76 -2 0 11 0.00 0.0 0 6.5 16 170 M M 3 21 180
29 88 63 76 -2 0 11 T 0.0 0 6.4 23 170 M M 1 3 29 180
30 87 64 76 -3 0 11 0.00 0.0 0 5.8 28 120 M M 1 13 34 120
31 87 65 76 -3 0 11 0.00 0.0 0 6.6 14 150 M M 1 27 140
================================================================================
SM 2581 1948 1 258 5.26 0.0 218.7 M 94
================================================================================
AV 83.3 62.8 7.1 FASTST M M 3 MAX(MPH)
MISC ----> 41 180 58 180
================================================================================
NOTES:
# LAST OF SEVERAL OCCURRENCES
COLUMN 17 PEAK WIND IN M.P.H.
PRELIMINARY LOCAL CLIMATOLOGICAL DATA (WS FORM: F-6) , PAGE 2
STATION: WACO
MONTH: MAY
YEAR: 2023
LATITUDE: 31 37 N
LONGITUDE: 97 13 W
[TEMPERATURE DATA] [PRECIPITATION DATA] SYMBOLS USED IN COLUMN 16
AVERAGE MONTHLY: 73.0 TOTAL FOR MONTH: 5.26 1 = FOG OR MIST
DPTR FM NORMAL: -1.3 DPTR FM NORMAL: 0.82 2 = FOG REDUCING VISIBILITY
HIGHEST: 90 ON 19, 5 GRTST 24HR 1.73 ON 9-10 TO 1/4 MILE OR LESS
LOWEST: 50 ON 1 3 = THUNDER
SNOW, ICE PELLETS, HAIL 4 = ICE PELLETS
TOTAL MONTH: 0.0 INCH 5 = HAIL
GRTST 24HR 0.0 6 = FREEZING RAIN OR DRIZZLE
GRTST DEPTH: 0 7 = DUSTSTORM OR SANDSTORM:
VSBY 1/2 MILE OR LESS
8 = SMOKE OR HAZE
[NO. OF DAYS WITH] [WEATHER - DAYS WITH] 9 = BLOWING SNOW
X = TORNADO
MAX 32 OR BELOW: 0 0.01 INCH OR MORE: 9
MAX 90 OR ABOVE: 2 0.10 INCH OR MORE: 8
MIN 32 OR BELOW: 0 0.50 INCH OR MORE: 4
MIN 0 OR BELOW: 0 1.00 INCH OR MORE: 2
[HDD (BASE 65) ]
TOTAL THIS MO. 1 CLEAR (SCALE 0-3) 16
DPTR FM NORMAL -7 PTCLDY (SCALE 4-7) 15
TOTAL FM JUL 1 2011 CLOUDY (SCALE 8-10) 0
DPTR FM NORMAL -67
[CDD (BASE 65) ]
TOTAL THIS MO. 258
DPTR FM NORMAL -39 [PRESSURE DATA]
TOTAL FM JAN 1 367 HIGHEST SLP M ON M
DPTR FM NORMAL -95 LOWEST SLP 29.71 ON 11
[REMARKS]
#FINAL-05-23#