000
CXUS51 KPHI 011834
CF6ACY
PRELIMINARY LOCAL CLIMATOLOGICAL DATA (WS FORM: F-6)
STATION: ATLANTIC CITY AIRPORT NJ
MONTH: FEBRUARY
YEAR: 2024
LATITUDE: 39 27 N
LONGITUDE: 74 34 W
TEMPERATURE IN F: :PCPN: SNOW: WIND :SUNSHINE: SKY :PK WND
================================================================================
1 2 3 4 5 6A 6B 7 8 9 10 11 12 13 14 15 16 17 18
12Z AVG MX 2MIN
DY MAX MIN AVG DEP HDD CDD WTR SNW DPTH SPD SPD DIR MIN PSBL S-S WX SPD DR
================================================================================
1 51 25 38 4 27 0 0.00 0.0 0 4.6 15 220 M M 5 22 200
2 43 36 40 6 25 0 0.13 0.0 0 6.6 17 360 M M 10 1 28 340
3 46 26 36 2 29 0 0.00 0.0 0 5.8 15 340 M M 5 22 330
4 49 23 36 2 29 0 0.00 0.0 0 1.9 6 330 M M 0 12 330
5 47 25 36 2 29 0 0.00 0.0 0 4.6 12 130 M M 0 17 160
6 43 24 34 -1 31 0 0.00 0.0 0 8.0 16 50 M M 0 22 20
7 49 22 36 1 29 0 0.00 0.0 0 4.0 13 30 M M 0 21 340
8 55 23 39 4 26 0 0.00 0.0 0 3.8 13 140 M M 0 16 140
9 54 39 47 12 18 0 0.00 0.0 0 5.7 12 130 M M 0 20 140
10 61 39 50 15 15 0 0.00 0.0 0 3.8 12 200 M M 2 15 210
11 50 35 43 8 22 0 T 0.0 0 2.7 13 350 M M 4 1 16 360
12 48 38 43 8 22 0 0.14 0.0 0 5.7 16 80 M M 6 1 21 100
13 41 34 38 2 27 0 0.55 T 0 15.2 26 50 M M 8 1 38 40
14 41 25 33 -3 32 0 0.00 0.0 0 13.0 26 310 M M 3 37 300
15 41 22 32 -4 33 0 0.00 0.0 0 8.3 16 200 M M 1 25 200
16 45 31 38 2 27 0 0.00 0.0 0 11.9 30 300 M M 1 43 290
17 38 26 32 -4 33 0 0.26 1.4 1 11.4 26 290 M M 7 1 37 310
18 44 21 33 -3 32 0 0.00 0.0 T 8.7 23 230 M M 0 35 220
19 47 22 35 -2 30 0 0.00 0.0 0 5.1 16 320 M M 0 21 310
20 41 20 31 -6 34 0 0.00 0.0 0 6.2 15 60 M M 0 21 40
21 43 20 32 -5 33 0 0.00 0.0 0 6.8 16 100 M M 7 22 90
22 46 23 35 -2 30 0 0.06 0.0 0 6.7 15 190 M M 4 1 24 190
23 50 39 45 7 20 0 0.21 0.0 0 6.5 18 180 M M 6 1 29 200
24 45 27 36 -2 29 0 0.07 T 0 8.5 17 320 M M 4 1 22 300
25 41 19 30 -8 35 0 0.00 0.0 0 6.2 14 160 M M 0 20 180
26 58 33 46 8 19 0 0.00 0.0 0 5.8 14 160 M M 0 1 21 220
27 59 36 48 10 17 0 0.12 0.0 0 10.6 23 200 M M 4 1 39 180
28 59 45 52 14 13 0 0.19 0.0 0 15.1 37 310 M M 8 1 54 280
29 45 25 35 -4 30 0 0.00 0.0 0 13.7 38 310 M M 0 50 300
================================================================================
SM 1380 823 776 0 1.73 1.4 216.9 M 85
================================================================================
AV 47.6 28.4 7.5 FASTST M M 3 MAX(MPH)
MISC ----> 38 310 54 280
================================================================================
NOTES:
# LAST OF SEVERAL OCCURRENCES
COLUMN 17 PEAK WIND IN M.P.H.
PRELIMINARY LOCAL CLIMATOLOGICAL DATA (WS FORM: F-6) , PAGE 2
STATION: ATLANTIC CITY AIRPORT NJ
MONTH: FEBRUARY
YEAR: 2024
LATITUDE: 39 27 N
LONGITUDE: 74 34 W
[TEMPERATURE DATA] [PRECIPITATION DATA] SYMBOLS USED IN COLUMN 16
AVERAGE MONTHLY: 38.0 TOTAL FOR MONTH: 1.73 1 = FOG OR MIST
DPTR FM NORMAL: 2.0 DPTR FM NORMAL: -1.50 2 = FOG REDUCING VISIBILITY
HIGHEST: 61 ON 10 GRTST 24HR 0.69 ON 12-13 TO 1/4 MILE OR LESS
LOWEST: 19 ON 25 3 = THUNDER
SNOW, ICE PELLETS, HAIL 4 = ICE PELLETS
TOTAL MONTH: 1.4 INCHES 5 = HAIL
GRTST 24HR 1.4 ON 17-17 6 = FREEZING RAIN OR DRIZZLE
GRTST DEPTH: 1 ON 17 7 = DUSTSTORM OR SANDSTORM:
VSBY 1/2 MILE OR LESS
8 = SMOKE OR HAZE
[NO. OF DAYS WITH] [WEATHER - DAYS WITH] 9 = BLOWING SNOW
X = TORNADO
MAX 32 OR BELOW: 0 0.01 INCH OR MORE: 9
MAX 90 OR ABOVE: 0 0.10 INCH OR MORE: 7
MIN 32 OR BELOW: 19 0.50 INCH OR MORE: 1
MIN 0 OR BELOW: 0 1.00 INCH OR MORE: 0
[HDD (BASE 65) ]
TOTAL THIS MO. 776 CLEAR (SCALE 0-3) 16
DPTR FM NORMAL -36 PTCLDY (SCALE 4-7) 11
TOTAL FM JUL 1 3160 CLOUDY (SCALE 8-10) 2
DPTR FM NORMAL -333
[CDD (BASE 65) ]
TOTAL THIS MO. 0
DPTR FM NORMAL 0 [PRESSURE DATA]
TOTAL FM JAN 1 0 HIGHEST SLP 30.51 ON 20
DPTR FM NORMAL 0 LOWEST SLP 29.33 ON 13
[REMARKS]
#FINAL-02-24#