000
CXUS54 KLZK 011130
CF6ADF
PRELIMINARY LOCAL CLIMATOLOGICAL DATA (WS FORM: F-6)
STATION: ARKADELPHIA AIRPORT
MONTH: JUNE
YEAR: 2022
LATITUDE: 34 9 N
LONGITUDE: 93 4 W
TEMPERATURE IN F: :PCPN: SNOW: WIND :SUNSHINE: SKY :PK WND
================================================================================
1 2 3 4 5 6A 6B 7 8 9 10 11 12 13 14 15 16 17 18
12Z AVG MX 2MIN
DY MAX MIN AVG DEP HDD CDD WTR SNW DPTH SPD SPD DIR MIN PSBL S-S WX SPD DR
================================================================================
1 91 69 80 6 0 15 0.00 M M 3.1 10 20 M M 2 M M
2 76 66 71 -3 0 6 1.61 M M 3.9 14 20 M M 7 13 20 280
3 82 63 73 -2 0 8 0.00 M M 4.3 8 30 M M 1 M M
4 85 59 72 -3 0 7 0.00 M M 0.9 6 20 M M 0 M M
5 87 60 74 -1 0 9 0.00 M M 2.0 8 170 M M 0 M M
6 88 64 76 0 0 11 0.18 M M 3.1 13 200 M M 5 1 18 200
7 83 68 76 0 0 11 0.23 M M 2.9 15 250 M M 5 13 38 250
8 81 66 74 -2 0 9 0.75 M M 3.0 15 330 M M 5 13 22 330
9 85 64 75 -1 0 10 0.00 M M 0.8 5 10 M M 1 8 M M
10 78 67 73 -3 0 8 1.68 M M 2.6 37 300 M M 4 138 48 310
11 88 66 77 0 0 12 0.05 M M 1.2 6 200 M M 5 1 M M
12 94 75 85 8 0 20 0.00 M M 4.7 12 200 M M 2 128 M M
13 93 75 84 7 0 19 0.00 M M 4.6 12 200 M M 0 1 M M
14 93 73 83 6 0 18 0.00 M M 4.2 12 180 M M 1 1 M M
15 93 72 83 6 0 18 0.00 M M 4.9 10 200 M M 2 18 M M
16 95 73 84 6 0 19 0.00 M M 1.8 7 250 M M 1 1 M M
17 96 73 85 7 0 20 0.00 M M 0.8 5 20 M M 1 1 M M
18 95 74 85 7 0 20 0.10 M M 1.1 8 190 M M 1 138 M M
19 88 63 76 -2 0 11 0.00 M M 4.0 7 70 M M 0 1 M M
20 93 60 77 -1 0 12 0.00 M M 1.9 7 170 M M 0 8 M M
21 95 66 81 3 0 16 0.00 M M 1.7 7 220 M M 0 M M
22 96 72 84 5 0 19 0.00 M M 1.2 6 200 M M 1 1 M M
23 96 72 84 5 0 19 0.00 M M 1.0 8 30 M M 0 18 M M
24 96 73 85 6 0 20 0.00 M M 0.9 3 99 M M 1 1 M M
25 98 73 86 7 0 21 0.00 M M 1.6 7 99 M M 0 1 M M
26 96 74 85 6 0 20 0.49 M M 1.5 13 70 M M 2 138 28 40
27 84 63 74 -5 0 9 0.00 M M 5.2 14 10 M M 3 22 30
28 79 59 69 -11 0 4 0.00 M M 2.5 9 20 M M 0 M M
29 90 56 73 -7 0 8 0.00 M M 1.2 4 10 M M 0 M M
30 93 65 79 -1 0 14 0.00 M M 1.2 6 180 M M 1 1 M M
================================================================================
SM 2687 2023 0 413 5.09 M 73.6 M 51
================================================================================
AV 89.6 67.4 2.5 FASTST M M 2 MAX(MPH)
MISC ----> 37 300 48 310
================================================================================
NOTES:
# LAST OF SEVERAL OCCURRENCES
COLUMN 17 PEAK WIND IN M.P.H.
PRELIMINARY LOCAL CLIMATOLOGICAL DATA (WS FORM: F-6) , PAGE 2
STATION: ARKADELPHIA AIRPORT
MONTH: JUNE
YEAR: 2022
LATITUDE: 34 9 N
LONGITUDE: 93 4 W
[TEMPERATURE DATA] [PRECIPITATION DATA] SYMBOLS USED IN COLUMN 16
AVERAGE MONTHLY: 78.5 TOTAL FOR MONTH: 5.09 1 = FOG OR MIST
DPTR FM NORMAL: 1.1 DPTR FM NORMAL: 1.16 2 = FOG REDUCING VISIBILITY
HIGHEST: 98 ON 25 GRTST 24HR 1.68 ON 10-10 TO 1/4 MILE OR LESS
LOWEST: 56 ON 29 3 = THUNDER
SNOW, ICE PELLETS, HAIL 4 = ICE PELLETS
TOTAL MONTH: M 5 = HAIL
GRTST 24HR M ON M 6 = FREEZING RAIN OR DRIZZLE
GRTST DEPTH: M ON M 7 = DUSTSTORM OR SANDSTORM:
VSBY 1/2 MILE OR LESS
8 = SMOKE OR HAZE
[NO. OF DAYS WITH] [WEATHER - DAYS WITH] 9 = BLOWING SNOW
X = TORNADO
MAX 32 OR BELOW: 0 0.01 INCH OR MORE: 8
MAX 90 OR ABOVE: 17 0.10 INCH OR MORE: 7
MIN 32 OR BELOW: 0 0.50 INCH OR MORE: 3
MIN 0 OR BELOW: 0 1.00 INCH OR MORE: 2
[HDD (BASE 65) ]
TOTAL THIS MO. 0 CLEAR (SCALE 0-3) 24
DPTR FM NORMAL 0 PTCLDY (SCALE 4-7) 6
TOTAL FM JUL 1 2713 CLOUDY (SCALE 8-10) 0
DPTR FM NORMAL -314
[CDD (BASE 65) ]
TOTAL THIS MO. 413
DPTR FM NORMAL 42 [PRESSURE DATA]
TOTAL FM JAN 1 746 HIGHEST SLP M ON M
DPTR FM NORMAL 138 LOWEST SLP M ON M
[REMARKS]
#FINAL-06-22#