000
CXUS54 KLZK 011130
CF6ADF
PRELIMINARY LOCAL CLIMATOLOGICAL DATA (WS FORM: F-6)
STATION: ARKADELPHIA AIRPORT
MONTH: SEPTEMBER
YEAR: 2021
LATITUDE: 34 9 N
LONGITUDE: 93 4 W
TEMPERATURE IN F: :PCPN: SNOW: WIND :SUNSHINE: SKY :PK WND
================================================================================
1 2 3 4 5 6A 6B 7 8 9 10 11 12 13 14 15 16 17 18
12Z AVG MX 2MIN
DY MAX MIN AVG DEP HDD CDD WTR SNW DPTH SPD SPD DIR MIN PSBL S-S WX SPD DR
================================================================================
1 102 73 88 10 0 23 0.24 M M 3.1 31 270 M M 2 3 58 180
2 92 75 84 6 0 19 M M M 1.3 5 70 M M 2 8 M M
3 92 72 82 4 0 17 M M M 1.3 5 160 M M 2 M M
4 94 76 85 8 0 20 0.00 0.0 0 2.6 10 230 M M 2 M M
5 90 73 82 5 0 17 M 0.0 0 4.1 10 30 M M 3 18 16 30
6 91 62 77 0 0 12 M M M 2.8 7 99 M M 1 128 M M
7 92 57 75 -1 0 10 M M M 1.3 8 10 M M 0 M M
8 92 59 76 0 0 11 M M M 2.8 10 340 M M 2 M M
9 90 52 71 -5 0 6 0.00 0.0 M 2.4 15 10 M M 0 20 10
10 93 54 74 -2 0 9 0.00 0.0 0 1.3 6 140 M M 0 M M
11 92 57 75 0 0 10 M M M 1.4 7 180 M M 0 M M
12 92 55 74 -1 0 9 0.00 0.0 0 2.5 9 170 M M 1 8 M M
13 87 68 78 4 0 13 T 0.0 M 2.7 12 170 M M 5 20 270
14 90 69 80 6 0 15 0.00 0.0 0 2.6 9 170 M M 6 M M
15 90 68 79 5 0 14 M M M 2.5 7 99 M M 3 M M
16 90 66 78 5 0 13 M M M 4.3 9 80 M M 4 M M
17 88 66 77 4 0 12 0.01 M M 4.6 9 30 M M 7 M M
18 91 71 81 8 0 16 M M M 4.3 10 20 M M 5 16 50
19 87 70 79 7 0 14 M M M 2.2 7 360 M M 5 M M
20 92 66 79 7 0 14 M M M 1.7 7 170 M M 5 1 M M
21 85 56 71 -1 0 6 0.07 M M 4.1 13 360 M M 5 1 20 350
22 81 49 65 -6 0 0 M M M 5.5 14 350 M M 0 1 21 350
23 82 43 63 -8 2 0 M M M 1.4 6 350 M M 0 M M
24 85 44 65 -5 0 0 M M M 1.2 6 170 M M 0 M M
25 90 47 69 -1 0 4 M M M 1.9 12 360 M M 0 M M
26 90 50 70 0 0 5 M M M 2.5 10 170 M M 0 M M
27 89 52 71 2 0 6 0.02 M M 3.2 12 170 M M 1 M M
28 85 61 73 4 0 8 T M M 1.4 8 170 M M 5 1 M M
29 81 64 73 5 0 8 M M M 1.3 6 160 M M 7 12 M M
30 87 63 75 7 0 10 M M M 1.2 6 160 M M 5 1 M M
================================================================================
SM 2682 1838 2 321 0.34 0.0 75.6 M 78
================================================================================
AV 89.4 61.3 2.5 FASTST M M 3 MAX(MPH)
MISC ----> 31 270 58 180
================================================================================
NOTES:
# LAST OF SEVERAL OCCURRENCES
COLUMN 17 PEAK WIND IN M.P.H.
PRELIMINARY LOCAL CLIMATOLOGICAL DATA (WS FORM: F-6) , PAGE 2
STATION: ARKADELPHIA AIRPORT
MONTH: SEPTEMBER
YEAR: 2021
LATITUDE: 34 9 N
LONGITUDE: 93 4 W
[TEMPERATURE DATA] [PRECIPITATION DATA] SYMBOLS USED IN COLUMN 16
AVERAGE MONTHLY: 75.3 TOTAL FOR MONTH: 0.34 1 = FOG OR MIST
DPTR FM NORMAL: 1.9 DPTR FM NORMAL: -3.20 2 = FOG REDUCING VISIBILITY
HIGHEST: 102 ON 1 GRTST 24HR 0.24 ON 1- 1 TO 1/4 MILE OR LESS
LOWEST: 43 ON 23 3 = THUNDER
SNOW, ICE PELLETS, HAIL 4 = ICE PELLETS
TOTAL MONTH: 0.0 INCH 5 = HAIL
GRTST 24HR 0.0 6 = FREEZING RAIN OR DRIZZLE
GRTST DEPTH: 0 7 = DUSTSTORM OR SANDSTORM:
VSBY 1/2 MILE OR LESS
8 = SMOKE OR HAZE
[NO. OF DAYS WITH] [WEATHER - DAYS WITH] 9 = BLOWING SNOW
X = TORNADO
MAX 32 OR BELOW: 0 0.01 INCH OR MORE: 4
MAX 90 OR ABOVE: 19 0.10 INCH OR MORE: 1
MIN 32 OR BELOW: 0 0.50 INCH OR MORE: 0
MIN 0 OR BELOW: 0 1.00 INCH OR MORE: 0
[HDD (BASE 65) ]
TOTAL THIS MO. 2 CLEAR (SCALE 0-3) 19
DPTR FM NORMAL -14 PTCLDY (SCALE 4-7) 11
TOTAL FM JUL 1 2 CLOUDY (SCALE 8-10) 0
DPTR FM NORMAL -13
[CDD (BASE 65) ]
TOTAL THIS MO. 321
DPTR FM NORMAL 52 [PRESSURE DATA]
TOTAL FM JAN 1 2083 HIGHEST SLP M ON M
DPTR FM NORMAL 235 LOWEST SLP M ON M
[REMARKS]
#FINAL-09-21#