000
CXUS52 KCAE 011400
CF6AGS
PRELIMINARY LOCAL CLIMATOLOGICAL DATA (WS FORM: F-6)
STATION: AUGUSTA BUSH FIELD GA
MONTH: JUNE
YEAR: 2023
LATITUDE: 33 22 N
LONGITUDE: 81 58 W
TEMPERATURE IN F: :PCPN: SNOW: WIND :SUNSHINE: SKY :PK WND
================================================================================
1 2 3 4 5 6A 6B 7 8 9 10 11 12 13 14 15 16 17 18
12Z AVG MX 2MIN
DY MAX MIN AVG DEP HDD CDD WTR SNW DPTH SPD SPD DIR MIN PSBL S-S WX SPD DR
================================================================================
1 83 59 71 -6 0 6 0.00 0.0 0 3.9 13 30 M M 1 1 17 50
2 85 61 73 -4 0 8 0.00 0.0 0 5.2 17 30 M M 4 20 30
3 88 60 74 -3 0 9 0.00 0.0 0 4.4 14 30 M M 3 1 21 60
4 83 61 72 -6 0 7 0.00 0.0 0 6.1 16 40 M M 3 12 22 10
5 82 55 69 -9 0 4 0.00 0.0 0 2.3 8 120 M M 1 1 11 180
6 92 63 78 0 0 13 0.01 0.0 0 7.9 26 290 M M 3 13 37 290
7 91 62 77 -1 0 12 0.26 0.0 0 4.8 37 270 M M 2 38 53 270
8 83 63 73 -5 0 8 0.00 0.0 0 2.8 10 100 M M 2 1 14 30
9 83 56 70 -9 0 5 0.00 0.0 0 3.4 12 340 M M 3 1 17 360
10 86 52 69 -10 0 4 0.00 0.0 0 1.7 9 210 M M 0 18 11 220
11 84 60 72 -7 0 7 0.13 0.0 M 5.0 32 290 M M 3 138 40 290
12 87 67 77 -2 0 12 0.23 0.0 0 8.0 20 260 M M 3 13 26 270
13 85 61 73 -6 0 8 T 0.0 0 7.8 20 270 M M 1 24 270
14 80 63 72 -8 0 7 0.56 0.0 0 7.1 20 230 M M 5 13 24 240
15 81 68 75 -5 0 10 0.00 0.0 0 6.9 16 220 M M 6 22 230
16 89 68 79 -1 0 14 0.00 0.0 0 6.7 17 270 M M 5 22 290
17 91 63 77 -3 0 12 0.00 0.0 0 2.0 9 50 M M 1 1 11 160
18 92 64 78 -2 0 13 0.00 0.0 0 2.9 16 310 M M 3 128 19 310
19 85 67 76 -4 0 11 0.07 0.0 0 5.6 17 190 M M 5 13 22 190
20 88 65 77 -4 0 12 1.04 0.0 0 5.6 32 320 M M 9 123 55 330
21 84 66 75 -6 0 10 0.41 0.0 0 2.9 18 190 M M 7 13 22 190
22 81 67 74 -7 0 9 3.03 0.0 0 5.0 26 290 M M 9 13 37 290
23 83 66 75 -6 0 10 0.22 0.0 0 3.7 10 360 M M 6 13 13 10
24 88 66 77 -4 0 12 0.00 0.0 0 6.8 18 310 M M 2 1 23 290
25 94 63 79 -2 0 14 0.05 0.0 0 3.9 33 330 M M 2 123 39 330
26 92 66 79 -2 0 14 0.01 0.0 0 6.6 17 260 M M 2 13 23 230
27 92 67 80 -2 0 15 0.15 0.0 0 8.4 20 270 M M 1 3 29 270
28 91 64 78 -4 0 13 0.00 0.0 0 2.7 10 10 M M 0 1 14 30
29 93 65 79 -3 0 14 0.00 0.0 0 1.3 7 20 M M 0 18 12 190
30 92 68 80 -2 0 15 T 0.0 0 3.6 14 310 M M 1 128 17 320
================================================================================
SM 2608 1896 0 308 6.17 0.0 145.0 M 93
================================================================================
AV 86.9 63.2 4.8 FASTST M M 3 MAX(MPH)
MISC ----> 37 270 55 330
================================================================================
NOTES:
# LAST OF SEVERAL OCCURRENCES
COLUMN 17 PEAK WIND IN M.P.H.
PRELIMINARY LOCAL CLIMATOLOGICAL DATA (WS FORM: F-6) , PAGE 2
STATION: AUGUSTA BUSH FIELD GA
MONTH: JUNE
YEAR: 2023
LATITUDE: 33 22 N
LONGITUDE: 81 58 W
[TEMPERATURE DATA] [PRECIPITATION DATA] SYMBOLS USED IN COLUMN 16
AVERAGE MONTHLY: 75.1 TOTAL FOR MONTH: 6.17 1 = FOG OR MIST
DPTR FM NORMAL: -4.6 DPTR FM NORMAL: 1.42 2 = FOG REDUCING VISIBILITY
HIGHEST: 94 ON 25 GRTST 24HR 3.24 ON 22-23 TO 1/4 MILE OR LESS
LOWEST: 52 ON 10 3 = THUNDER
SNOW, ICE PELLETS, HAIL 4 = ICE PELLETS
TOTAL MONTH: 0.0 INCH 5 = HAIL
GRTST 24HR 0.0 6 = FREEZING RAIN OR DRIZZLE
GRTST DEPTH: 0 7 = DUSTSTORM OR SANDSTORM:
VSBY 1/2 MILE OR LESS
8 = SMOKE OR HAZE
[NO. OF DAYS WITH] [WEATHER - DAYS WITH] 9 = BLOWING SNOW
X = TORNADO
MAX 32 OR BELOW: 0 0.01 INCH OR MORE: 13
MAX 90 OR ABOVE: 10 0.10 INCH OR MORE: 9
MIN 32 OR BELOW: 0 0.50 INCH OR MORE: 3
MIN 0 OR BELOW: 0 1.00 INCH OR MORE: 2
[HDD (BASE 65) ]
TOTAL THIS MO. 0 CLEAR (SCALE 0-3) 17
DPTR FM NORMAL 0 PTCLDY (SCALE 4-7) 11
TOTAL FM JUL 1 1980 CLOUDY (SCALE 8-10) 2
DPTR FM NORMAL -202
[CDD (BASE 65) ]
TOTAL THIS MO. 308
DPTR FM NORMAL -133 [PRESSURE DATA]
TOTAL FM JAN 1 534 HIGHEST SLP 30.08 ON 30
DPTR FM NORMAL -276 LOWEST SLP 29.63 ON 7
[REMARKS]
#FINAL-06-23#