000
CXUS52 KCAE 011500
CF6AGS
PRELIMINARY LOCAL CLIMATOLOGICAL DATA (WS FORM: F-6)
STATION: AUGUSTA BUSH FIELD GA
MONTH: DECEMBER
YEAR: 2021
LATITUDE: 33 22 N
LONGITUDE: 81 58 W
TEMPERATURE IN F: :PCPN: SNOW: WIND :SUNSHINE: SKY :PK WND
================================================================================
1 2 3 4 5 6A 6B 7 8 9 10 11 12 13 14 15 16 17 18
12Z AVG MX 2MIN
DY MAX MIN AVG DEP HDD CDD WTR SNW DPTH SPD SPD DIR MIN PSBL S-S WX SPD DR
================================================================================
1 73 32 53 1 12 0 0.00 0.0 0 3.3 15 190 M M 0 18 190
2 77 35 56 4 9 0 0.00 0.0 0 4.1 18 280 M M 0 1 23 240
3 81 39 60 9 5 0 0.00 0.0 0 1.8 9 210 M M 0 18 15 290
4 76 39 58 7 7 0 0.00 0.0 0 2.1 9 260 M M 0 128 12 250
5 75 41 58 7 7 0 0.00 0.0 0 1.0 8 50 M M 7 128 11 180
6 75 45 60 9 5 0 T 0.0 0 5.2 17 270 M M 5 128 23 270
7 66 53 60 9 5 0 0.00 0.0 0 5.8 14 320 M M 8 16 320
8 55 39 47 -3 18 0 0.98 0.0 0 4.9 18 340 M M 10 12 24 340
9 55 38 47 -3 18 0 0.00 0.0 M 2.5 9 80 M M 9 12 12 360
10 58 46 52 2 13 0 0.43 0.0 0 0.8 6 120 M M 10 12 8 110
11 77 58 68 18 0 3 0.56 0.0 0 6.4 23 320 M M 9 1 30 330
12 64 36 50 0 15 0 T 0.0 0 5.8 14 330 M M 2 18 310
13 66 31 49 -1 16 0 0.00 0.0 0 1.0 6 240 M M 0 1 8 250
14 70 31 51 1 14 0 0.00 0.0 0 1.8 8 80 M M 0 1 20 60
15 69 36 53 4 12 0 0.00 0.0 0 2.7 9 70 M M 4 1 11 110
16 61 41 51 2 14 0 0.09 0.0 0 1.1 7 350 M M 7 128 11 320
17 68 57 63 14 2 0 0.00 0.0 0 0.4 6 250 M M 10 128 7 240
18 79 58 69 20 0 4 1.52 0.0 0 3.7 22 310 M M 8 1238 26 310
19 70 50 60 11 5 0 0.61 0.0 0 7.6 18 320 M M 10 1 26 310
20 50 39 45 -4 20 0 0.00 0.0 0 7.9 17 80 M M 1 21 80
21 49 41 45 -4 20 0 0.26 0.0 0 7.8 17 350 M M 9 1 22 350
22 65 36 51 3 14 0 0.04 0.0 0 4.3 15 290 M M 2 1 18 320
23 61 30 46 -2 19 0 0.00 0.0 0 1.3 8 100 M M 0 1 12 80
24 68 28 48 0 17 0 0.00 0.0 0 2.3 14 180 M M 1 128 17 190
25 75 34 55 7 10 0 0.00 0.0 0 6.2 21 260 M M 4 1 28 240
26 81 54 68 20 0 3 0.00 0.0 0 5.1 13 280 M M 2 17 280
27 75 50 63 15 2 0 0.00 0.0 0 4.4 17 260 M M 8 128 22 240
28 79 64 72 24 0 7 0.00 0.0 0 8.7 17 200 M M 7 23 210
29 81 65 73 25 0 8 0.01 0.0 0 8.1 20 200 M M 7 26 200
30 73 61 67 19 0 2 1.05 0.0 0 5.0 22 300 M M 9 1238 30 300
31 77 53 65 17 0 0 0.00 0.0 0 4.2 13 210 M M 6 128 17 210
================================================================================
SM 2149 1360 279 27 5.55 0.0 127.3 M 155
================================================================================
AV 69.3 43.9 4.1 FASTST M M 5 MAX(MPH)
MISC ----> 23 320 # 30 330
================================================================================
NOTES:
# LAST OF SEVERAL OCCURRENCES
COLUMN 17 PEAK WIND IN M.P.H.
PRELIMINARY LOCAL CLIMATOLOGICAL DATA (WS FORM: F-6) , PAGE 2
STATION: AUGUSTA BUSH FIELD GA
MONTH: DECEMBER
YEAR: 2021
LATITUDE: 33 22 N
LONGITUDE: 81 58 W
[TEMPERATURE DATA] [PRECIPITATION DATA] SYMBOLS USED IN COLUMN 16
AVERAGE MONTHLY: 56.6 TOTAL FOR MONTH: 5.55 1 = FOG OR MIST
DPTR FM NORMAL: 7.2 DPTR FM NORMAL: 1.68 2 = FOG REDUCING VISIBILITY
HIGHEST: 81 ON 29,26 GRTST 24HR 2.13 ON 18-19 TO 1/4 MILE OR LESS
LOWEST: 28 ON 24 3 = THUNDER
SNOW, ICE PELLETS, HAIL 4 = ICE PELLETS
TOTAL MONTH: 0.0 INCH 5 = HAIL
GRTST 24HR 0.0 6 = FREEZING RAIN OR DRIZZLE
GRTST DEPTH: 0 7 = DUSTSTORM OR SANDSTORM:
VSBY 1/2 MILE OR LESS
8 = SMOKE OR HAZE
[NO. OF DAYS WITH] [WEATHER - DAYS WITH] 9 = BLOWING SNOW
X = TORNADO
MAX 32 OR BELOW: 0 0.01 INCH OR MORE: 10
MAX 90 OR ABOVE: 0 0.10 INCH OR MORE: 7
MIN 32 OR BELOW: 5 0.50 INCH OR MORE: 5
MIN 0 OR BELOW: 0 1.00 INCH OR MORE: 2
[HDD (BASE 65) ]
TOTAL THIS MO. 279 CLEAR (SCALE 0-3) 12
DPTR FM NORMAL -210 PTCLDY (SCALE 4-7) 10
TOTAL FM JUL 1 689 CLOUDY (SCALE 8-10) 9
DPTR FM NORMAL -181
[CDD (BASE 65) ]
TOTAL THIS MO. 27
DPTR FM NORMAL 22 [PRESSURE DATA]
TOTAL FM JAN 1 2312 HIGHEST SLP 30.50 ON 15
DPTR FM NORMAL -52 LOWEST SLP 29.79 ON 22
[REMARKS]
#FINAL-12-21#