000
CXUS52 KCAE 011921
CLMAGS
CLIMATE REPORT
NATIONAL WEATHER SERVICE COLUMBIA SC
221 PM EST THU FEB 01 2024
...................................
...THE AUGUSTA BUSH FIELD GA CLIMATE SUMMARY FOR THE MONTH OF JANUARY 2024...
CLIMATE NORMAL PERIOD: 1991 TO 2020
CLIMATE RECORD PERIOD: 1873 TO 2024
WEATHER OBSERVED NORMAL DEPART LAST YEAR`S
VALUE DATE(S) VALUE FROM VALUE
NORMAL
..............................................................
TEMPERATURE (F)
RECORD
HIGH 84 01/14/1932
LOW 01/21/1985
HIGHEST 79 01/25 MM MM
LOWEST 16 01/21 MM MM
AVG. MAXIMUM 58.7 59.6 -0.9
AVG. MINIMUM 33.4 35.3 -1.9
MEAN 46.0 47.4 -1.4
DAYS MAX >= 90 0 0.0 0.0
DAYS MAX <= 32 0 0.1 -0.1
DAYS MIN <= 32 18 15.1 2.9
DAYS MIN <= 0 0 0.0 0.0
PRECIPITATION (INCHES)
RECORD
MAXIMUM 12.60 1925
MINIMUM 0.60 2013
TOTALS 2.70 3.84 -1.14
DAILY AVG. 0.09 0.12 -0.03
DAYS >= .01 11 9.9 1.1
DAYS >= .10 4 6.5 -2.5
DAYS >= .50 3 2.6 0.4
DAYS >= 1.00 1 1.1 -0.1
GREATEST
24 HR. TOTAL 1.06 01/08 TO 01/09
STORM TOTAL 1.05
(MM/DD(HH))
SNOWFALL (INCHES)
RECORDS
TOTAL 4.0 2002
TOTALS 0.0 0.4 -0.4
SINCE 7/1 0.0 0.5 -0.5
DAYS >= TRACE 0 0.3 -0.3
DAYS >= 1.0 0 0.1 -0.1
GREATEST
SNOW DEPTH 0
DEGREE DAYS
HEATING TOTAL 587 548 39
SINCE 7/1 1472 1421 51
COOLING TOTAL 8 4 4
SINCE 1/1 8 4 4
FREEZE DATES
RECORD
EARLIEST MM
LATEST MM
EARLIEST 11/01
LATEST 03/21
..............................................................
WIND (MPH)
AVERAGE WIND SPEED 6.1
RESULTANT WIND SPEED/DIRECTION 2/280
HIGHEST WIND SPEED/DIRECTION 30/280 DATE 01/19
HIGHEST GUST SPEED/DIRECTION 46/250 DATE 01/10
46/290 01/19
SKY COVER
POSSIBLE SUNSHINE (PERCENT) MM
AVERAGE SKY COVER 0.31
NUMBER OF DAYS FAIR 20
NUMBER OF DAYS PC 5
NUMBER OF DAYS CLOUDY 6
AVERAGE RH (PERCENT) 68
WEATHER CONDITIONS. NUMBER OF DAYS WITH
THUNDERSTORM 2 MIXED PRECIP 0
HEAVY RAIN 3 RAIN 4
LIGHT RAIN 15 FREEZING RAIN 0
LT FREEZING RAIN 0 HAIL 0
HEAVY SNOW 0 SNOW 0
LIGHT SNOW 0 SLEET 0
FOG 18 FOG W/VIS <= 1/4 MILE 4
HAZE 6
- INDICATES NEGATIVE NUMBERS.
R INDICATES RECORD WAS SET OR TIED.
MM INDICATES DATA IS MISSING.
T INDICATES TRACE AMOUNT.
$$