000
CXUS55 KCYS 031144 CCA
CF6AIA
PRELIMINARY LOCAL CLIMATOLOGICAL DATA (WS FORM: F-6)...CORRECTED
STATION: ALLIANCE NEBRASKA AIRPORT
MONTH: MAY
YEAR: 2022
LATITUDE: 42 2 N
LONGITUDE: 102 48 W
TEMPERATURE IN F: :PCPN: SNOW: WIND :SUNSHINE: SKY :PK WND
================================================================================
1 2 3 4 5 6A 6B 7 8 9 10 11 12 13 14 15 16 17 18
12Z AVG MX 2MIN
DY MAX MIN AVG DEP HDD CDD WTR SNW DPTH SPD SPD DIR MIN PSBL S-S WX SPD DR
================================================================================
1 60 25 43 -4 22 0 0.00 M M 10.0 22 100 M M 3 29 130
2 46 26 36 -12 29 0 1.12 M M 7.8 26 140 M M 8 12 35 130
3 53 23 38 -10 27 0 0.00 M M 13.0 26 140 M M 5 12 35 120
4 46 39 43 -5 22 0 0.04 M M 7.8 20 130 M M 10 1 26 140
5 65 32 49 0 16 0 0.00 M M 5.7 13 310 M M 5 128 17 310
6 81 39 60 11 5 0 0.00 M M 11.3 32 280 M M 0 41 280
7 89 43 66 16 0 1 0.07 M M 12.3 36 320 M M 3 3 50 310
8 72 44 58 8 7 0 0.19 M M 12.6 45 300 M M 5 13 83 270
9 66 42 54 4 11 0 0.00 M M 14.2 32 280 M M 5 45 310
10 70 32 51 0 14 0 0.00 M M 11.5 29 120 M M 1 38 120
11 83 51 67 16 0 2 0.00 M M 13.1 29 20 M M 0 38 30
12 64 39 52 0 13 0 T M M 19.6 52 280 M M 5 18 75 280
13 72 31 52 0 13 0 0.00 M M 15.0 35 280 M M 1 49 260
14 69 32 51 -2 14 0 0.00 M M 7.6 20 10 M M 2 27 10
15 69 42 56 3 9 0 0.00 M M 11.0 25 360 M M 0 33 360
16 85 37 61 7 4 0 0.00 M M 9.2 32 290 M M 0 8 44 290
17 79 44 62 8 3 0 0.14 M M 9.2 23 10 M M 2 38 31 10
18 81 40 61 7 4 0 0.00 M M 8.7 21 290 M M 0 12 28 270
19 83 40 62 7 3 0 T M M 18.3 39 280 M M 2 54 270
20 48 35 42 -13 23 0 0.01 M M 15.2 30 310 M M 8 40 300
21 54 23 39 -17 26 0 0.00 M M 8.6 21 290 M M 5 33 270
22 63 19 41 -15 24 0 0.00 M M 11.4 28 180 M M 4 36 180
23 51 42 47 -10 18 0 0.20 M M 12.7 31 170 M M 10 1 43 170
24 55 41 48 -9 17 0 0.00 M M 5.5 14 160 M M 8 1 17 170
25 70 30 50 -8 15 0 0.00 M M 9.0 21 340 M M 1 1 31 330
26 84 32 58 0 7 0 0.00 M M 6.6 16 290 M M 0 26 320
27 93 41 67 9 0 2 T M M 11.3 46 270 M M 1 3 70 180
28 84 39 62 3 3 0 0.00 M M 7.6 35 270 M M 0 45 270
29 78 43 61 2 4 0 0.28 M M 11.5 40 280 M M 3 13 54 280
30 53 46 50 -10 15 0 1.65 M M 19.1 40 270 M M 8 1 52 280
31 60 45 53 -7 12 0 0.01 M M 10.7 21 360 M M 8 34 350
================================================================================
SM 2126 1137 380 5 3.71 M 347.1 M 113
================================================================================
AV 68.6 36.7 11.2 FASTST M M 4 MAX(MPH)
MISC ----> 52 280 83 270
================================================================================
NOTES:
# LAST OF SEVERAL OCCURRENCES
COLUMN 17 PEAK WIND IN M.P.H.
PRELIMINARY LOCAL CLIMATOLOGICAL DATA (WS FORM: F-6) , PAGE 2
STATION: ALLIANCE NEBRASKA AIRPORT
MONTH: MAY
YEAR: 2022
LATITUDE: 42 2 N
LONGITUDE: 102 48 W
[TEMPERATURE DATA] [PRECIPITATION DATA] SYMBOLS USED IN COLUMN 16
AVERAGE MONTHLY: 52.6 TOTAL FOR MONTH: 3.71 1 = FOG OR MIST
DPTR FM NORMAL: -1.0 DPTR FM NORMAL: 1.06 2 = FOG REDUCING VISIBILITY
HIGHEST: 93 ON 27 GRTST 24HR 1.93 ON 29-30 TO 1/4 MILE OR LESS
LOWEST: 19 ON 22 3 = THUNDER
SNOW, ICE PELLETS, HAIL 4 = ICE PELLETS
TOTAL MONTH: M 5 = HAIL
GRTST 24HR M ON M 6 = FREEZING RAIN OR DRIZZLE
GRTST DEPTH: M ON M 7 = DUSTSTORM OR SANDSTORM:
VSBY 1/2 MILE OR LESS
8 = SMOKE OR HAZE
[NO. OF DAYS WITH] [WEATHER - DAYS WITH] 9 = BLOWING SNOW
X = TORNADO
MAX 32 OR BELOW: 0 0.01 INCH OR MORE: 10
MAX 90 OR ABOVE: 1 0.10 INCH OR MORE: 6
MIN 32 OR BELOW: 11 0.50 INCH OR MORE: 2
MIN 0 OR BELOW: 0 1.00 INCH OR MORE: 2
[HDD (BASE 65) ]
TOTAL THIS MO. 380 CLEAR (SCALE 0-3) 17
DPTR FM NORMAL 17 PTCLDY (SCALE 4-7) 11
TOTAL FM JUL 1 6747 CLOUDY (SCALE 8-10) 3
DPTR FM NORMAL -561
[CDD (BASE 65) ]
TOTAL THIS MO. 5
DPTR FM NORMAL -4 [PRESSURE DATA]
TOTAL FM JAN 1 10 HIGHEST SLP 30.40 ON 22
DPTR FM NORMAL 1 LOWEST SLP 29.25 ON 8
[REMARKS]
MAY 22...RECORD LOW 19 DEGREES (PREVIOUS 28 DEGREES IN 1910)
#FINAL-05-22#