000
CXUS54 KCRP 011210
CF6ALI
PRELIMINARY LOCAL CLIMATOLOGICAL DATA (WS FORM: F-6)
STATION: ALICE
MONTH: SEPTEMBER
YEAR: 2022
LATITUDE: 27 44 N
LONGITUDE: 98 1 W
TEMPERATURE IN F: :PCPN: SNOW: WIND :SUNSHINE: SKY :PK WND
================================================================================
1 2 3 4 5 6A 6B 7 8 9 10 11 12 13 14 15 16 17 18
12Z AVG MX 2MIN
DY MAX MIN AVG DEP HDD CDD WTR SNW DPTH SPD SPD DIR MIN PSBL S-S WX SPD DR
================================================================================
1 92 73 83 -1 0 18 0.00 0.0 0 5.8 14 110 M M 3 1238 20 120
2 92 74 83 -1 0 18 0.54 0.0 0 5.4 24 90 M M 2 12 32 90
3 87 76 82 -2 0 17 0.32 0.0 0 4.9 13 230 M M 4 13 17 110
4 78 74 76 -8 0 11 0.17 0.0 0 4.2 16 140 M M 5 1 22 130
5 82 74 78 -6 0 13 0.11 0.0 0 4.4 10 160 M M 4 1 14 120
6 89 73 81 -2 0 16 T 0.0 0 4.4 14 90 M M 3 3 18 110
7 93 72 83 0 0 18 0.00 0.0 0 4.4 9 130 M M 1 13 130
8 94 73 84 1 0 19 0.00 0.0 0 3.9 14 130 M M 1 19 120
9 94 70 82 -1 0 17 0.00 0.0 0 4.9 18 130 M M 2 128 25 130
10 95 72 84 1 0 19 0.00 0.0 0 4.0 14 110 M M 3 18 19 120
11 94 70 82 0 0 17 0.00 0.0 0 3.9 14 10 M M 1 18 22 30
12 95 72 84 2 0 19 0.00 0.0 0 3.8 9 140 M M 2 14 120
13 92 71 82 0 0 17 0.00 0.0 0 4.8 14 100 M M 2 1 21 80
14 91 68 80 -2 0 15 0.00 0.0 0 6.8 16 100 M M 1 18 23 100
15 91 67 79 -3 0 14 1.75 0.0 0 6.1 23 190 M M 2 13 34 190
16 93 72 83 2 0 18 0.00 0.0 0 5.9 15 120 M M 2 1 22 130
17 94 71 83 2 0 18 0.00 0.0 0 6.7 17 120 M M 2 1 28 120
18 93 72 83 2 0 18 0.21 0.0 0 5.3 22 150 M M 3 18 32 160
19 95 72 84 3 0 19 0.21 0.0 0 3.6 21 160 M M 2 13 26 160
20 90 72 81 0 0 16 0.06 0.0 0 4.8 17 150 M M 2 1 24 150
21 93 70 82 2 0 17 0.00 0.0 0 3.4 14 110 M M 2 12 20 90
22 95 69 82 2 0 17 0.00 0.0 0 5.0 13 140 M M 1 1 19 130
23 94 70 82 2 0 17 0.00 0.0 0 6.6 20 110 M M 1 1 32 90
24 91 71 81 1 0 16 0.04 0.0 0 4.8 17 140 M M 1 1 24 140
25 92 69 81 1 0 16 0.13 0.0 0 4.1 21 10 M M 2 138 30 360
26 95 69 82 3 0 17 0.33 0.0 0 6.4 38 30 M M 2 138 50 30
27 90 62 76 -3 0 11 0.00 0.0 0 7.2 15 50 M M 1 22 90
28 88 60 74 -5 0 9 0.00 0.0 0 7.7 20 70 M M 0 29 80
29 90 61 76 -3 0 11 0.00 0.0 0 4.4 10 170 M M 0 15 60
30 92 58 75 -3 0 10 0.00 0.0 M 4.2 18 110 M M 0 26 120
================================================================================
SM 2744 2097 0 478 3.87 0.0 151.8 M 57
================================================================================
AV 91.5 69.9 5.1 FASTST M M 2 MAX(MPH)
MISC ----> 38 30 50 30
================================================================================
NOTES:
# LAST OF SEVERAL OCCURRENCES
COLUMN 17 PEAK WIND IN M.P.H.
PRELIMINARY LOCAL CLIMATOLOGICAL DATA (WS FORM: F-6) , PAGE 2
STATION: ALICE
MONTH: SEPTEMBER
YEAR: 2022
LATITUDE: 27 44 N
LONGITUDE: 98 1 W
[TEMPERATURE DATA] [PRECIPITATION DATA] SYMBOLS USED IN COLUMN 16
AVERAGE MONTHLY: 80.7 TOTAL FOR MONTH: 3.87 1 = FOG OR MIST
DPTR FM NORMAL: -0.8 DPTR FM NORMAL: -0.64 2 = FOG REDUCING VISIBILITY
HIGHEST: 95 ON 26,22 GRTST 24HR 1.75 ON 15-15 TO 1/4 MILE OR LESS
LOWEST: 58 ON 30 3 = THUNDER
SNOW, ICE PELLETS, HAIL 4 = ICE PELLETS
TOTAL MONTH: 0.0 INCH 5 = HAIL
GRTST 24HR 0.0 6 = FREEZING RAIN OR DRIZZLE
GRTST DEPTH: 0 7 = DUSTSTORM OR SANDSTORM:
VSBY 1/2 MILE OR LESS
8 = SMOKE OR HAZE
[NO. OF DAYS WITH] [WEATHER - DAYS WITH] 9 = BLOWING SNOW
X = TORNADO
MAX 32 OR BELOW: 0 0.01 INCH OR MORE: 11
MAX 90 OR ABOVE: 25 0.10 INCH OR MORE: 9
MIN 32 OR BELOW: 0 0.50 INCH OR MORE: 2
MIN 0 OR BELOW: 0 1.00 INCH OR MORE: 1
[HDD (BASE 65) ]
TOTAL THIS MO. 0 CLEAR (SCALE 0-3) 27
DPTR FM NORMAL 0 PTCLDY (SCALE 4-7) 3
TOTAL FM JUL 1 0 CLOUDY (SCALE 8-10) 0
DPTR FM NORMAL 0
[CDD (BASE 65) ]
TOTAL THIS MO. 478
DPTR FM NORMAL -17 [PRESSURE DATA]
TOTAL FM JAN 1 3597 HIGHEST SLP 30.21 ON 29
DPTR FM NORMAL 289 LOWEST SLP 29.68 ON 9
[REMARKS]
#FINAL-09-22#