000
CXUS54 KEPZ 011030
CF6ALM
PRELIMINARY LOCAL CLIMATOLOGICAL DATA (WS FORM: F-6)
STATION: ALAMOGORDO
MONTH: JUNE
YEAR: 2020
LATITUDE: 32 49 N
LONGITUDE: 106 0 W
TEMPERATURE IN F: :PCPN: SNOW: WIND :SUNSHINE: SKY :PK WND
================================================================================
1 2 3 4 5 6A 6B 7 8 9 10 11 12 13 14 15 16 17 18
12Z AVG MX 2MIN
DY MAX MIN AVG DEP HDD CDD WTR SNW DPTH SPD SPD DIR MIN PSBL S-S WX SPD DR
================================================================================
1 91 63 77 M 0 12 0.00 M M 7.3 15 180 M M 0 21 200
2 93 63 78 M 0 13 0.00 M M 6.4 15 290 M M 1 21 270
3 99 66 83 M 0 18 T M M 6.4 27 360 M M 0 40 360
4 100 64 82 M 0 17 0.00 M M 5.3 13 290 M M 0 18 300
5 104 66 85 M 0 20 0.03 M M 11.9 24 140 M M 0 3 36 250
6 100 75 88 M 0 23 0.00 M M 14.8 22 160 M M 0 39 140
7 95 64 80 M 0 15 0.00 M M 10.1 17 220 M M 0 24 210
8 91 64 78 M 0 13 0.00 M M 10.4 18 200 M M 0 30 240
9 82 55 69 M 0 4 0.00 M M 15.9 26 350 M M 0 35 360
10 91 45 68 M 0 3 0.00 M M 5.8 14 190 M M 0 18 210
11 95 57 76 M 0 11 0.10 M M 11.2 30 170 M M 2 49 170
12 91 57 74 M 0 9 0.00 M M 7.9 18 210 M M 2 35 0
13 93 64 79 M 0 14 0.00 M M 12.3 21 180 M M 0 32 190
14 95 72 84 M 0 19 0.00 M M 14.1 21 170 M M 0 8 31 180
15 95 66 81 M 0 16 0.00 0.0 0 8.6 17 260 M M 1 27 10
16 93 63 78 M 0 13 0.00 M M 7.0 17 170 M M 1 23 210
17 95 64 80 M 0 15 0.00 M M 9.8 23 240 M M 0 30 240
18 M M M M M M 0.00 M M M M M M M 0 M M
19 M M M M M M 0.00 M M M M M M M 0 M M
20 M M M M M M 0.00 0.0 0 M M M M M 0 M M
21 M M M M M M 0.00 0.0 0 M M M M M 0 M M
22 M M M M M M 0.00 M M M M M M M 0 M M
23 95 M M M M M 0.01 M M 11.9 17 190 M M 0 3 43 310
24 95 63 79 M 0 14 0.10 M M 9.2 29 320 M M 0 3 47 320
25 95 63 79 M 0 14 0.00 M M 7.5 12 150 M M 0 27 190
26 100 72 86 M 0 21 0.00 M M 8.9 30 150 M M 0 46 140
27 99 64 82 M 0 17 0.00 M M 7.8 21 240 M M 0 31 240
28 93 70 82 M 0 17 0.00 M M 9.7 18 200 M M 1 30 200
29 93 66 80 M 0 15 0.00 M M 10.0 18 220 M M 0 25 240
30 93 66 80 M 0 15 0.00 M M 8.5 23 270 M M 0 28 280
================================================================================
SM 2366 1532 0 348 0.24 0.0 238.7 M 8
================================================================================
AV 94.6 63.8 9.5 FASTST M M 0 MAX(MPH)
MISC ----> 30 170 49 170
================================================================================
NOTES:
# LAST OF SEVERAL OCCURRENCES
COLUMN 17 PEAK WIND IN M.P.H.
PRELIMINARY LOCAL CLIMATOLOGICAL DATA (WS FORM: F-6) , PAGE 2
STATION: ALAMOGORDO
MONTH: JUNE
YEAR: 2020
LATITUDE: 32 49 N
LONGITUDE: 106 0 W
[TEMPERATURE DATA] [PRECIPITATION DATA] SYMBOLS USED IN COLUMN 16
AVERAGE MONTHLY: 79.2 TOTAL FOR MONTH: 0.24 1 = FOG OR MIST
DPTR FM NORMAL: 0.0 DPTR FM NORMAL: M 2 = FOG REDUCING VISIBILITY
HIGHEST: 104 ON 5 GRTST 24HR 0.10 ON 11-11 TO 1/4 MILE OR LESS
LOWEST: 45 ON 10 3 = THUNDER
SNOW, ICE PELLETS, HAIL 4 = ICE PELLETS
TOTAL MONTH: 0.0 INCH 5 = HAIL
GRTST 24HR 0.0 6 = FREEZING RAIN OR DRIZZLE
GRTST DEPTH: 0 7 = DUSTSTORM OR SANDSTORM:
VSBY 1/2 MILE OR LESS
8 = SMOKE OR HAZE
[NO. OF DAYS WITH] [WEATHER - DAYS WITH] 9 = BLOWING SNOW
X = TORNADO
MAX 32 OR BELOW: 0 0.01 INCH OR MORE: 4
MAX 90 OR ABOVE: 24 0.10 INCH OR MORE: 2
MIN 32 OR BELOW: 0 0.50 INCH OR MORE: 0
MIN 0 OR BELOW: 0 1.00 INCH OR MORE: 0
[HDD (BASE 65) ]
TOTAL THIS MO. 0 CLEAR (SCALE 0-3) 30
DPTR FM NORMAL M PTCLDY (SCALE 4-7) 0
TOTAL FM JUL 1 2863 CLOUDY (SCALE 8-10) 0
DPTR FM NORMAL M
[CDD (BASE 65) ]
TOTAL THIS MO. 348
DPTR FM NORMAL M [PRESSURE DATA]
TOTAL FM JAN 1 626 HIGHEST SLP M ON M
DPTR FM NORMAL M LOWEST SLP M ON M
[REMARKS]
#FINAL-06-20#