000
CXUS55 KPUB 022037
CF6ALS
PRELIMINARY LOCAL CLIMATOLOGICAL DATA (WS FORM: F-6)
STATION: ALAMOSA CO
MONTH: JUNE
YEAR: 2023
LATITUDE: 37 27 N
LONGITUDE: 105 52 W
TEMPERATURE IN F: :PCPN: SNOW: WIND :SUNSHINE: SKY :PK WND
================================================================================
1 2 3 4 5 6A 6B 7 8 9 10 11 12 13 14 15 16 17 18
12Z AVG MX 2MIN
DY MAX MIN AVG DEP HDD CDD WTR SNW DPTH SPD SPD DIR MIN PSBL S-S WX SPD DR
================================================================================
1 62 38 50 -7 15 0 0.08 0.0 0 7.2 28 280 M M 3 3 38 290
2 64 31 48 -9 17 0 T 0.0 0 6.7 31 310 M M 3 123 41 310
3 70 35 53 -4 12 0 T 0.0 0 5.8 21 270 M M 3 13 27 270
4 73 39 56 -2 9 0 0.06 0.0 0 5.7 23 10 M M 3 3 31 10
5 74 40 57 -1 8 0 T 0.0 0 7.4 23 120 M M 2 3 33 120
6 70 40 55 -3 10 0 0.00 0.0 0 8.3 28 250 M M 3 12 37 260
7 73 44 59 1 6 0 T 0.0 0 7.1 22 360 M M 3 3 31 360
8 76 38 57 -2 8 0 0.00 0.0 0 6.2 21 250 M M 0 1 26 250
9 76 34 55 -4 10 0 0.00 0.0 0 5.8 26 270 M M 1 33 270
10 77 34 56 -3 9 0 0.00 0.0 0 6.3 25 230 M M 0 33 230
11 78 38 58 -2 7 0 0.02 0.0 0 8.2 36 200 M M 2 38 52 200
12 72 42 57 -3 8 0 0.00 0.0 0 11.3 26 230 M M 2 39 230
13 67 34 51 -9 14 0 T 0.0 0 7.1 25 280 M M 3 3 34 280
14 75 34 55 -5 10 0 T 0.0 0 6.8 24 310 M M 1 33 310
15 75 38 57 -3 8 0 0.00 0.0 0 8.0 29 260 M M 3 40 240
16 77 39 58 -3 7 0 0.00 0.0 0 10.7 30 300 M M 0 40 300
17 68 34 51 -10 14 0 T 0.0 0 6.8 36 310 M M 2 38 47 310
18 79 35 57 -4 8 0 0.00 0.0 0 9.2 25 250 M M 0 38 240
19 83 43 63 1 2 0 0.00 0.0 0 11.0 28 240 M M 0 37 230
20 82 46 64 2 1 0 0.00 0.0 0 8.8 23 230 M M 0 38 220
21 84 36 60 -2 5 0 0.00 0.0 0 9.5 24 200 M M 0 34 190
22 84 44 64 2 1 0 0.00 0.0 0 9.5 28 220 M M 1 36 240
23 83 45 64 2 1 0 0.00 0.0 0 15.6 37 220 M M 0 53 230
24 84 32 58 -5 7 0 0.00 0.0 0 8.0 26 230 M M 0 36 220
25 87 36 62 -1 3 0 0.00 0.0 0 9.9 26 240 M M 0 36 240
26 88 42 65 2 0 0 0.00 0.0 0 13.9 39 260 M M 0 8 59 230
27 87 54 71 8 0 6 T 0.0 0 11.6 33 250 M M 2 8 45 260
28 85 46 66 2 0 1 0.00 0.0 0 12.8 28 220 M M 0 41 220
29 83 45 64 0 1 0 0.00 0.0 0 13.3 35 230 M M 1 45 230
30 83 46 65 1 0 0 T 0.0 0 8.9 23 10 M M 0 31 10
================================================================================
SM 2319 1182 201 7 0.16 0.0 267.4 M 38
================================================================================
AV 77.3 39.4 8.9 FASTST M M 1 MAX(MPH)
MISC ----> 39 260 59 230
================================================================================
NOTES:
COLUMN 17 PEAK WIND IN M.P.H.
PRELIMINARY LOCAL CLIMATOLOGICAL DATA (WS FORM: F-6) , PAGE 2
STATION: ALAMOSA CO
MONTH: JUNE
YEAR: 2023
LATITUDE: 37 27 N
LONGITUDE: 105 52 W
[TEMPERATURE DATA] [PRECIPITATION DATA] SYMBOLS USED IN COLUMN 16
AVERAGE MONTHLY: 58.4 TOTAL FOR MONTH: 0.16 1 = FOG OR MIST
DPTR FM NORMAL: -2.2 DPTR FM NORMAL: -0.27 2 = FOG REDUCING VISIBILITY
HIGHEST: 88 ON 26 GRTST 24HR 0.08 ON 1 TO 1/4 MILE OR LESS
LOWEST: 31 ON 2 3 = THUNDER
SNOW, ICE PELLETS, HAIL 4 = ICE PELLETS
TOTAL MONTH: 0.0 INCH 5 = HAIL
GRTST 24HR 0.0 6 = FREEZING RAIN OR DRIZZLE
GRTST DEPTH: 0 7 = DUSTSTORM OR SANDSTORM:
VSBY 1/2 MILE OR LESS
8 = SMOKE OR HAZE
[NO. OF DAYS WITH] [WEATHER - DAYS WITH] 9 = BLOWING SNOW
X = TORNADO
MAX 32 OR BELOW: 0 0.01 INCH OR MORE: 3
MAX 90 OR ABOVE: 0 0.10 INCH OR MORE: 0
MIN 32 OR BELOW: 2 0.50 INCH OR MORE: 0
MIN 0 OR BELOW: 0 1.00 INCH OR MORE: 0
[HDD (BASE 65) ]
TOTAL THIS MO. 201 CLEAR (SCALE 0-3) 30
DPTR FM NORMAL 57 PTCLDY (SCALE 4-7) 0
TOTAL FM JUL 1 8104 CLOUDY (SCALE 8-10) 0
DPTR FM NORMAL -216
[CDD (BASE 65) ]
TOTAL THIS MO. 7
DPTR FM NORMAL -3 [PRESSURE DATA]
TOTAL FM JAN 1 7 HIGHEST SLP 30.14 ON 5
DPTR FM NORMAL -3 LOWEST SLP 29.74 ON 27
[REMARKS]
#FINAL-06-23#