658
CXUS54 KAMA 010710
CF6AMA
PRELIMINARY LOCAL CLIMATOLOGICAL DATA (WS FORM: F-6)
STATION: AMARILLO
MONTH: MARCH
YEAR: 2021
LATITUDE: 35 13 N
LONGITUDE: 101 42 W
TEMPERATURE IN F: :PCPN: SNOW: WIND :SUNSHINE: SKY :PK WND
================================================================================
1 2 3 4 5 6A 6B 7 8 9 10 11 12 13 14 15 16 17 18
12Z AVG MX 2MIN
DY MAX MIN AVG DEP HDD CDD WTR SNW DPTH SPD SPD DIR MIN PSBL S-S WX SPD DR
================================================================================
1 52 25 39 -5 26 0 0.00 0.0 0 6.7 16 20 M M 0 21 20
2 66 23 45 1 20 0 0.00 0.0 0 16.0 24 220 M M 0 30 210
3 74 31 53 9 12 0 0.00 0.0 0 10.0 18 240 M M 0 22 230
4 78 36 57 12 8 0 0.00 0.0 0 13.0 35 240 M M 1 44 230
5 58 36 47 2 18 0 T 0.0 0 16.3 33 350 M M 5 18 40 340
6 63 28 46 1 19 0 0.00 0.0 0 13.3 25 170 M M 0 1 31 190
7 66 36 51 5 14 0 0.00 0.0 0 21.7 33 200 M M 0 41 190
8 74 40 57 11 8 0 0.00 0.0 0 21.8 30 170 M M 0 38 180
9 74 47 61 15 4 0 0.00 0.0 0 21.3 28 190 M M 0 34 190
10 74 45 60 14 5 0 0.00 0.0 0 18.4 35 240 M M 0 44 240
11 65 28 47 0 18 0 0.00 0.0 0 12.5 22 120 M M 0 26 120
12 60 44 52 5 13 0 0.00 0.0 0 11.7 21 20 M M 8 128 24 20
13 63 46 55 8 10 0 0.61 0.0 0 19.0 39 120 M M 9 1235 45 120
14 61 36 49 2 16 0 0.00 0.0 0 23.0 39 240 M M 2 50 220
15 63 37 50 2 15 0 0.00 0.0 0 16.1 24 300 M M 0 30 290
16 76 41 59 11 6 0 0.00 0.0 0 14.7 33 20 M M 1 45 30
17 46 30 38 -10 27 0 0.30 5.7 1 21.6 43 350 M M 7 123 57 340
18 50 30 40 -8 25 0 0.00 0.0 2 10.5 18 350 M M 0 22 340
19 58 31 45 -4 20 0 0.00 0.0 T 10.3 20 130 M M 0 23 130
20 70 37 54 5 11 0 0.00 0.0 T 22.3 32 170 M M 0 40 170
21 71 43 57 8 8 0 0.00 0.0 0 18.5 30 170 M M 0 41 180
22 55 33 44 -6 21 0 0.30 0.4 0 15.0 31 210 M M 8 123 39 210
23 61 36 49 -1 16 0 0.00 0.0 0 13.1 24 300 M M 2 30 300
24 41 33 37 -13 28 0 0.03 T 0 16.6 32 20 M M 8 1 42 20
25 60 32 46 -4 19 0 0.00 0.0 0 11.2 22 240 M M 4 1 31 240
26 71 37 54 3 11 0 0.00 0.0 0 11.8 26 240 M M 0 36 240
27 63 39 51 0 14 0 0.00 0.0 0 14.2 28 360 M M 0 34 360
28 71 34 53 2 12 0 0.00 0.0 0 12.3 25 230 M M 0 33 240
29 83 46 65 14 0 0 0.00 0.0 0 24.1 36 220 M M 0 48 220
30 61 37 49 -3 16 0 0.00 0.0 0 19.2 35 10 M M 0 41 10
31 59 28 44 -8 21 0 0.00 0.0 0 6.8 15 50 M M 0 18 50
================================================================================
SM 1987 1105 461 0 1.24 6.1 483.0 M 55
================================================================================
AV 64.1 35.6 15.6 FASTST M M 2 MAX(MPH)
MISC ----> 43 350 57 340
================================================================================
NOTES:
# LAST OF SEVERAL OCCURRENCES
COLUMN 17 PEAK WIND IN M.P.H.
PRELIMINARY LOCAL CLIMATOLOGICAL DATA (WS FORM: F-6) , PAGE 2
STATION: AMARILLO
MONTH: MARCH
YEAR: 2021
LATITUDE: 35 13 N
LONGITUDE: 101 42 W
[TEMPERATURE DATA] [PRECIPITATION DATA] SYMBOLS USED IN COLUMN 16
AVERAGE MONTHLY: 49.9 TOTAL FOR MONTH: 1.24 1 = FOG OR MIST
DPTR FM NORMAL: 2.0 DPTR FM NORMAL: -0.15 2 = FOG REDUCING VISIBILITY
HIGHEST: 83 ON 29 GRTST 24HR 0.61 ON 13-13 TO 1/4 MILE OR LESS
LOWEST: 23 ON 2 3 = THUNDER
SNOW, ICE PELLETS, HAIL 4 = ICE PELLETS
TOTAL MONTH: 6.1 INCHES 5 = HAIL
GRTST 24HR 5.7 ON 17-17 6 = FREEZING RAIN OR DRIZZLE
GRTST DEPTH: 2 ON 18 7 = DUSTSTORM OR SANDSTORM:
VSBY 1/2 MILE OR LESS
8 = SMOKE OR HAZE
[NO. OF DAYS WITH] [WEATHER - DAYS WITH] 9 = BLOWING SNOW
X = TORNADO
MAX 32 OR BELOW: 0 0.01 INCH OR MORE: 4
MAX 90 OR ABOVE: 0 0.10 INCH OR MORE: 3
MIN 32 OR BELOW: 10 0.50 INCH OR MORE: 1
MIN 0 OR BELOW: 0 1.00 INCH OR MORE: 0
[HDD (BASE 65) ]
TOTAL THIS MO. 461 CLEAR (SCALE 0-3) 24
DPTR FM NORMAL -71 PTCLDY (SCALE 4-7) 4
TOTAL FM JUL 1 3770 CLOUDY (SCALE 8-10) 3
DPTR FM NORMAL -40
[CDD (BASE 65) ]
TOTAL THIS MO. 0
DPTR FM NORMAL -2 [PRESSURE DATA]
TOTAL FM JAN 1 0 HIGHEST SLP M ON M
DPTR FM NORMAL -2 LOWEST SLP 29.43 ON 16
[REMARKS]
#FINAL-03-21#