000
CXUS54 KBMX 020755
CF6ANB
PRELIMINARY LOCAL CLIMATOLOGICAL DATA (WS FORM: F-6)
STATION: ANNISTON
MONTH: SEPTEMBER
YEAR: 2021
LATITUDE: 33 35 N
LONGITUDE: 85 51 W
TEMPERATURE IN F: :PCPN: SNOW: WIND :SUNSHINE: SKY :PK WND
================================================================================
1 2 3 4 5 6A 6B 7 8 9 10 11 12 13 14 15 16 17 18
12Z AVG MX 2MIN
DY MAX MIN AVG DEP HDD CDD WTR SNW DPTH SPD SPD DIR MIN PSBL S-S WX SPD DR
================================================================================
1 90 70 80 2 0 15 0.07 0.0 0 5.8 13 320 M M 7 1 18 310
2 88 69 79 1 0 14 0.00 0.0 0 3.6 12 340 M M 3 12 14 340
3 86 66 76 -2 0 11 0.00 0.0 M 3.9 10 120 M M 1 15 160
4 86 63 75 -3 0 10 0.00 0.0 M 3.0 8 40 M M 0 10 10
5 89 61 75 -2 0 10 0.00 0.0 0 2.9 14 240 M M 1 18 240
6 83 73 78 1 0 13 0.04 0.0 0 2.5 9 30 M M 8 1 13 30
7 89 71 80 3 0 15 0.00 0.0 0 3.4 8 90 M M 5 3 10 260
8 88 68 78 1 0 13 0.05 0.0 0 3.9 14 260 M M 3 13 19 260
9 85 59 72 -4 0 7 0.00 0.0 0 4.7 16 10 M M 2 1 23 340
10 84 54 69 -7 0 4 0.00 0.0 M 2.6 9 360 M M 1 1 13 360
11 86 61 74 -2 0 9 0.00 0.0 M 3.7 12 120 M M 1 16 110
12 88 65 77 1 0 12 0.00 0.0 0 2.4 8 120 M M 2 11 160
13 89 68 79 3 0 14 0.00 0.0 0 1.7 9 240 M M 1 1 12 280
14 86 69 78 3 0 13 T 0.0 0 2.3 16 230 M M 3 1 21 220
15 77 70 74 -1 0 9 0.13 0.0 0 3.6 10 60 M M 9 1 13 60
16 78 70 74 -1 0 9 0.12 0.0 0 3.9 12 70 M M 10 1 14 70
17 84 73 79 5 0 14 0.00 0.0 0 4.5 10 90 M M 9 13 70
18 79 73 76 2 0 11 0.20 0.0 M 2.6 8 60 M M 6 1 10 50
19 79 73 76 2 0 11 0.35 0.0 0 4.2 8 80 M M 9 1 11 80
20 83 73 78 4 0 13 0.43 0.0 0 5.1 13 40 M M 10 13 17 60
21 88 73 81 8 0 16 0.24 0.0 0 3.6 12 350 M M 7 1 15 340
22 75 56 66 -7 0 1 0.02 0.0 0 6.1 21 340 M M 5 1 28 330
23 74 49 62 -11 3 0 0.00 0.0 0 3.8 15 30 M M 0 20 300
24 78 48 63 -9 2 0 0.00 0.0 0 3.1 13 70 M M 1 12 16 80
25 80 53 67 -5 0 2 0.00 0.0 0 2.4 10 340 M M 0 16 270
26 83 53 68 -4 0 3 0.00 0.0 0 1.4 10 360 M M 0 13 360
27 84 57 71 0 0 6 0.00 0.0 0 1.5 8 210 M M 0 11 240
28 86 59 73 2 0 8 0.00 0.0 0 1.8 9 360 M M 1 12 360
29 89 62 76 6 0 11 0.00 0.0 0 2.3 9 10 M M 1 13 360
30 84 66 75 5 0 10 0.00 0.0 0 2.5 8 60 M M 1 1 10 50
================================================================================
SM 2518 1925 5 284 1.65 0.0 98.8 M 107
================================================================================
AV 83.9 64.2 3.3 FASTST M M 4 MAX(MPH)
MISC ----> 21 340 28 330
================================================================================
NOTES:
# LAST OF SEVERAL OCCURRENCES
COLUMN 17 PEAK WIND IN M.P.H.
PRELIMINARY LOCAL CLIMATOLOGICAL DATA (WS FORM: F-6) , PAGE 2
STATION: ANNISTON
MONTH: SEPTEMBER
YEAR: 2021
LATITUDE: 33 35 N
LONGITUDE: 85 51 W
[TEMPERATURE DATA] [PRECIPITATION DATA] SYMBOLS USED IN COLUMN 16
AVERAGE MONTHLY: 74.1 TOTAL FOR MONTH: 1.65 1 = FOG OR MIST
DPTR FM NORMAL: -0.5 DPTR FM NORMAL: -1.46 2 = FOG REDUCING VISIBILITY
HIGHEST: 90 ON 1 GRTST 24HR 0.57 ON 20-21 TO 1/4 MILE OR LESS
LOWEST: 48 ON 24 3 = THUNDER
SNOW, ICE PELLETS, HAIL 4 = ICE PELLETS
TOTAL MONTH: 0.0 INCH 5 = HAIL
GRTST 24HR 0.0 6 = FREEZING RAIN OR DRIZZLE
GRTST DEPTH: 0 7 = DUSTSTORM OR SANDSTORM:
VSBY 1/2 MILE OR LESS
8 = SMOKE OR HAZE
[NO. OF DAYS WITH] [WEATHER - DAYS WITH] 9 = BLOWING SNOW
X = TORNADO
MAX 32 OR BELOW: 0 0.01 INCH OR MORE: 10
MAX 90 OR ABOVE: 1 0.10 INCH OR MORE: 6
MIN 32 OR BELOW: 0 0.50 INCH OR MORE: 0
MIN 0 OR BELOW: 0 1.00 INCH OR MORE: 0
[HDD (BASE 65) ]
TOTAL THIS MO. 5 CLEAR (SCALE 0-3) 18
DPTR FM NORMAL -2 PTCLDY (SCALE 4-7) 7
TOTAL FM JUL 1 5 CLOUDY (SCALE 8-10) 5
DPTR FM NORMAL 1
[CDD (BASE 65) ]
TOTAL THIS MO. 284
DPTR FM NORMAL -10 [PRESSURE DATA]
TOTAL FM JAN 1 1841 HIGHEST SLP 30.28 ON 12
DPTR FM NORMAL -33 LOWEST SLP 29.72 ON 1
[REMARKS]
#FINAL-09-21#