000
CXUS54 KBMX 231010
CF6ANB
PRELIMINARY LOCAL CLIMATOLOGICAL DATA (WS FORM: F-6)
STATION: ANNISTON
MONTH: APRIL
YEAR: 2024
LATITUDE: 33 35 N
LONGITUDE: 85 51 W
TEMPERATURE IN F: :PCPN: SNOW: WIND :SUNSHINE: SKY :PK WND
================================================================================
1 2 3 4 5 6A 6B 7 8 9 10 11 12 13 14 15 16 17 18
12Z AVG MX 2MIN
DY MAX MIN AVG DEP HDD CDD WTR SNW DPTH SPD SPD DIR MIN PSBL S-S WX SPD DR
================================================================================
1 75 59 67 8 0 2 T 0.0 M 5.2 13 240 M M 7 1 19 190
2 80 68 74 15 0 9 0.32 0.0 M 10.5 21 230 M M 7 13 29 240
3 68 46 57 -3 8 0 0.00 0.0 0 11.2 22 280 M M 5 33 280
4 66 38 52 -8 13 0 0.00 0.0 M 9.7 23 240 M M 0 35 250
5 63 37 50 -10 15 0 0.00 0.0 M 6.3 15 360 M M 0 23 360
6 65 35 50 -10 15 0 0.00 0.0 M 2.4 12 50 M M 0 19 60
7 78 40 59 -1 6 0 0.00 0.0 0 4.4 12 140 M M 1 17 130
8 78 50 64 3 1 0 0.09 M 0 3.3 14 160 M M 4 1 20 260
9 64 57 61 0 4 0 0.74 0.0 0 5.2 10 60 M M 9 1 16 110
10 73 60 67 6 0 2 0.19 0.0 0 9.7 31 110 M M 3 13 51 120
11 72 49 61 -1 4 0 0.13 0.0 0 10.6 28 250 M M 8 1 40 230
12 70 42 56 -6 9 0 0.00 0.0 0 10.0 25 260 M M 0 1 40 280
13 79 39 59 -3 6 0 0.00 0.0 0 2.8 14 260 M M 0 24 270
14 83 47 65 3 0 0 0.00 0.0 0 4.2 16 230 M M 0 24 230
15 82 49 66 4 0 1 0.00 0.0 0 3.5 13 240 M M 1 18 240
16 85 56 71 8 0 6 0.00 0.0 0 4.7 14 180 M M 0 20 220
17 78 59 69 6 0 4 0.09 0.0 0 3.3 20 360 M M 3 13 26 10
18 84 59 72 9 0 7 0.06 0.0 0 2.9 18 250 M M 6 123 24 250
19 81 63 72 9 0 7 0.00 0.0 0 4.3 16 240 M M 7 1 22 250
20 69 56 63 -1 2 0 0.18 0.0 0 4.9 16 330 M M 9 13 28 330
21 61 46 54 -10 11 0 0.16 0.0 0 6.6 16 10 M M 5 1 27 350
22 68 39 54 -10 11 0 0.00 0.0 0 3.4 14 360 M M 0 19 360
================================================================================
SM 1622 1094 105 38 1.96 0.0 129.1 M 75
================================================================================
AV 73.7 49.7 5.9 FASTST M M 3 MAX(MPH)
MISC ----> 31 110 51 120
================================================================================
NOTES:
# LAST OF SEVERAL OCCURRENCES
COLUMN 17 PEAK WIND IN M.P.H.
PRELIMINARY LOCAL CLIMATOLOGICAL DATA (WS FORM: F-6) , PAGE 2
STATION: ANNISTON
MONTH: APRIL
YEAR: 2024
LATITUDE: 33 35 N
LONGITUDE: 85 51 W
[TEMPERATURE DATA] [PRECIPITATION DATA] SYMBOLS USED IN COLUMN 16
AVERAGE MONTHLY: 61.7 TOTAL FOR MONTH: 1.96 1 = FOG OR MIST
DPTR FM NORMAL: 0.1 DPTR FM NORMAL: -1.34 2 = FOG REDUCING VISIBILITY
HIGHEST: 85 ON 16 GRTST 24HR 0.81 ON 8- 9 TO 1/4 MILE OR LESS
LOWEST: 35 ON 6 3 = THUNDER
SNOW, ICE PELLETS, HAIL 4 = ICE PELLETS
TOTAL MONTH: 0.0 INCH 5 = HAIL
GRTST 24HR 0.0 6 = FREEZING RAIN OR DRIZZLE
GRTST DEPTH: 0 7 = DUSTSTORM OR SANDSTORM:
VSBY 1/2 MILE OR LESS
8 = SMOKE OR HAZE
[NO. OF DAYS WITH] [WEATHER - DAYS WITH] 9 = BLOWING SNOW
X = TORNADO
MAX 32 OR BELOW: 0 0.01 INCH OR MORE: 9
MAX 90 OR ABOVE: 0 0.10 INCH OR MORE: 6
MIN 32 OR BELOW: 0 0.50 INCH OR MORE: 1
MIN 0 OR BELOW: 0 1.00 INCH OR MORE: 0
[HDD (BASE 65) ]
TOTAL THIS MO. 105 CLEAR (SCALE 0-3) 11
DPTR FM NORMAL -3 PTCLDY (SCALE 4-7) 8
TOTAL FM JUL 1 2372 CLOUDY (SCALE 8-10) 3
DPTR FM NORMAL -219
[CDD (BASE 65) ]
TOTAL THIS MO. 38
DPTR FM NORMAL 4 [PRESSURE DATA]
TOTAL FM JAN 1 43 HIGHEST SLP M ON M
DPTR FM NORMAL -9 LOWEST SLP 29.48 ON 3
[REMARKS]