000
CXUS52 KGSP 011551
CF6AND
PRELIMINARY LOCAL CLIMATOLOGICAL DATA (WS FORM: F-6)
STATION: ANDERSON SC
MONTH: JULY
YEAR: 2022
LATITUDE: 34 30 N
LONGITUDE: 82 43 W
TEMPERATURE IN F: :PCPN: SNOW: WIND :SUNSHINE: SKY :PK WND
================================================================================
1 2 3 4 5 6A 6B 7 8 9 10 11 12 13 14 15 16 17 18
12Z AVG MX 2MIN
DY MAX MIN AVG DEP HDD CDD WTR SNW DPTH SPD SPD DIR MIN PSBL S-S WX SPD DR
================================================================================
1 89 72 81 1 0 16 0.18 M M 3.6 20 60 M M 4 13 26 80
2 91 69 80 0 0 15 T M M 3.5 10 30 M M 6 1 15 270
3 95 73 84 4 0 19 0.38 M M 3.6 16 360 M M 1 3 21 350
4 93 74 84 4 0 19 0.02 M M 3.7 23 150 M M 3 13 30 150
5 94 73 84 4 0 19 0.16 M M 3.3 18 50 M M 3 13 26 40
6 97 72 85 5 0 20 0.29 M M 6.7 17 290 M M 5 13 28 280
7 94 72 83 3 0 18 0.41 M M 5.0 22 320 M M 2 13 28 320
8 94 73 84 4 0 19 0.45 M M 2.6 18 350 M M 4 13 25 360
9 88 72 80 0 0 15 0.02 M M 6.8 18 210 M M 2 1 22 210
10 87 70 79 -1 0 14 T M M 9.1 20 60 M M 8 25 40
11 81 69 75 -5 0 10 0.00 M M 5.0 13 40 M M 9 18 30
12 88 68 78 -2 0 13 0.00 M M 5.0 16 180 M M 1 23 180
13 90 71 81 1 0 16 0.12 M M 6.4 23 300 M M 2 13 34 290
14 87 71 79 -1 0 14 0.00 M M 2.1 9 160 M M 5 12 150
15 92 69 81 1 0 16 0.00 M M 2.9 10 190 M M 2 13 190
16 91 70 81 1 0 16 0.00 M M 4.8 13 200 M M 2 1 16 210
17 93 71 82 2 0 17 0.00 M M 5.7 15 220 M M 1 25 200
18 94 72 83 3 0 18 0.26 M M 7.7 30 290 M M 2 13 38 290
19 89 73 81 1 0 16 0.00 M M 9.2 18 220 M M 2 24 220
20 92 73 83 3 0 18 T M M 9.9 22 310 M M 5 3 28 310
21 89 76 83 3 0 18 0.01 M M 9.7 18 220 M M 2 23 230
22 92 73 83 3 0 18 0.00 M M 3.8 14 200 M M 1 16 200
23 97 72 85 5 0 20 0.00 M M 3.7 15 210 M M 1 1 19 220
24 95 72 84 4 0 19 0.00 M M 5.8 16 250 M M 0 20 250
25 94 72 83 3 0 18 0.00 M M 7.8 17 260 M M 0 24 230
26 93 76 85 5 0 20 0.08 M M 7.0 30 230 M M 2 3 37 240
27 95 74 85 5 0 20 0.00 M M 7.3 18 240 M M 1 25 250
28 97 75 86 6 0 21 0.00 M M 9.1 20 220 M M 1 26 210
29 96 74 85 5 0 20 0.00 M M 8.8 26 300 M M 0 35 300
30 94 75 85 5 0 20 0.19 M M 2.7 26 160 M M 2 3 31 160
31 92 74 83 3 0 18 0.00 M M 7.6 21 260 M M 3 29 220
================================================================================
SM 2853 2240 0 540 2.57 M 179.9 M 82
================================================================================
AV 92.0 72.3 5.8 FASTST M M 3 MAX(MPH)
MISC ----> # 30 290 38 290
================================================================================
NOTES:
# LAST OF SEVERAL OCCURRENCES
COLUMN 17 PEAK WIND IN M.P.H.
PRELIMINARY LOCAL CLIMATOLOGICAL DATA (WS FORM: F-6) , PAGE 2
STATION: ANDERSON SC
MONTH: JULY
YEAR: 2022
LATITUDE: 34 30 N
LONGITUDE: 82 43 W
[TEMPERATURE DATA] [PRECIPITATION DATA] SYMBOLS USED IN COLUMN 16
AVERAGE MONTHLY: 82.1 TOTAL FOR MONTH: 2.57 1 = FOG OR MIST
DPTR FM NORMAL: 1.8 DPTR FM NORMAL: -1.19 2 = FOG REDUCING VISIBILITY
HIGHEST: 97 ON 28,23 GRTST 24HR 0.70 ON 6- 7 TO 1/4 MILE OR LESS
LOWEST: 68 ON 12 3 = THUNDER
SNOW, ICE PELLETS, HAIL 4 = ICE PELLETS
TOTAL MONTH: M 5 = HAIL
GRTST 24HR M ON M 6 = FREEZING RAIN OR DRIZZLE
GRTST DEPTH: M ON M 7 = DUSTSTORM OR SANDSTORM:
VSBY 1/2 MILE OR LESS
8 = SMOKE OR HAZE
[NO. OF DAYS WITH] [WEATHER - DAYS WITH] 9 = BLOWING SNOW
X = TORNADO
MAX 32 OR BELOW: 0 0.01 INCH OR MORE: 13
MAX 90 OR ABOVE: 23 0.10 INCH OR MORE: 9
MIN 32 OR BELOW: 0 0.50 INCH OR MORE: 0
MIN 0 OR BELOW: 0 1.00 INCH OR MORE: 0
[HDD (BASE 65) ]
TOTAL THIS MO. 0 CLEAR (SCALE 0-3) 22
DPTR FM NORMAL 0 PTCLDY (SCALE 4-7) 7
TOTAL FM JUL 1 0 CLOUDY (SCALE 8-10) 2
DPTR FM NORMAL 0
[CDD (BASE 65) ]
TOTAL THIS MO. 540
DPTR FM NORMAL 67 [PRESSURE DATA]
TOTAL FM JAN 1 1277 HIGHEST SLP 30.19 ON 31
DPTR FM NORMAL 228 LOWEST SLP 29.83 ON 21
[REMARKS]
#FINAL-07-22#