000
CXUS53 KAPX 011437
CF6ANJ
PRELIMINARY LOCAL CLIMATOLOGICAL DATA (WS FORM: F-6)
STATION: SAULT STE MARIE MI
MONTH: FEBRUARY
YEAR: 2024
LATITUDE: 46 28 N
LONGITUDE: 84 21 W
TEMPERATURE IN F: :PCPN: SNOW: WIND :SUNSHINE: SKY :PK WND
================================================================================
1 2 3 4 5 6A 6B 7 8 9 10 11 12 13 14 15 16 17 18
12Z AVG MX 2MIN
DY MAX MIN AVG DEP HDD CDD WTR SNW DPTH SPD SPD DIR MIN PSBL S-S WX SPD DR
================================================================================
1 41 25 33 18 32 0 0.00 0.0 1 5.3 15 360 M M 6 1 24 10
2 35 18 27 11 38 0 0.00 0.0 1 3.3 12 40 M M 0 17 30
3 32 20 26 10 39 0 0.00 0.0 1 1.4 7 200 M M 7 12 11 220
4 33 23 28 12 37 0 0.00 0.0 1 5.1 14 300 M M 9 12 20 300
5 45 25 35 19 30 0 0.00 0.0 1 2.7 9 230 M M 3 12 12 300
6 34 30 32 16 33 0 0.00 0.0 1 5.4 10 130 M M 10 12 16 160
7 41 31 36 20 29 0 0.00 0.0 0 4.7 9 100 M M 6 18 14 110
8 45 33 39 23 26 0 0.06 0.0 1 10.0 20 120 M M 2 18 30 120
9 45 34 40 24 25 0 0.22 0.0 T 10.1 18 220 M M 10 1 28 230
10 34 29 32 15 33 0 0.11 0.3 T 12.3 20 290 M M 10 1 30 280
11 31 26 29 12 36 0 0.04 0.3 T 8.7 20 300 M M 10 128 32 300
12 30 22 26 9 39 0 0.12 1.2 1 3.5 9 310 M M 8 1 13 310
13 29 13 21 4 44 0 T T 1 5.8 14 300 M M 6 1 21 320
14 27 12 20 2 45 0 T T 2 4.5 10 100 M M 9 16 110
15 34 24 29 11 36 0 0.48 6.6 5 10.8 25 310 M M 10 128 42 300
16 24 12 18 0 47 0 0.06 1.5 8 8.7 21 310 M M 10 18 32 310
17 25 -1 12 -6 53 0 0.16 3.7 8 7.6 20 230 M M 7 18 31 270
18 27 15 21 3 44 0 0.21 2.8 10 9.4 26 300 M M 10 128 41 310
19 30 12 21 2 44 0 T T 10 3.0 9 320 M M 8 14 330
20 32 9 21 2 44 0 0.00 0.0 9 5.9 12 120 M M 6 1 18 90
21 47 29 38 19 27 0 0.00 0.0 8 4.5 9 300 M M 6 1 14 120
22 43 25 34 14 31 0 0.00 0.0 6 4.3 10 210 M M 9 12 14 220
23 37 10 24 4 41 0 0.00 0.0 4 9.2 20 300 M M 2 32 310
24 28 3 16 -4 49 0 0.00 0.0 4 5.3 18 210 M M 6 24 200
25 38 28 33 13 32 0 0.04 0.4 4 7.1 16 280 M M 9 1 24 290
26 37 22 30 9 35 0 0.00 0.0 T 7.9 15 120 M M 2 30 120
27 51 31 41 20 24 0 0.00 0.0 2 6.9 12 100 M M 0 1 23 110
28 41 7 24 3 41 0 0.40 3.2 2 18.8 29 320 M M 10 1269 50 320
29 20 1 11 -10 54 0 0.01 0.1 4 5.7 12 280 M M 10 1 21 340
================================================================================
SM 1016 568 1088 0 1.91 20.1 197.9 M 201
================================================================================
AV 35.0 19.6 6.8 FASTST M M 7 MAX(MPH)
MISC ----> 29 320 50 320
================================================================================
NOTES:
# LAST OF SEVERAL OCCURRENCES
COLUMN 17 PEAK WIND IN M.P.H.
PRELIMINARY LOCAL CLIMATOLOGICAL DATA (WS FORM: F-6) , PAGE 2
STATION: SAULT STE MARIE MI
MONTH: FEBRUARY
YEAR: 2024
LATITUDE: 46 28 N
LONGITUDE: 84 21 W
[TEMPERATURE DATA] [PRECIPITATION DATA] SYMBOLS USED IN COLUMN 16
AVERAGE MONTHLY: 27.3 TOTAL FOR MONTH: 1.91 1 = FOG OR MIST
DPTR FM NORMAL: 9.5 DPTR FM NORMAL: 0.40 2 = FOG REDUCING VISIBILITY
HIGHEST: 51 ON 27 GRTST 24HR 0.49 ON 15-16 TO 1/4 MILE OR LESS
LOWEST: -1 ON 17 3 = THUNDER
SNOW, ICE PELLETS, HAIL 4 = ICE PELLETS
TOTAL MONTH: 20.1 INCHES 5 = HAIL
GRTST 24HR 6.6 ON 15-15 6 = FREEZING RAIN OR DRIZZLE
GRTST DEPTH: 10 ON 19,18 7 = DUSTSTORM OR SANDSTORM:
VSBY 1/2 MILE OR LESS
8 = SMOKE OR HAZE
[NO. OF DAYS WITH] [WEATHER - DAYS WITH] 9 = BLOWING SNOW
X = TORNADO
MAX 32 OR BELOW: 12 0.01 INCH OR MORE: 12
MAX 90 OR ABOVE: 0 0.10 INCH OR MORE: 7
MIN 32 OR BELOW: 27 0.50 INCH OR MORE: 0
MIN 0 OR BELOW: 1 1.00 INCH OR MORE: 0
[HDD (BASE 65) ]
TOTAL THIS MO. 1088 CLEAR (SCALE 0-3) 6
DPTR FM NORMAL -232 PTCLDY (SCALE 4-7) 9
TOTAL FM JUL 1 5026 CLOUDY (SCALE 8-10) 14
DPTR FM NORMAL -1007
[CDD (BASE 65) ]
TOTAL THIS MO. 0
DPTR FM NORMAL 0 [PRESSURE DATA]
TOTAL FM JAN 1 0 HIGHEST SLP 30.39 ON 29
DPTR FM NORMAL 0 LOWEST SLP 29.20 ON 28
[REMARKS]
#FINAL-02-24#
LIQUID PRECIP FOR 2/28 AND 2/29 SOURCED FROM NEARBY SNOW PAID OBS USING 8" SRG