000
CXUS53 KAPX 010631
CF6ANJ
PRELIMINARY LOCAL CLIMATOLOGICAL DATA (WS FORM: F-6)
STATION: SAULT STE MARIE MI
MONTH: MAY
YEAR: 2020
LATITUDE: 46 28 N
LONGITUDE: 84 21 W
TEMPERATURE IN F: :PCPN: SNOW: WIND :SUNSHINE: SKY :PK WND
================================================================================
1 2 3 4 5 6A 6B 7 8 9 10 11 12 13 14 15 16 17 18
12Z AVG MX 2MIN
DY MAX MIN AVG DEP HDD CDD WTR SNW DPTH SPD SPD DIR MIN PSBL S-S WX SPD DR
================================================================================
1 69 34 52 5 13 0 0.00 0.0 0 6.1 20 230 M M 0 25 220
2 64 42 53 5 12 0 T 0.0 0 5.7 15 120 M M 5 22 120
3 51 38 45 -3 20 0 0.00 0.0 0 11.7 22 310 M M 7 33 300
4 43 32 38 -10 27 0 0.00 0.0 0 10.6 20 300 M M 3 30 320
5 54 29 42 -7 23 0 0.00 0.0 0 5.1 15 310 M M 0 21 320
6 58 32 45 -4 20 0 0.00 0.0 0 7.3 20 310 M M 0 28 310
7 45 31 38 -11 27 0 0.00 0.0 0 12.4 25 310 M M 4 41 300
8 36 28 32 -18 33 0 0.01 0.2 0 12.5 24 320 M M 6 38 320
9 40 29 35 -15 30 0 0.07 1.0 1 10.9 24 310 M M 6 128 36 320
10 44 29 37 -13 28 0 0.00 0.0 0 10.6 21 310 M M 6 30 290
11 37 30 34 -16 31 0 T T 0 11.8 24 320 M M 3 35 300
12 41 28 35 -16 30 0 0.00 0.0 0 11.0 20 310 M M 4 32 320
13 57 27 42 -9 23 0 0.00 0.0 0 5.6 15 150 M M 1 23 120
14 46 42 44 -7 21 0 0.31 0.0 0 7.0 18 130 M M 10 1 27 130
15 57 42 50 -2 15 0 0.56 0.0 0 5.9 17 320 M M 10 123 25 320
16 66 39 53 1 12 0 0.00 0.0 0 5.7 13 140 M M 0 18 150
17 66 48 57 5 8 0 0.00 0.0 0 6.6 18 140 M M 1 29 130
18 68 53 61 9 4 0 0.00 0.0 0 8.8 18 90 M M 0 30 90
19 72 56 64 11 1 0 0.00 0.0 0 9.1 18 140 M M 0 28 130
20 74 51 63 10 2 0 0.00 0.0 0 8.6 18 150 M M 0 27 120
21 77 46 62 9 3 0 0.00 0.0 0 4.9 15 150 M M 0 21 100
22 83 50 67 13 0 2 0.00 0.0 0 4.0 12 150 M M 0 24 130
23 82 53 68 14 0 3 0.00 0.0 0 6.4 16 140 M M 0 25 140
24 68 58 63 9 2 0 T 0.0 0 5.8 13 120 M M 5 12 23 90
25 81 57 69 15 0 4 0.00 0.0 0 6.0 15 160 M M 6 12 23 140
26 90 60 75 20 0 10 0.00 0.0 0 6.0 17 210 M M 3 12 27 200
27 90 63 77 22 0 12 0.00 0.0 0 6.8 17 200 M M 3 25 220
28 72 53 63 8 2 0 1.53 0.0 0 5.8 16 300 M M 7 1 24 300
29 68 46 57 2 8 0 0.00 0.0 0 8.7 16 300 M M 6 1 25 310
30 55 41 48 -8 17 0 T 0.0 0 11.4 22 320 M M 6 1 38 340
31 60 36 48 -8 17 0 0.01 0.0 0 6.3 17 310 M M 3 29 290
================================================================================
SM 1914 1303 429 31 2.49 1.2 245.1 M 105
================================================================================
AV 61.7 42.0 7.9 FASTST M M 3 MAX(MPH)
MISC ----> # 25 310 # 41 300
================================================================================
NOTES:
# LAST OF SEVERAL OCCURRENCES
COLUMN 17 PEAK WIND IN M.P.H.
PRELIMINARY LOCAL CLIMATOLOGICAL DATA (WS FORM: F-6) , PAGE 2
STATION: SAULT STE MARIE MI
MONTH: MAY
YEAR: 2020
LATITUDE: 46 28 N
LONGITUDE: 84 21 W
[TEMPERATURE DATA] [PRECIPITATION DATA] SYMBOLS USED IN COLUMN 16
AVERAGE MONTHLY: 51.9 TOTAL FOR MONTH: 2.49 1 = FOG OR MIST
DPTR FM NORMAL: 0.1 DPTR FM NORMAL: -0.08 2 = FOG REDUCING VISIBILITY
HIGHEST: 90 ON 27,26 GRTST 24HR 1.53 ON 28-28 TO 1/4 MILE OR LESS
LOWEST: 27 ON 13 3 = THUNDER
SNOW, ICE PELLETS, HAIL 4 = ICE PELLETS
TOTAL MONTH: 1.2 INCHES 5 = HAIL
GRTST 24HR 1.0 ON 9- 9 6 = FREEZING RAIN OR DRIZZLE
GRTST DEPTH: 1 ON 9 7 = DUSTSTORM OR SANDSTORM:
VSBY 1/2 MILE OR LESS
8 = SMOKE OR HAZE
[NO. OF DAYS WITH] [WEATHER - DAYS WITH] 9 = BLOWING SNOW
X = TORNADO
MAX 32 OR BELOW: 0 0.01 INCH OR MORE: 6
MAX 90 OR ABOVE: 2 0.10 INCH OR MORE: 3
MIN 32 OR BELOW: 10 0.50 INCH OR MORE: 2
MIN 0 OR BELOW: 0 1.00 INCH OR MORE: 1
[HDD (BASE 65) ]
TOTAL THIS MO. 429 CLEAR (SCALE 0-3) 17
DPTR FM NORMAL 15 PTCLDY (SCALE 4-7) 12
TOTAL FM JUL 1 7913 CLOUDY (SCALE 8-10) 2
DPTR FM NORMAL -570
[CDD (BASE 65) ]
TOTAL THIS MO. 31
DPTR FM NORMAL 26 [PRESSURE DATA]
TOTAL FM JAN 1 31 HIGHEST SLP M ON M
DPTR FM NORMAL 26 LOWEST SLP 29.66 ON 2
[REMARKS]
#FINAL-05-20#