000
CXUS53 KAPX 051510
CF6ANJ
PRELIMINARY LOCAL CLIMATOLOGICAL DATA (WS FORM: F-6)
STATION: SAULT STE MARIE MI
MONTH: AUGUST
YEAR: 2023
LATITUDE: 46 28 N
LONGITUDE: 84 21 W
TEMPERATURE IN F: :PCPN: SNOW: WIND :SUNSHINE: SKY :PK WND
================================================================================
1 2 3 4 5 6A 6B 7 8 9 10 11 12 13 14 15 16 17 18
12Z AVG MX 2MIN
DY MAX MIN AVG DEP HDD CDD WTR SNW DPTH SPD SPD DIR MIN PSBL S-S WX SPD DR
================================================================================
1 78 52 65 -2 0 0 0.00 0.0 0 2.1 8 190 M M 1 18 14 130
2 81 60 71 4 0 6 0.00 0.0 0 6.1 17 220 M M 5 12 26 260
3 81 64 73 6 0 8 T 0.0 0 7.9 17 300 M M 4 1238 27 290
4 77 58 68 1 0 3 0.00 0.0 0 5.6 15 310 M M 2 18 22 310
5 80 55 68 1 0 3 0.00 0.0 0 2.8 9 200 M M 0 14 200
6 79 55 67 0 0 2 0.00 0.0 0 3.5 12 150 M M 0 16 150
7 80 57 69 2 0 4 0.00 0.0 0 4.2 17 300 M M 1 27 290
8 82 58 70 4 0 5 0.00 0.0 0 5.3 14 270 M M 2 8 20 310
9 77 56 67 1 0 2 0.11 0.0 0 3.8 13 310 M M 4 13 19 300
10 72 54 63 -3 2 0 0.01 0.0 0 8.1 21 290 M M 5 1 33 330
11 70 56 63 -3 2 0 0.01 0.0 0 5.3 10 120 M M 7 1 18 130
12 67 60 64 -2 1 0 0.43 0.0 0 9.1 17 290 M M 10 138 29 280
13 70 57 64 -2 1 0 T 0.0 0 5.6 12 310 M M 8 1 18 340
14 78 56 67 1 0 2 0.00 0.0 0 3.4 12 310 M M 4 18 17 310
15 77 52 65 -1 0 0 0.00 0.0 0 4.2 15 300 M M 1 21 270
16 80 58 69 3 0 4 T 0.0 0 5.4 17 200 M M 4 30 220
17 70 57 64 -2 1 0 1.02 0.0 0 13.1 25 290 M M 8 13 40 310
18 69 51 60 -6 5 0 0.00 0.0 0 10.1 22 330 M M 3 38 330
19 78 50 64 -2 1 0 0.00 0.0 0 5.5 18 200 M M 3 1 27 210
20 78 63 71 6 0 6 0.00 0.0 0 6.4 17 300 M M 4 25 300
21 70 57 64 -1 1 0 T 0.0 0 2.9 9 300 M M 2 13 320
22 75 56 66 1 0 1 0.22 0.0 0 2.1 7 190 M M 4 13 M M
23 63 58 61 -4 4 0 0.30 0.0 0 7.0 16 110 M M 10 13 27 100
24 69 59 64 -1 1 0 T 0.0 0 3.9 10 310 M M 9 1 13 300
25 78 62 70 5 0 5 0.33 0.0 0 7.6 13 280 M M 7 13 26 260
26 72 52 62 -2 3 0 0.00 0.0 0 4.6 12 290 M M 3 20 70
27 71 46 59 -5 6 0 0.00 0.0 0 2.5 9 200 M M 0 12 10
28 75 49 62 -2 3 0 0.00 0.0 0 3.4 12 220 M M 3 17 200
29 69 49 59 -5 6 0 1.20 0.0 0 6.4 16 360 M M 9 1 24 10
30 62 45 54 -10 11 0 0.00 0.0 0 7.9 16 320 M M 0 27 320
31 75 47 61 -2 4 0 0.00 0.0 0 3.0 9 310 M M 2 12 15 300
================================================================================
SM 2303 1709 52 51 3.63 0.0 168.8 M 125
================================================================================
AV 74.3 55.1 5.4 FASTST M M 4 MAX(MPH)
MISC ----> 25 290 40 310
================================================================================
NOTES:
# LAST OF SEVERAL OCCURRENCES
COLUMN 17 PEAK WIND IN M.P.H.
PRELIMINARY LOCAL CLIMATOLOGICAL DATA (WS FORM: F-6) , PAGE 2
STATION: SAULT STE MARIE MI
MONTH: AUGUST
YEAR: 2023
LATITUDE: 46 28 N
LONGITUDE: 84 21 W
[TEMPERATURE DATA] [PRECIPITATION DATA] SYMBOLS USED IN COLUMN 16
AVERAGE MONTHLY: 64.7 TOTAL FOR MONTH: 3.63 1 = FOG OR MIST
DPTR FM NORMAL: -0.9 DPTR FM NORMAL: 0.44 2 = FOG REDUCING VISIBILITY
HIGHEST: 82 ON 8 GRTST 24HR 1.20 ON 29-29 TO 1/4 MILE OR LESS
LOWEST: 45 ON 30 3 = THUNDER
SNOW, ICE PELLETS, HAIL 4 = ICE PELLETS
TOTAL MONTH: 0.0 INCH 5 = HAIL
GRTST 24HR 0.0 6 = FREEZING RAIN OR DRIZZLE
GRTST DEPTH: 0 7 = DUSTSTORM OR SANDSTORM:
VSBY 1/2 MILE OR LESS
8 = SMOKE OR HAZE
[NO. OF DAYS WITH] [WEATHER - DAYS WITH] 9 = BLOWING SNOW
X = TORNADO
MAX 32 OR BELOW: 0 0.01 INCH OR MORE: 9
MAX 90 OR ABOVE: 0 0.10 INCH OR MORE: 7
MIN 32 OR BELOW: 0 0.50 INCH OR MORE: 2
MIN 0 OR BELOW: 0 1.00 INCH OR MORE: 2
[HDD (BASE 65) ]
TOTAL THIS MO. 52 CLEAR (SCALE 0-3) 15
DPTR FM NORMAL -8 PTCLDY (SCALE 4-7) 12
TOTAL FM JUL 1 75 CLOUDY (SCALE 8-10) 4
DPTR FM NORMAL -49
[CDD (BASE 65) ]
TOTAL THIS MO. 51
DPTR FM NORMAL -28 [PRESSURE DATA]
TOTAL FM JAN 1 212 HIGHEST SLP 30.32 ON 21
DPTR FM NORMAL 2 LOWEST SLP 29.40 ON 17
[REMARKS]
#FINAL-08-23#