328
CXUS53 KIWX 010908
CF6AOH
PRELIMINARY LOCAL CLIMATOLOGICAL DATA (WS FORM: F-6)
STATION: LIMA
MONTH: SEPTEMBER
YEAR: 2020
LATITUDE: 40 42 N
LONGITUDE: 84 1 W
TEMPERATURE IN F: :PCPN: SNOW: WIND :SUNSHINE: SKY :PK WND
================================================================================
1 2 3 4 5 6A 6B 7 8 9 10 11 12 13 14 15 16 17 18
12Z AVG MX 2MIN
DY MAX MIN AVG DEP HDD CDD WTR SNW DPTH SPD SPD DIR MIN PSBL S-S WX SPD DR
================================================================================
1 82 66 74 4 0 9 T 0.0 0 6.8 14 210 M M 3 12 21 230
2 80 66 73 4 0 8 T 0.0 0 9.0 18 280 M M 7 1 28 270
3 86 65 76 7 0 11 0.00 0.0 0 8.4 20 240 M M 2 1 27 250
4 77 51 64 -5 1 0 0.00 0.0 0 5.5 15 280 M M 1 25 270
5 83 50 67 -2 0 2 0.00 0.0 0 10.5 26 240 M M 2 38 240
6 81 49 65 -3 0 0 0.00 M 0 7.1 20 180 M M 1 29 180
7 78 67 73 5 0 8 2.22 0.0 0 10.4 22 210 M M 7 13 33 210
8 86 65 76 8 0 11 0.50 0.0 0 8.1 22 150 M M 2 13 29 150
9 86 63 75 8 0 10 0.00 0.0 0 4.5 9 90 M M 5 12 14 130
10 71 63 67 0 0 2 0.00 0.0 0 7.1 13 40 M M 10 12 19 30
11 70 59 65 -2 0 0 0.00 0.0 0 8.5 16 40 M M 9 1 21 50
12 83 55 69 3 0 4 T 0.0 0 5.8 13 200 M M 2 1 19 170
13 77 60 69 3 0 4 0.75 0.0 0 7.1 16 180 M M 5 13 21 180
14 71 52 62 -4 3 0 0.00 0.0 0 6.8 12 70 M M 1 18 40
15 71 46 59 -6 6 0 0.00 0.0 0 5.0 12 120 M M 0 16 80
16 76 49 63 -2 2 0 0.00 0.0 0 4.6 9 170 M M 0 12 220
17 69 51 60 -4 5 0 0.00 0.0 0 8.1 18 60 M M 5 26 70
18 63 43 53 -11 12 0 0.00 0.0 0 9.2 20 20 M M 1 30 60
19 65 39 52 -12 13 0 0.00 0.0 0 6.1 14 90 M M 0 19 100
20 70 42 56 -7 9 0 0.00 0.0 0 6.7 15 90 M M 0 20 60
21 72 41 57 -6 8 0 0.00 0.0 0 7.3 15 170 M M 0 20 160
22 74 43 59 -3 6 0 0.00 0.0 0 4.2 9 260 M M 0 12 260
23 78 47 63 1 2 0 0.00 0.0 0 4.2 14 230 M M 0 17 230
24 77 53 65 3 0 0 0.00 0.0 0 4.6 13 240 M M 0 15 230
25 80 50 65 4 0 0 0.00 0.0 0 5.7 15 150 M M 1 1 20 160
26 79 57 68 7 0 3 0.00 0.0 0 9.2 21 210 M M 1 1 30 220
27 81 62 72 12 0 7 0.00 0.0 0 11.5 21 210 M M 1 29 190
28 69 51 60 0 5 0 0.20 M M 8.1 18 310 M M 5 1 27 310
29 63 45 54 -5 11 0 T M 0 6.4 13 240 M M 3 1 17 240
30 62 48 55 -4 10 0 T M 0 12.9 31 220 M M 5 44 210
================================================================================
SM 2260 1598 93 79 3.67 0.0 219.4 M 79
================================================================================
AV 75.3 53.3 7.3 FASTST M M 3 MAX(MPH)
MISC ----> # 31 220 # 44 210
================================================================================
NOTES:
# LAST OF SEVERAL OCCURRENCES
COLUMN 17 PEAK WIND IN M.P.H.
PRELIMINARY LOCAL CLIMATOLOGICAL DATA (WS FORM: F-6) , PAGE 2
STATION: LIMA
MONTH: SEPTEMBER
YEAR: 2020
LATITUDE: 40 42 N
LONGITUDE: 84 1 W
[TEMPERATURE DATA] [PRECIPITATION DATA] SYMBOLS USED IN COLUMN 16
AVERAGE MONTHLY: 64.3 TOTAL FOR MONTH: 3.67 1 = FOG OR MIST
DPTR FM NORMAL: -0.5 DPTR FM NORMAL: 0.68 2 = FOG REDUCING VISIBILITY
HIGHEST: 86 ON 9, 8 GRTST 24HR 2.22 ON 7- 7 TO 1/4 MILE OR LESS
LOWEST: 39 ON 19 3 = THUNDER
SNOW, ICE PELLETS, HAIL 4 = ICE PELLETS
TOTAL MONTH: 0.0 INCH 5 = HAIL
GRTST 24HR 0.0 6 = FREEZING RAIN OR DRIZZLE
GRTST DEPTH: 0 7 = DUSTSTORM OR SANDSTORM:
VSBY 1/2 MILE OR LESS
8 = SMOKE OR HAZE
[NO. OF DAYS WITH] [WEATHER - DAYS WITH] 9 = BLOWING SNOW
X = TORNADO
MAX 32 OR BELOW: 0 0.01 INCH OR MORE: 4
MAX 90 OR ABOVE: 0 0.10 INCH OR MORE: 4
MIN 32 OR BELOW: 0 0.50 INCH OR MORE: 3
MIN 0 OR BELOW: 0 1.00 INCH OR MORE: 1
[HDD (BASE 65) ]
TOTAL THIS MO. 93 CLEAR (SCALE 0-3) 21
DPTR FM NORMAL 1 PTCLDY (SCALE 4-7) 7
TOTAL FM JUL 1 96 CLOUDY (SCALE 8-10) 2
DPTR FM NORMAL -6
[CDD (BASE 65) ]
TOTAL THIS MO. 79
DPTR FM NORMAL -5 [PRESSURE DATA]
TOTAL FM JAN 1 975 HIGHEST SLP 30.48 ON 21
DPTR FM NORMAL 163 LOWEST SLP 29.63 ON 30
[REMARKS]
#FINAL-09-20#